-- Table structure for table `submission_search_keyword_list`
--

CREATE TABLE `submission_search_keyword_list` (
  `keyword_id` bigint NOT NULL AUTO_INCREMENT,
  `keyword_text` varchar(60) NOT NULL,
  PRIMARY KEY (`keyword_id`),
  UNIQUE KEY `submission_search_keyword_text` (`keyword_text`)
) ENGINE=MyISAM AUTO_INCREMENT=3454 DEFAULT CHARSET=latin1;

--
-- Dumping data for table `submission_search_keyword_list`
--

INSERT INTO `submission_search_keyword_list` VALUES (1,'ingrid'),(2,'adam'),(3,'faculdade'),(4,'fidelis'),(5,'mestre'),(6,'educação'),(7,'pela'),(8,'universidade'),(9,'tuiuti'),(10,'paraná'),(11,'docente'),(12,'curso'),(13,'licenciatura'),(14,'pedagogia'),(15,'dafaculdade'),(16,'patrícia'),(17,'campos'),(18,'nogueira'),(19,'psicóloga'),(20,'especialista'),(21,'dependências'),(22,'químicas'),(23,'faculdadefidelis'),(24,'psicopedagogia'),(25,'adolescência'),(26,'presente'),(27,'estudo'),(28,'surgiu'),(29,'demanda'),(30,'gerada'),(31,'pelo'),(32,'estágio'),(33,'supervisionado'),(34,'para'),(35,'pósgraduação'),(36,'clínica'),(37,'institucional'),(38,'foi'),(39,'realizado'),(40,'alunos'),(41,'faixa'),(42,'etária'),(43,'compreende'),(44,'grupo'),(45,'indivíduos'),(46,'adolescentes'),(47,'neste'),(48,'aluna'),(49,'passou'),(50,'por'),(51,'dificuldades'),(52,'realizar'),(53,'adequação'),(54,'necessária'),(55,'instrumentos'),(56,'metodologia'),(57,'avaliação'),(58,'esse'),(59,'público'),(60,'assim'),(61,'buscou'),(62,'partir'),(63,'dos'),(64,'artigos'),(65,'revista'),(66,'brasileira'),(67,'fazer'),(68,'análise'),(69,'conteúdos'),(70,'respeito'),(71,'queixa'),(72,'encaminhamento'),(73,'sobre'),(74,'perfil'),(75,'das'),(76,'adequações'),(77,'intervenção'),(78,'sendo'),(79,'estas'),(80,'categorias'),(81,'textos'),(82,'esta'),(83,'constatou'),(84,'comum'),(85,'aos'),(86,'selecionados'),(87,'apontada'),(88,'repetência'),(89,'escolar'),(90,'como'),(91,'causa'),(92,'motriz'),(93,'verificou-se'),(94,'pouco'),(95,'discorre'),(96,'características'),(97,'emocionais'),(98,'biológicas'),(99,'deste'),(100,'alunado'),(101,'tendo'),(102,'sido'),(103,'ressaltado'),(104,'poucos'),(105,'diferenciação'),(106,'entre'),(107,'processo'),(108,'puberdade'),(109,'aspecto'),(110,'fisiológico'),(111,'atitude'),(112,'contestatória'),(113,'principal'),(114,'característica'),(115,'emocional'),(116,'comportamental'),(117,'quanto'),(118,'terceira'),(119,'categoria'),(120,'instrumentação'),(121,'encontrado'),(122,'apenas'),(123,'indicativo'),(124,'uso'),(125,'literários'),(126,'jamile'),(127,'ilheus'),(128,'nascimento'),(129,'discente'),(130,'licentciatura'),(131,'reginaldo'),(132,'aparecido'),(133,'oliveira'),(134,'federal'),(135,'importância'),(136,'utilização'),(137,'material'),(138,'dourado'),(139,'jovens'),(140,'adultos'),(141,'artigo'),(142,'tem'),(143,'objetivo'),(144,'discutir'),(145,'relevância'),(146,'ensino'),(147,'matemática'),(148,'eja'),(149,'trata-se'),(150,'uma'),(151,'pesquisa'),(152,'qualitativa'),(153,'baseada'),(154,'relato'),(155,'experiência'),(156,'turma'),(157,'realizada'),(158,'estudantes'),(159,'intervalo'),(160,'anos'),(161,'modalidade'),(162,'presencial'),(163,'dados'),(164,'foram'),(165,'levantados'),(166,'meio'),(167,'observações'),(168,'registros'),(169,'decorrer'),(170,'abordagem'),(171,'didática'),(172,'escola'),(173,'fundamental'),(174,'professor'),(175,'germano'),(176,'paciornik'),(177,'situada'),(178,'curitiba'),(179,'relatos'),(180,'organizados'),(181,'modo'),(182,'cronológico'),(183,'descrevendo'),(184,'práticas'),(185,'pedagógicas'),(186,'conduziram'),(187,'acontecimentos'),(188,'sua'),(189,'vez'),(190,'levaram'),(191,'recurso'),(192,'pedagógico'),(193,'inovador'),(194,'naquele'),(195,'contexto'),(196,'observado'),(197,'desconhecido'),(198,'pelos'),(199,'não'),(200,'conheciam'),(201,'possuíam'),(202,'acesso'),(203,'aprendizagem'),(204,'buscou-se'),(205,'contemplar'),(206,'durante'),(207,'revisão'),(208,'literatura'),(209,'autores'),(210,'azevedo'),(211,'deneca'),(212,'pires'),(213,'lorenzato'),(214,'quais'),(215,'significaram'),(216,'deram'),(217,'sentido'),(218,'discussão'),(219,'estabelecidos'),(220,'alguns'),(221,'parâmetros'),(222,'frente'),(223,'distanciamentos'),(224,'aproximações'),(225,'reações'),(226,'longo'),(227,'fim'),(228,'pontuadas'),(229,'considerações'),(230,'finais'),(231,'diante'),(232,'todo'),(233,'conteúdo'),(234,'trabalhado'),(235,'vivências'),(236,'exploradas'),(237,'prática'),(238,'pedagógica'),(239,'daniela'),(240,'gomes'),(241,'mattos'),(242,'pedroso'),(243,'doutora'),(244,'ufpr'),(245,'membro'),(246,'equipe'),(247,'arte'),(248,'rede'),(249,'municipal'),(250,'formação'),(251,'professores'),(252,'desafios'),(253,'perspectivas'),(254,'contemporâneas'),(255,'este'),(256,'foco'),(257,'relações'),(258,'contemporaneidade'),(259,'destacar'),(260,'algumas'),(261,'questões'),(262,'próprias'),(263,'componente'),(264,'curricular'),(265,'levando'),(266,'conta'),(267,'currículo'),(268,'abarca'),(269,'saberes'),(270,'diferentes'),(271,'áreas'),(272,'artísticas'),(273,'heterogênea'),(274,'docentes'),(275,'dividido'),(276,'duas'),(277,'partes'),(278,'primeira'),(279,'apresenta'),(280,'breve'),(281,'panorama'),(282,'brasil'),(283,'faz-se'),(284,'necessário'),(285,'aproximação'),(286,'tardif'),(287,'considera'),(288,'crise'),(289,'profissionalismo'),(290,'possa'),(291,'compreender'),(292,'aspectos'),(293,'atuais'),(294,'referentes'),(295,'profissionais'),(296,'área'),(297,'segunda'),(298,'parte'),(299,'torno'),(300,'consequências'),(301,'existem'),(302,'licenciaturas'),(303,'sim'),(304,'nas'),(305,'específicas'),(306,'entanto'),(307,'todas'),(308,'elas'),(309,'cumprimento'),(310,'lei'),(311,'diretrizes'),(312,'bases'),(313,'nacional'),(314,'houve'),(315,'avanço'),(316,'garantir'),(317,'qualidade'),(318,'aprofundamento'),(319,'advindos'),(320,'mesmas'),(321,'dominam'),(322,'exclusivos'),(323,'suas'),(324,'respectivas'),(325,'suficientes'),(326,'exigências'),(327,'curriculares'),(328,'questão'),(329,'resultado'),(330,'podemos'),(331,'observar'),(332,'parcial'),(333,'até'),(334,'mesmo'),(335,'equivocado'),(336,'determinadas'),(337,'frustação'),(338,'casos'),(339,'ocasiona'),(340,'abandono'),(341,'profissão'),(342,'docência'),(343,'finalizamos'),(344,'reflexão'),(345,'acerca'),(346,'papel'),(347,'nesse'),(348,'seus'),(349,'desejos'),(350,'inquietações'),(351,'espera'),(352,'ângela'),(353,'natel'),(354,'licenciada'),(355,'letras'),(356,'português-inglês'),(357,'pontifícia'),(358,'católica'),(359,'puc'),(360,'emteologia'),(361,'paraná-'),(362,'políticas'),(363,'gênero'),(364,'direitos'),(365,'mulheres'),(366,'diversidade'),(367,'inclusão'),(368,'aborda'),(369,'tema'),(370,'públicas'),(371,'desenho'),(372,'nosso'),(373,'país'),(374,'signatário'),(375,'vários'),(376,'acordos'),(377,'internacionais'),(378,'percorre'),(379,'trajetória'),(380,'transversal'),(381,'enfrentar'),(382,'desigualdades'),(383,'diferenças'),(384,'sociais'),(385,'raciais'),(386,'sexuais'),(387,'étnicas'),(388,'são'),(389,'articuladas'),(390,'setores'),(391,'governo'),(392,'traduzem'),(393,'mudanças'),(394,'legislação'),(395,'numa'),(396,'produção'),(397,'crescente'),(398,'estudos'),(399,'incidência'),(400,'desse'),(401,'fenômeno'),(402,'redução'),(403,'homens'),(404,'social'),(405,'empoderamento'),(406,'promoção'),(407,'cidadania'),(408,'reconhecimento'),(409,'sujeito'),(410,'direito'),(411,'político'),(412,'propostas'),(413,'visam'),(414,'promover'),(415,'maior'),(416,'participação'),(417,'nos'),(418,'espaços'),(419,'poder'),(420,'forma'),(421,'essencial'),(422,'democratização'),(423,'estado'),(424,'sociedade'),(425,'autonomia'),(426,'econômica'),(427,'cultural'),(428,'pessoal'),(429,'abordada'),(430,'pilares'),(431,'novo'),(432,'ciclo'),(433,'desenvolvimento'),(434,'sustentável'),(435,'garantia'),(436,'eliminação'),(437,'formas'),(438,'discriminação'),(439,'legais'),(440,'outras'),(441,'passa'),(442,'seu'),(443,'nomeadamente'),(444,'planos'),(445,'civil'),(446,'econômico'),(447,'assegura-lhes'),(448,'exercício'),(449,'humanos'),(450,'liberdades'),(451,'fundamentais'),(452,'igualdade'),(453,'mariluce'),(454,'emerim'),(455,'melo'),(456,'august'),(457,'teologia'),(458,'pucpr'),(459,'ministério'),(460,'pastoral'),(461,'bacharel'),(462,'arquiteta'),(463,'urbanista'),(464,'ufsc'),(465,'bacharelado'),(466,'ações'),(467,'missionárias'),(468,'culturas'),(469,'sob'),(470,'olhar'),(471,'fenomenologia'),(472,'apresentam'),(473,'objeto'),(474,'nesta'),(475,'base'),(476,'bibliográfica'),(477,'através'),(478,'comissão'),(479,'jesus'),(480,'mateus'),(481,'cristãs'),(482,'tendem'),(483,'marcar'),(484,'presença'),(485,'proclamar'),(486,'boas'),(487,'novas'),(488,'evangelho'),(489,'cristo'),(490,'missionários'),(491,'transmissão'),(492,'têm'),(493,'questionadas'),(494,'estudiosos'),(495,'missões'),(496,'hipótese'),(497,'princípios'),(498,'podem'),(499,'servir'),(500,'método'),(501,'compreensão'),(502,'melhorando'),(503,'comunicação'),(504,'aumentando'),(505,'possibilidades'),(506,'aceitação'),(507,'fenomenológico'),(508,'abordado'),(509,'principalmente'),(510,'filósofa'),(511,'italiana'),(512,'ales'),(513,'bello'),(514,'manuscritos'),(515,'edmund'),(516,'husserl'),(517,'1859-1938'),(518,'conclui-se'),(519,'orientar'),(520,'vantagens'),(521,'pesquisas'),(522,'campo'),(523,'acontece'),(524,'ciências'),(525,'humanas'),(526,'transculturais'),(527,'cinara'),(528,'costa'),(529,'souza'),(530,'valim'),(531,'joão'),(532,'rainer'),(533,'buhr'),(534,'-fabapar'),(535,'engenheiro'),(536,'famílias'),(537,'envolvidas'),(538,'ministerio'),(539,'busca'),(540,'verificar'),(541,'está'),(542,'situação'),(543,'pastorais'),(544,'hoje'),(545,'efeitos'),(546,'família'),(547,'poderá'),(548,'vivenciar'),(549,'vive'),(550,'estar'),(551,'pesquisar'),(552,'necessidades'),(553,'supridas'),(554,'cônjuges'),(555,'sentimentos'),(556,'filhos'),(557,'relação'),(558,'pais'),(559,'pastores'),(560,'buscar'),(561,'bíblica'),(562,'exemplificar'),(563,'comunidade'),(564,'qual'),(565,'inserida'),(566,'entende'),(567,'limites'),(568,'ela'),(569,'igual'),(570,'quaisquer'),(571,'vida'),(572,'bibliográficas'),(573,'esposos'),(574,'esposas'),(575,'sentem'),(576,'relacionamento'),(577,'familiar'),(578,'trazer'),(579,'sugestões'),(580,'melhorar'),(581,'cuidado'),(582,'priorizar'),(583,'colocar'),(584,'nenhuma'),(585,'venha'),(586,'ficar'),(587,'descoberta'),(588,'cuidados'),(589,'pastor'),(590,'pastora'),(591,'cristian'),(592,'abram'),(593,'friesen'),(594,'arquitetura'),(595,'saúde'),(596,'missionário'),(597,'responsabilidade'),(598,'igreja'),(599,'trata'),(600,'realidade'),(601,'necessidade'),(602,'integral'),(603,'pessoa'),(604,'alertar'),(605,'líderes'),(606,'próprios'),(607,'muitas'),(608,'vezes'),(609,'enfrentados'),(610,'envolvem'),(611,'recursos'),(612,'financeiros'),(613,'mas'),(614,'espiritual'),(615,'identificada'),(616,'carência'),(617,'diálogo'),(618,'eles'),(619,'religiosos'),(620,'âmbito'),(621,'tanto'),(622,'precisam'),(623,'ser'),(624,'melhor'),(625,'preparados'),(626,'lidar'),(627,'assunto'),(628,'super-herói'),(629,'mártir'),(630,'sofrimento'),(631,'rubens'),(632,'teixeira'),(633,'pelapontifícia'),(634,'doutoranda'),(635,'objetiva'),(636,'deveria'),(637,'desempenhar'),(638,'vocacionados'),(639,'comissionados'),(640,'exemplo'),(641,'todos'),(642,'dado'),(643,'próprio'),(644,'senhor'),(645,'chamar'),(646,'preparar'),(647,'cuidar'),(648,'discípulos'),(649,'enquanto'),(650,'esteve'),(651,'aqui'),(652,'terra'),(653,'atribuições'),(654,'deve'),(655,'identificar'),(656,'enviar'),(657,'estiverem'),(658,'atuando'),(659,'quando'),(660,'precisarem'),(661,'encerrar'),(662,'carreiras'),(663,'ainda'),(664,'abranger'),(665,'somente'),(666,'cônjuge'),(667,'consideração'),(668,'adaptar'),(669,'nova'),(670,'transcultural'),(671,'trabalho'),(672,'desenvolvido'),(673,'mais'),(674,'próximo'),(675,'possível'),(676,'planejamento'),(677,'concluiu-se'),(678,'precisa'),(679,'atenta'),(680,'adequadamente'),(681,'vocacionado'),(682,'luana'),(683,'spenst'),(684,'rempel'),(685,'luz'),(686,'fridbert'),(687,'administração'),(688,'empresas'),(689,'aconselhamento'),(690,'matrimonial'),(691,'vista'),(692,'número'),(693,'casais'),(694,'vivem'),(695,'insatisfeitos'),(696,'buscada'),(697,'ajudá-los'),(698,'resolverem'),(699,'conflitos'),(700,'isso'),(701,'usada'),(702,'bíblia'),(703,'mostrar'),(704,'vontade'),(705,'original'),(706,'deus'),(707,'casamento'),(708,'homem'),(709,'mulher'),(710,'servirá'),(711,'referência'),(712,'cristãos'),(713,'buscam'),(714,'seguir'),(715,'aquilo'),(716,'deseja'),(717,'sequência'),(718,'dar'),(719,'conselheiro'),(720,'ajudará'),(721,'problemas'),(722,'apresentadas'),(723,'causas'),(724,'comuns'),(725,'conjugais'),(726,'opinião'),(727,'também'),(728,'mesmos'),(729,'causar'),(730,'seguida'),(731,'apresentado'),(732,'ajudar'),(733,'convivem'),(734,'conflito'),(735,'conjugal'),(736,'hartmut'),(737,'doutor'),(738,'economia'),(739,'uniandrade'),(740,'andré'),(741,'felipe'),(742,'klassen'),(743,'fundação'),(744,'educacional'),(745,'menonita'),(746,'licenciado'),(747,'história'),(748,'fabapar'),(749,'teoria'),(750,'apego'),(751,'influência'),(752,'adulta'),(753,'aplicação'),(754,'será'),(755,'eficaz'),(756,'levar'),(757,'estilo'),(758,'adulto'),(759,'geral'),(760,'aplicar'),(761,'conceitos'),(762,'primeiro'),(763,'específico'),(764,'consiste'),(765,'molda'),(766,'infância'),(767,'caracteriza'),(768,'essas'),(769,'desenvolvem'),(770,'segundo'),(771,'refere-se'),(772,'manifestações'),(773,'transição'),(774,'infantil'),(775,'explanando'),(776,'estilos'),(777,'finalizando'),(778,'terceiro'),(779,'visa'),(780,'propondo'),(781,'maneiras'),(782,'desenvolver'),(783,'aconselhando'),(784,'seguro'),(785,'muito'),(786,'úteis'),(787,'guilherme'),(788,'dyck'),(789,'pós-graduado'),(790,'anabatismo'),(791,'três'),(792,'dimensões'),(793,'cristã'),(794,'movimento'),(795,'anabatistas'),(796,'europa'),(797,'pregava'),(798,'finger'),(799,'empreendeuse'),(800,'bem'),(801,'amplo'),(802,'ele'),(803,'contextualizando'),(804,'período'),(805,'histórico'),(806,'gênese'),(807,'anabatista'),(808,'possibilita-se'),(809,'saber'),(810,'dimensão'),(811,'comunal'),(812,'missional'),(813,'expõe'),(814,'divergências'),(815,'existentes'),(816,'grupos'),(817,'portanto'),(818,'irmãos'),(819,'suíços'),(820,'hutteristas'),(821,'tragédia'),(822,'münster'),(823,'menonitas'),(824,'expostos'),(825,'nessa'),(826,'concerne'),(827,'explicar'),(828,'entendia'),(829,'desses'),(830,'pontes'),(831,'escritores'),(832,'contemporâneos'),(833,'keller'),(834,'blomber'),(835,'murray'),(836,'transformação'),(837,'propagar'),(838,'mundo'),(839,'eram'),(840,'objetivos'),(841,'centrais'),(842,'mostrando'),(843,'atual'),(844,'heidegrid'),(845,'siebert'),(846,'koop'),(847,'prefácio'),(848,'friedbert'),(849,'kroeger'),(850,'finanças'),(851,'pessoais'),(852,'comparativo'),(853,'sabedoria'),(854,'salomão'),(855,'personal'),(856,'finances'),(857,'resumo'),(858,'faz'),(859,'comparativa'),(860,'provérbios'),(861,'encontrados'),(862,'contemporâneo'),(863,'finalidade'),(864,'emanada'),(865,'livros'),(866,'bíblicos'),(867,'eclesiastes'),(868,'especialmente'),(869,'versam'),(870,'enunciados'),(871,'analisados'),(872,'agrupados'),(873,'temas'),(874,'comparados'),(875,'educadores'),(876,'modernos'),(877,'propõem'),(878,'orientação'),(879,'ouvintes'),(880,'leitores'),(881,'harmonia'),(882,'surpreendente'),(883,'ambos'),(884,'permite'),(885,'entender'),(886,'razão'),(887,'aqueles'),(888,'chamados'),(889,'sapienciais'),(890,'relacionada'),(891,'comportamento'),(892,'humano'),(893,'especial'),(894,'financeiras'),(895,'parece'),(896,'permanecer'),(897,'constante'),(898,'tempo'),(899,'eis'),(900,'boa'),(901,'estudar'),(902,'ensinam'),(903,'orientações'),(904,'atualidade'),(905,'aquele'),(906,'quer'),(907,'conhecimento'),(908,'disposição'),(909,'palavras-chave'),(910,'nilton'),(911,'abrão'),(912,'docurso'),(913,'arthur'),(914,'wesley'),(915,'dück'),(916,'mestrado'),(917,'divindade'),(918,'trinity'),(919,'evangelical'),(920,'divinity'),(921,'school'),(922,'eua'),(923,'doutorado'),(924,'interculturais'),(925,'international'),(926,'university'),(927,'envolvimento'),(928,'cristão'),(929,'política'),(930,'laico'),(931,'analisar'),(932,'condição'),(933,'constitucional'),(934,'laicidade'),(935,'postura'),(936,'prudente'),(937,'tomar'),(938,'exclusivamente'),(939,'religião'),(940,'estabelecida'),(941,'constituição'),(942,'antigo'),(943,'testamento'),(944,'recorre'),(945,'personagens'),(946,'atuaram'),(947,'politicamente'),(948,'pagão'),(949,'analisa'),(950,'contidos'),(951,'embora'),(952,'seja'),(953,'atuar'),(954,'sem'),(955,'corromper'),(956,'entende-se'),(957,'adotar'),(958,'fiscalização'),(959,'profecia'),(960,'sexo'),(961,'começa'),(962,'texto'),(963,'contemporânea'),(964,'abordar'),(965,'direta'),(966,'intencional'),(967,'sexualidade'),(968,'seguidores'),(969,'extrema'),(970,'cotidiano'),(971,'ponto'),(972,'explorado'),(973,'desproporcional'),(974,'segmentos'),(975,'outro'),(976,'lado'),(977,'manual'),(978,'conduta'),(979,'palavra'),(980,'omissa'),(981,'covarde'),(982,'ausente'),(983,'usar'),(984,'ensinar'),(985,'amigos'),(986,'fato'),(987,'ensaio'),(988,'medida'),(989,'elifaz'),(990,'bildade'),(991,'zofar'),(992,'eliú'),(993,'considerados'),(994,'solidários'),(995,'utilizadas'),(996,'encontradas'),(997,'amizade'),(998,'davi'),(999,'jônatas'),(1000,'identificadas'),(1001,'seguintes'),(1002,'atitudes'),(1003,'cultivadas'),(1004,'expressam'),(1005,'mutuamente'),(1006,'intercede'),(1007,'favor'),(1008,'protege'),(1009,'consola'),(1010,'sofre'),(1011,'junto'),(1012,'finalmente'),(1013,'permanecem'),(1014,'leais'),(1015,'apesar'),(1016,'circunstâncias'),(1017,'desfavoráveis'),(1018,'aplicando'),(1019,'observa-se'),(1020,'início'),(1021,'companheiros'),(1022,'porém'),(1023,'esses'),(1024,'intercedem'),(1025,'protegem'),(1026,'consolam'),(1027,'sofrem'),(1028,'lhe'),(1029,'desta'),(1030,'caracterizadas'),(1031,'solidária'),(1032,'designação'),(1033,'tratam'),(1034,'meros'),(1035,'conhecidos'),(1036,'sabem'),(1037,'quem'),(1038,'vem'),(1039,'encontro'),(1040,'prestar-lhe'),(1041,'luto'),(1042,'protocolar'),(1043,'demais'),(1044,'marcos'),(1045,'ronaldo'),(1046,'gonçalves'),(1047,'fred'),(1048,'roland'),(1049,'bornschein'),(1050,'órfãos'),(1051,'funcionais'),(1052,'pai'),(1053,'mãe'),(1054,'estes'),(1055,'negligenciam'),(1056,'responsabilidades'),(1057,'pertinente'),(1058,'função'),(1059,'parental'),(1060,'tornando-se'),(1061,'ausentes'),(1062,'ausência'),(1063,'compromete'),(1064,'maturidade'),(1065,'deixa'),(1066,'propósito'),(1067,'significado'),(1068,'tipo'),(1069,'orfandade'),(1070,'nociva'),(1071,'indivíduo'),(1072,'buscando'),(1073,'encontrar'),(1074,'meios'),(1075,'pessoas'),(1076,'superarem'),(1077,'órfãs'),(1078,'abordados'),(1079,'motivos'),(1080,'fazem'),(1081,'mães'),(1082,'serem'),(1083,'conseguinte'),(1084,'argumenta-se'),(1085,'pode'),(1086,'suprir'),(1087,'alerta'),(1088,'dever'),(1089,'moral'),(1090,'ético'),(1091,'pensar'),(1092,'prioridades'),(1093,'estão'),(1094,'exercendo'),(1095,'estudando'),(1096,'formadora'),(1097,'funcional'),(1098,'relevante'),(1099,'consequentemente'),(1100,'negligência'),(1101,'rosangela'),(1102,'pereira'),(1103,'silva'),(1104,'deficiência'),(1105,'física'),(1106,'deficiências'),(1107,'físicas'),(1108,'igrejas'),(1109,'evangélicas'),(1110,'destaque'),(1111,'modelo'),(1112,'expresso'),(1113,'demonstrou'),(1114,'fatores'),(1115,'dificultam'),(1116,'incluam'),(1117,'templos'),(1118,'programas'),(1119,'destacados'),(1120,'barreiras'),(1121,'arquitetônicas'),(1122,'falta'),(1123,'respostas'),(1124,'fiéis'),(1125,'bíblico'),(1126,'destaca-se'),(1127,'viés'),(1128,'confissão'),(1129,'positiva'),(1130,'prosperidade'),(1131,'contribui'),(1132,'invisibilizar'),(1133,'suposta'),(1134,'eclesiástica'),(1135,'apontam-se'),(1136,'passos'),(1137,'práticos'),(1138,'caracterizam'),(1139,'alinhada'),(1140,'visão'),(1141,'clayton'),(1142,'lima'),(1143,'missão'),(1144,'reino'),(1145,'alinhando'),(1146,'costurando'),(1147,'apresentação'),(1148,'resumida'),(1149,'“missão'),(1150,'deusâ€'),(1151,'missio'),(1152,'dei'),(1153,'“reino'),(1154,'reinado'),(1155,'“igrejaâ€'),(1156,'isto'),(1157,'feito'),(1158,'acordo'),(1159,'teológica'),(1160,'produzida'),(1161,'diversos'),(1162,'compreende-los'),(1163,'individualmente'),(1164,'inter-relacionam'),(1165,'constatou-se'),(1166,'nem'),(1167,'convidados'),(1168,'participar'),(1169,'empreendeu'),(1170,'essa'),(1171,'iniciada'),(1172,'logo'),(1173,'depois'),(1174,'queda'),(1175,'permeia'),(1176,'toda'),(1177,'estabelecimento'),(1178,'instituições'),(1179,'restaurar'),(1180,'tudo'),(1181,'corrompido'),(1182,'pecado'),(1183,'tal'),(1184,'ferramenta'),(1185,'palavras'),(1186,'chave'),(1187,'restauração'),(1188,'bruna'),(1189,'crisitne'),(1190,'pizzaia'),(1191,'angela'),(1192,'maria'),(1193,'práxis'),(1194,'reconstrução'),(1195,'ensino-aprendizagem'),(1196,'definições'),(1197,'educando'),(1198,'abordamos'),(1199,'avaliativo'),(1200,'modalidades'),(1201,'formativa'),(1202,'somativa'),(1203,'onde'),(1204,'confrontados'),(1205,'construção'),(1206,'aluno'),(1207,'percurso'),(1208,'outra'),(1209,'intenta'),(1210,'provas'),(1211,'atividades'),(1212,'tradicionais'),(1213,'cuja'),(1214,'obtenção'),(1215,'nota'),(1216,'aprovação'),(1217,'ano'),(1218,'refletimos'),(1219,'realinhar'),(1220,'métodos'),(1221,'prejudicando'),(1222,'únicos'),(1223,'necessitam'),(1224,'aprender'),(1225,'ter'),(1226,'futuro'),(1227,'profissional'),(1228,'sabemos'),(1229,'atualmente'),(1230,'avaliativos'),(1231,'engessados'),(1232,'estimulando'),(1233,'autônoma'),(1234,'mediador'),(1235,'protagonista'),(1236,'trazemos'),(1237,'voltado'),(1238,'guia'),(1239,'verificação'),(1240,'acertos'),(1241,'erros'),(1242,'apostamos'),(1243,'híbrida'),(1244,'nossos'),(1245,'mudaram'),(1246,'nossa'),(1247,'avaliar'),(1248,'necessita'),(1249,'fábio'),(1250,'henrique'),(1251,'cruz'),(1252,'doutorando'),(1253,'programa'),(1254,'pós'),(1255,'graduação'),(1256,'influências'),(1257,'recebidas'),(1258,'martinho'),(1259,'lutero'),(1260,'projeto'),(1261,'reforma'),(1262,'religiosa'),(1263,'responsáveis'),(1264,'impactantes'),(1265,'considerado'),(1266,'pioneiro'),(1267,'protestantismo'),(1268,'principais'),(1269,'criação'),(1270,'realizadas'),(1271,'leituras'),(1272,'publicações'),(1273,'teólogos'),(1274,'católicos'),(1275,'protestantes'),(1276,'além'),(1277,'historiadores'),(1278,'trabalham'),(1279,'protestante'),(1280,'nessas'),(1281,'analisadas'),(1282,'contribuíram'),(1283,'influenciou'),(1284,'grandemente'),(1285,'pois'),(1286,'agrária'),(1287,'fome'),(1288,'epidemias'),(1289,'iminência'),(1290,'morte'),(1291,'hábitos'),(1292,'costumes'),(1293,'população'),(1294,'disciplinador'),(1295,'estava'),(1296,'punindo'),(1297,'povo'),(1298,'pecados'),(1299,'movimentos'),(1300,'tentativa'),(1301,'marcante'),(1302,'importantes'),(1303,'questionaram'),(1304,'sistema'),(1305,'clerical'),(1306,'vigente'),(1307,'épocas'),(1308,'humanismo'),(1309,'especificamente'),(1310,'erasmo'),(1311,'roterdã'),(1312,'impactaram'),(1313,'profundamente'),(1314,'reformador'),(1315,'alemão'),(1316,'línguas'),(1317,'clássica'),(1318,'muitos'),(1319,'plantaram'),(1320,'sementes'),(1321,'colheu'),(1322,'frutos'),(1323,'iniciado'),(1324,'antes'),(1325,'naturalmente'),(1326,'tão'),(1327,'radical'),(1328,'intensa'),(1329,'abalou'),(1330,'estruturas'),(1331,'redefiniu'),(1332,'sempre'),(1333,'josyneile'),(1334,'aparecida'),(1335,'bento'),(1336,'tecnológica'),(1337,'científica'),(1338,'utfpr'),(1339,'ana'),(1340,'paula'),(1341,'andrade'),(1342,'janz'),(1343,'elias'),(1344,'centro'),(1345,'universitário'),(1346,'internacional'),(1347,'uninter'),(1348,'nbsp'),(1349,'atuação'),(1350,'superior'),(1351,'pensamento'),(1352,'teórico'),(1353,'atua'),(1354,'depara-se'),(1355,'situações'),(1356,'pertinentes'),(1357,'devem'),(1358,'discentes'),(1359,'futuros'),(1360,'graduados'),(1361,'considerando'),(1362,'complexidades'),(1363,'ambiente'),(1364,'inseridos'),(1365,'dessa'),(1366,'perspectiva'),(1367,'levantada'),(1368,'seguinte'),(1369,'norteadora'),(1370,'atuam'),(1371,'atuarem'),(1372,'sala'),(1373,'aula'),(1374,'globalizada'),(1375,'contemple'),(1376,'preparo'),(1377,'responder'),(1378,'dela'),(1379,'refletir'),(1380,'globalizado'),(1381,'complexo'),(1382,'dias'),(1383,'victor'),(1384,'hugo'),(1385,'nedel'),(1386,'rio'),(1387,'grande'),(1388,'sul'),(1389,'pucrs'),(1390,'departamento'),(1391,'humanidades'),(1392,'cap'),(1393,'ufrgs'),(1394,'estratégias'),(1395,'pandemia'),(1396,'covid-19'),(1397,'chegada'),(1398,'mudou'),(1399,'rapidamente'),(1400,'várias'),(1401,'processos'),(1402,'escolas'),(1403,'tiveram'),(1404,'repensados'),(1405,'maneira'),(1406,'emergencial'),(1407,'teve'),(1408,'organização'),(1409,'sistematização'),(1410,'remotos'),(1411,'apresentados'),(1412,'site'),(1413,'colégio'),(1414,'deu'),(1415,'caso'),(1416,'informações'),(1417,'postadas'),(1418,'semanalmente'),(1419,'instituição'),(1420,'exemplos'),(1421,'modelos'),(1422,'ocorreu'),(1423,'interlocutores'),(1424,'cenário'),(1425,'planejado'),(1426,'layout'),(1427,'utilizado'),(1428,'remotas'),(1429,'semanais'),(1430,'série'),(1431,'disciplina'),(1432,'favoreceu'),(1433,'entendimento'),(1434,'encaminhado'),(1435,'outros'),(1436,'formatos'),(1437,'pdf'),(1438,'plataforma'),(1439,'google'),(1440,'considera-se'),(1441,'tratando'),(1442,'momento'),(1443,'excepcional'),(1444,'preparada'),(1445,'adotado'),(1446,'estudada'),(1447,'apresentou'),(1448,'significativos'),(1449,'impulsionaram'),(1450,'caio'),(1451,'corrêa'),(1452,'derossi'),(1453,'viçosa'),(1454,'mestrando'),(1455,'ufv'),(1456,'karen'),(1457,'laíssa'),(1458,'marcílio'),(1459,'ferreira'),(1460,'cláudia'),(1461,'lopes'),(1462,'chequer'),(1463,'saraiva'),(1464,'minas'),(1465,'gerais'),(1466,'ufmg'),(1467,'teorias'),(1468,'professoras'),(1469,'balanço'),(1470,'bibliográfico'),(1471,'tais'),(1472,'debates'),(1473,'discutirá'),(1474,'teórica'),(1475,'associada'),(1476,'inicial'),(1477,'marcando'),(1478,'concepções'),(1479,'implicações'),(1480,'educativas'),(1481,'tônica'),(1482,'entendida'),(1483,'fase'),(1484,'importante'),(1485,'inserção'),(1486,'assumir'),(1487,'compromisso'),(1488,'cristiano'),(1489,'nickel'),(1490,'junior'),(1491,'aplicada'),(1492,'ecologia'),(1493,'reflexões'),(1494,'preliminares'),(1495,'casa'),(1496,'lugar'),(1497,'condições'),(1498,'formam'),(1499,'habitat'),(1500,'cada'),(1501,'seres'),(1502,'natureza'),(1503,'nele'),(1504,'vivemos'),(1505,'ecológica'),(1506,'grandes'),(1507,'proporções'),(1508,'nível'),(1509,'global'),(1510,'mudar'),(1511,'solução'),(1512,'consciência'),(1513,'muda'),(1514,'cosmovisão'),(1515,'partimos'),(1516,'pressuposto'),(1517,'primariamente'),(1518,'precisamos'),(1519,'transformar'),(1520,'responda'),(1521,'problemática'),(1522,'transformando'),(1523,'correta'),(1524,'poderemos'),(1525,'debater'),(1526,'comportamentais'),(1527,'relacionadas'),(1528,'ética'),(1529,'ambiental'),(1530,'sustentabilidade'),(1531,'sistematiza'),(1532,'tópicos'),(1533,'gênesis'),(1534,'histórico-cultural'),(1535,'humanidade'),(1536,'imagem'),(1537,'semelhança'),(1538,'mordomia'),(1539,'mandato'),(1540,'dia'),(1541,'descanso'),(1542,'plenitude'),(1543,'palco'),(1544,'cabe'),(1545,'nós'),(1546,'participarmos'),(1547,'drama'),(1548,'dele'),(1549,'restaurada'),(1550,'redimida'),(1551,'estamos'),(1552,'lazzarato'),(1553,'care'),(1554,'counseling'),(1555,'ambs'),(1556,'pós-doutor'),(1557,'evangélica'),(1558,'fatev'),(1559,'implantação'),(1560,'carecem'),(1561,'frequentemente'),(1562,'carece'),(1563,'estrutura'),(1564,'adequada'),(1565,'mediante'),(1566,'evidencia-se'),(1567,'bíblico-teológica'),(1568,'proposta'),(1569,'implantar'),(1570,'estruturado'),(1571,'amplia'),(1572,'suporte'),(1573,'auxílio'),(1574,'alcançadas'),(1575,'pelas'),(1576,'comunidades'),(1577,'religiosas'),(1578,'empatia'),(1579,'elementos'),(1580,'escuta'),(1581,'acolhimento'),(1582,'descrever'),(1583,'edith'),(1584,'stein'),(1585,'valor'),(1586,'empática'),(1587,'ficou'),(1588,'evidenciado'),(1589,'ajuda'),(1590,'conhecer'),(1591,'permitir'),(1592,'forças'),(1593,'fraquezas'),(1594,'experimentar'),(1595,'graça'),(1596,'cura'),(1597,'divina'),(1598,'feridas'),(1599,'tornar-se-á'),(1600,'ferido'),(1601,'multiplica'),(1602,'amor'),(1603,'altair'),(1604,'born'),(1605,'ernst'),(1606,'werner'),(1607,'janzen'),(1608,'est'),(1609,'porque'),(1610,'quantia'),(1611,'participam'),(1612,'regularidade'),(1613,'introduzidos'),(1614,'rotina'),(1615,'desde'),(1616,'passando'),(1617,'dominical'),(1618,'férias'),(1619,'juniores'),(1620,'medem'),(1621,'esforços'),(1622,'programações'),(1623,'desejam'),(1624,'sinceramente'),(1625,'sigam'),(1626,'bom'),(1627,'caminho'),(1628,'acabam'),(1629,'afastando'),(1630,'após'),(1631,'deixarem'),(1632,'relevantes'),(1633,'conduzir'),(1634,'real'),(1635,'êxodo'),(1636,'“ex'),(1637,'adolescentesâ€'),(1638,'boqueirão'),(1639,'propõe'),(1640,'descobrir'),(1641,'possíveis'),(1642,'sugerir'),(1643,'medidas'),(1644,'poderiam'),(1645,'prevenir'),(1646,'minimizar'),(1647,'jürgen'),(1648,'harder'),(1649,'prova'),(1650,'existência'),(1651,'nações'),(1652,'missiológicas'),(1653,'diz'),(1654,'intrínseca'),(1655,'revelação'),(1656,'aponta'),(1657,'origina'),(1658,'podendo'),(1659,'ordem'),(1660,'disso'),(1661,'antecedência'),(1662,'noé'),(1663,'figura'),(1664,'perfeito'),(1665,'revelado'),(1666,'paulo'),(1667,'mostra'),(1668,'romanos'),(1669,'atributos'),(1670,'invisíveis'),(1671,'escrita'),(1672,'coração'),(1673,'salvífica'),(1674,'estabelecer'),(1675,'contato'),(1676,'filosófica'),(1677,'antropológica'),(1678,'conceito'),(1679,'coisas'),(1680,'jeito'),(1681,'existe'),(1682,'perguntas'),(1683,'respondidas'),(1684,'questionário'),(1685,'internet'),(1686,'intenções'),(1687,'boca'),(1688,'fala'),(1689,'cheio'),(1690,'esquema'),(1691,'conceitual'),(1692,'conscientemente'),(1693,'aplicamos'),(1694,'adequamos'),(1695,'cremos'),(1696,'interpretamos'),(1697,'julgamos'),(1698,'óculos'),(1699,'corretos'),(1700,'incorretos'),(1701,'permitem'),(1702,'capacidade'),(1703,'nitidamente'),(1704,'confinado'),(1705,'reformado'),(1706,'fascínio'),(1707,'leva'),(1708,'intelectualização'),(1709,'relativização'),(1710,'promove'),(1711,'ativismo'),(1712,'messiânico'),(1713,'doentio'),(1714,'inicialmente'),(1715,'ampliação'),(1716,'filosofia'),(1717,'destacando'),(1718,'antropologia'),(1719,'missionária'),(1720,'paul'),(1721,'hiebert'),(1722,'cognitiva'),(1723,'afetiva'),(1724,'avaliadora'),(1725,'organizar'),(1726,'amplificado'),(1727,'possibilita'),(1728,'apologética'),(1729,'permitindo'),(1730,'cosmovisões'),(1731,'jéssica'),(1732,'miyake'),(1733,'coe'),(1734,'keppe'),(1735,'vítimas'),(1736,'abuso'),(1737,'sexual'),(1738,'maioria'),(1739,'trazem'),(1740,'diversas'),(1741,'marcas'),(1742,'decorrência'),(1743,'correto'),(1744,'capacitada'),(1745,'fazê-lo'),(1746,'despertar'),(1747,'interesse'),(1748,'combater'),(1749,'afetados'),(1750,'cujos'),(1751,'especialistas'),(1752,'frequentes'),(1753,'estatísticas'),(1754,'lidado'),(1755,'tornar-se'),(1756,'lidando'),(1757,'siegfried'),(1758,'pauls'),(1759,'desigrejados'),(1760,'colônia'),(1761,'witmarsum'),(1762,'apresentar'),(1763,'utiliza-se'),(1764,'recorrendo-se'),(1765,'bomilcar'),(1766,'burke'),(1767,'trabalhadas'),(1768,'definidas'),(1769,'entrevista'),(1770,'líder'),(1771,'local'),(1772,'exclusão'),(1773,'testemunho'),(1774,'competição'),(1775,'razões'),(1776,'afastamento'),(1777,'desapontamento'),(1778,'daquelas'),(1779,'sabendo'),(1780,'propõe-se'),(1781,'haja'),(1782,'equilíbrio'),(1783,'ambas'),(1784,'formada'),(1785,'falhas'),(1786,'exemplar'),(1787,'siegfrid'),(1788,'wedel'),(1789,'ovelhas'),(1790,'importando-se'),(1791,'daqueles'),(1792,'cuidam'),(1793,'ocupa-se'),(1794,'crises'),(1795,'ministeriais'),(1796,'cuidador'),(1797,'ovelha'),(1798,'amplamente'),(1799,'discutida'),(1800,'avaliada'),(1801,'proporcionado'),(1802,'capítulo'),(1803,'esboçadas'),(1804,'armadilhas'),(1805,'justificam'),(1806,'urgente'),(1807,'agentes'),(1808,'envolve'),(1809,'confirma'),(1810,'atesta'),(1811,'pastoreio'),(1812,'mentoreamento'),(1813,'iniciativas'),(1814,'voltados'),(1815,'intencionalmente'),(1816,'clamor'),(1817,'“pastor'),(1818,'pastoresâ€'),(1819,'claudio'),(1820,'voth'),(1821,'segurança'),(1822,'num'),(1823,'lar'),(1824,'idosos'),(1825,'valores'),(1826,'percentuais'),(1827,'envelhecendo'),(1828,'tecnologia'),(1829,'facilitando'),(1830,'conforto'),(1831,'lazer'),(1832,'opções'),(1833,'interatividade'),(1834,'distância'),(1835,'pex'),(1836,'afetivos'),(1837,'relacionais'),(1838,'proximidade'),(1839,'negligenciados'),(1840,'idade'),(1841,'betesda'),(1842,'elevada'),(1843,'probabilidade'),(1844,'último'),(1845,'terreno'),(1846,'tantas'),(1847,'experiências'),(1848,'positivas'),(1849,'negativas'),(1850,'contribuir'),(1851,'ciência'),(1852,'mensagem'),(1853,'sejam'),(1854,'corretamente'),(1855,'direcionados'),(1856,'destes'),(1857,'tenha'),(1858,'eternas'),(1859,'inclusive'),(1860,'familiares'),(1861,'bianca'),(1862,'renata'),(1863,'gracheki'),(1864,'thiciane'),(1865,'pieczarka'),(1866,'mediação'),(1867,'vygotsky'),(1868,'exercida'),(1869,'apoio'),(1870,'autistas'),(1871,'mediar'),(1872,'exploratória'),(1873,'entrevistas'),(1874,'semiestruturadas'),(1875,'coleta'),(1876,'transcrição'),(1877,'critérios'),(1878,'medição'),(1879,'coletados'),(1880,'condizentes'),(1881,'signos'),(1882,'utilizam'),(1883,'linguagem'),(1884,'oral'),(1885,'colegas'),(1886,'classe'),(1887,'materiais'),(1888,'didáticos'),(1889,'biblioteca'),(1890,'percebemos'),(1891,'ampliar'),(1892,'conhecimentos'),(1893,'auxiliar'),(1894,'nayara'),(1895,'alves'),(1896,'altas'),(1897,'habilidades'),(1898,'transtorno'),(1899,'déficit'),(1900,'atenção'),(1901,'hipertavidade'),(1902,'superdotação'),(1903,'hiperatividade'),(1904,'investigar'),(1905,'tdah'),(1906,'levantamento'),(1907,'empíricas'),(1908,'utilizados'),(1909,'plataformas'),(1910,'buscas'),(1911,'nacionais'),(1912,'resultados'),(1913,'concluir'),(1914,'possibilidade'),(1915,'diagnóstico'),(1916,'validade'),(1917,'dupla'),(1918,'excepcionalidade'),(1919,'strong'),(1920,'visto'),(1921,'preparação'),(1922,'corpo'),(1923,'atendimento'),(1924,'josué'),(1925,'neir'),(1926,'moreira'),(1927,'pós-graduação'),(1928,'bullying'),(1929,'capelania'),(1930,'alternativa'),(1931,'preventiva'),(1932,'corretiva'),(1933,'devida'),(1934,'envolvidos'),(1935,'violência'),(1936,'soluções'),(1937,'santareno'),(1938,'augusto'),(1939,'miranda'),(1940,'psicologia'),(1941,'globalização'),(1942,'cultura'),(1943,'percebida'),(1944,'lentas'),(1945,'inevitável'),(1946,'devido'),(1947,'pressão'),(1948,'mundial'),(1949,'interação'),(1950,'integração'),(1951,'continua'),(1952,'contextualização'),(1953,'culturais'),(1954,'vivenciadas'),(1955,'autor'),(1956,'aldeia'),(1957,'angola'),(1958,'enfatizam'),(1959,'preza'),(1960,'unificação'),(1961,'evolução'),(1962,'atento'),(1963,'colaborar'),(1964,'convicção'),(1965,'ator'),(1966,'ativo'),(1967,'evangelização'),(1968,'delmar'),(1969,'ezequiel'),(1970,'storck'),(1971,'plantação'),(1972,'região'),(1973,'nordeste'),(1974,'juvep'),(1975,'censo'),(1976,'representa'),(1977,'total'),(1978,'sinais'),(1979,'crescimento'),(1980,'evangélicos'),(1981,'brasileiro'),(1982,'regiões'),(1983,'pequena'),(1984,'difusão'),(1985,'religiosidade'),(1986,'popular'),(1987,'sincretismo'),(1988,'nordestino'),(1989,'pobreza'),(1990,'endêmica'),(1991,'exploração'),(1992,'lida'),(1993,'evangelismo'),(1994,'propostos'),(1995,'atingir'),(1996,'evangelizados'),(1997,'verificados'),(1998,'62º'),(1999,'assunção'),(2000,'piauí'),(2001,'rural'),(2002,'quilombola'),(2003,'sítio'),(2004,'velho'),(2005,'feitas'),(2006,'avaliou-se'),(2007,'array'),(2008,'milena'),(2009,'silveira'),(2010,'santos'),(2011,'faculdades'),(2012,'integradas'),(2013,'santa'),(2014,'gestão'),(2015,'ead'),(2016,'josyleine'),(2017,'concluiu'),(2018,'pós-doutorado'),(2019,'hartmutaugustfidelisedubr'),(2020,'mariluceaugustfidelisedubr'),(2021,'recuperação'),(2022,'dependentes'),(2023,'químicos'),(2024,'drogas'),(2025,'aumentar'),(2026,'passo'),(2027,'prevenção'),(2028,'tratamento'),(2029,'continuam'),(2030,'falhando'),(2031,'difundidos'),(2032,'usuários'),(2033,'álcool'),(2034,'doze'),(2035,'alcoólicos'),(2036,'anônimos'),(2037,'posteriormente'),(2038,'adaptado'),(2039,'john'),(2040,'bowlby'),(2041,'enfatiza'),(2042,'afetivas'),(2043,'seguras'),(2044,'saudável'),(2045,'utilizar'),(2046,'assimilar'),(2047,'incorporar'),(2048,'relacionam'),(2049,'individuais'),(2050,'vínculos'),(2051,'expressados'),(2052,'consistem'),(2053,'anotações'),(2054,'treinamento'),(2055,'terapêutica'),(2056,'aprofundados'),(2057,'treinada'),(2058,'proporcionar'),(2059,'intervenções'),(2060,'eficazes'),(2061,'apontando'),(2062,'apegos'),(2063,'seguros'),(2064,'consigo'),(2065,'wanderlei'),(2066,'jeovai'),(2067,'tornado'),(2068,'séria'),(2069,'ameaça'),(2070,'grau'),(2071,'persistente'),(2072,'atrativo'),(2073,'exerce'),(2074,'atinge'),(2075,'estabilidade'),(2076,'subsídios'),(2077,'invista'),(2078,'espiritualidade'),(2079,'enfrentamento'),(2080,'potencial'),(2081,'incentivar'),(2082,'instrumentalizar'),(2083,'continuada'),(2084,'acredita-se'),(2085,'beneficiará'),(2086,'saberão'),(2087,'temática'),(2088,'crianças'),(2089,'traz'),(2090,'seguindo'),(2091,'raciocínio'),(2092,'lógico'),(2093,'abordagens'),(2094,'química'),(2095,'usuário'),(2096,'econômicas'),(2097,'sintomáticos'),(2098,'prejudiciais'),(2099,'comércio'),(2100,'ilegal'),(2101,'movimenta'),(2102,'fortunas'),(2103,'lucros'),(2104,'arrasta'),(2105,'multidão'),(2106,'surtido'),(2107,'efeito'),(2108,'parar'),(2109,'utilizou-se'),(2110,'esperado'),(2111,'estímulo'),(2112,'dons'),(2113,'espirituais'),(2114,'serviços'),(2115,'membros'),(2116,'parceria'),(2117,'investimento'),(2118,'visando'),(2119,'diminuir'),(2120,'tragédias'),(2121,'infectados'),(2122,'feliz'),(2123,'drogadição'),(2124,'abstract'),(2125,'drug'),(2126,'abuse'),(2127,'threat'),(2128,'humanity'),(2129,'due'),(2130,'persistent'),(2131,'attractive'),(2132,'degree'),(2133,'exerts'),(2134,'society'),(2135,'young'),(2136,'people'),(2137,'affects'),(2138,'economic'),(2139,'political'),(2140,'stability'),(2141,'entire'),(2142,'research'),(2143,'proposes'),(2144,'seek'),(2145,'subsidies'),(2146,'faith'),(2147,'community'),(2148,'invest'),(2149,'spirituality'),(2150,'prevention'),(2151,'confrontation'),(2152,'drugs'),(2153,'consequences'),(2154,'potential'),(2155,'encourage'),(2156,'equip'),(2157,'pastors'),(2158,'leaders'),(2159,'act'),(2160,'christian'),(2161,'continuing'),(2162,'believed'),(2163,'benefit'),(2164,'project'),(2165,'deal'),(2166,'issue'),(2167,'children'),(2168,'brings'),(2169,'concept'),(2170,'logical'),(2171,'reasoning'),(2172,'approaches'),(2173,'chemical'),(2174,'points'),(2175,'health'),(2176,'family'),(2177,'relationship'),(2178,'user'),(2179,'legal'),(2180,'implications'),(2181,'concluded'),(2182,'symptomatic'),(2183,'effects'),(2184,'harmful'),(2185,'illegal'),(2186,'trade'),(2187,'moves'),(2188,'fortunes'),(2189,'profits'),(2190,'draws'),(2191,'crowd'),(2192,'effect'),(2193,'stop'),(2194,'advance'),(2195,'bibliographic'),(2196,'methodology'),(2197,'expected'),(2198,'result'),(2199,'encouragement'),(2200,'spiritual'),(2201,'gifts'),(2202,'practical'),(2203,'services'),(2204,'church'),(2205,'members'),(2206,'process'),(2207,'partnership'),(2208,'government'),(2209,'investment'),(2210,'aiming'),(2211,'reduce'),(2212,'tragedies'),(2213,'number'),(2214,'infected'),(2215,'happy'),(2216,'keywords'),(2217,'addiction'),(2218,'lúcia'),(2219,'antunes'),(2220,'capelão'),(2221,'normalmente'),(2222,'vinculada'),(2223,'denominação'),(2224,'atuante'),(2225,'determinada'),(2226,'pública'),(2227,'privada'),(2228,'valorização'),(2229,'finalidades'),(2230,'influenciando'),(2231,'positivamente'),(2232,'vidas'),(2233,'respeitosa'),(2234,'adriano'),(2235,'pacientes'),(2236,'hemodiálise'),(2237,'doença'),(2238,'renal'),(2239,'crônica'),(2240,'afetado'),(2241,'milhares'),(2242,'restringe'),(2243,'paliativos'),(2244,'exploratório'),(2245,'procurou'),(2246,'reconhecido'),(2247,'paciente'),(2248,'volume'),(2249,'renais'),(2250,'crônicos'),(2251,'enfermagem'),(2252,'interdisciplinar'),(2253,'destacadas'),(2254,'condutoras'),(2255,'reconhecida'),(2256,'propiciar'),(2257,'transcendência'),(2258,'resultando'),(2259,'esperança'),(2260,'tranquilidade'),(2261,'resposta'),(2262,'tratamentos'),(2263,'bem-estar'),(2264,'divulgação'),(2265,'dessas'),(2266,'clínico'),(2267,'facilitar'),(2268,'implementação'),(2269,'institucionalizados'),(2270,'centros'),(2271,'deveriam'),(2272,'tratados'),(2273,'menos'),(2274,'estranhamento'),(2275,'bruno'),(2276,'miara'),(2277,'problema'),(2278,'mal'),(2279,'objeções'),(2280,'realmente'),(2281,'anula'),(2282,'desenvolvida'),(2283,'histórica'),(2284,'constatado'),(2285,'consegue'),(2286,'provar'),(2287,'cabal'),(2288,'argumento'),(2289,'filosófico'),(2290,'contra'),(2291,'mostrou'),(2292,'fonte'),(2293,'negação'),(2294,'retratado'),(2295,'relatado'),(2296,'direcionado'),(2297,'intuito'),(2298,'sério'),(2299,'objeção'),(2300,'intelectual'),(2301,'pede'),(2302,'mera'),(2303,'satisfatória'),(2304,'abrangente'),(2305,'argumentos'),(2306,'meramente'),(2307,'intelectuais'),(2308,'natural'),(2309,'secularizada'),(2310,'dessacralizada'),(2311,'religioso'),(2312,'capital'),(2313,'simbólico'),(2314,'legitimado'),(2315,'estabelecido'),(2316,'fatos'),(2317,'captam'),(2318,'elemento'),(2319,'transcendente'),(2320,'essencialista'),(2321,'fenomenológica'),(2322,'apresentando'),(2323,'evidências'),(2324,'presentes'),(2325,'instância'),(2326,'direções'),(2327,'epistemológicas'),(2328,'funcionalista'),(2329,'empirista'),(2330,'apresenta-se'),(2331,'sistêmica'),(2332,'antropológico'),(2333,'pode-se'),(2334,'retroalimentam'),(2335,'homo'),(2336,'religiosus'),(2337,'sociedades'),(2338,'modernas'),(2339,'pós-modernas'),(2340,'tendências'),(2341,'“matarâ€'),(2342,'afloram'),(2343,'essência'),(2344,'insaciável'),(2345,'últimas'),(2346,'vivência'),(2347,'individual'),(2348,'procura'),(2349,'evidenciar'),(2350,'naturais'),(2351,'tiago'),(2352,'veiga'),(2353,'valdivieso'),(2354,'vínculo'),(2355,'afetivo'),(2356,'autismo'),(2357,'professor-aluno'),(2358,'objetiva-se'),(2359,'professsor-aluno'),(2360,'espectro'),(2361,'autista'),(2362,'parte-se'),(2363,'dialético'),(2364,'acreditar'),(2365,'possui'),(2366,'investir'),(2367,'nisto'),(2368,'realizou-se'),(2369,'narrativa'),(2370,'teóricas'),(2371,'matriz'),(2372,'implicação'),(2373,'subjetivação'),(2374,'intersubjetividade'),(2375,'cognitivo'),(2376,'ocorre'),(2377,'interdependência'),(2378,'cognitivos'),(2379,'fortalecimento'),(2380,'capazes'),(2381,'fundamento'),(2382,'remete'),(2383,'percepção'),(2384,'técnicas'),(2385,'didático-pedagógicas'),(2386,'referencial'),(2387,'priorizada'),(2388,'sujeitos'),(2389,'limitações'),(2390,'surgir'),(2391,'destas'),(2392,'admite-se'),(2393,'sine'),(2394,'qua'),(2395,'clarice'),(2396,'dauernheimer'),(2397,'pré-nupcial'),(2398,'casamentos'),(2399,'saudáveis'),(2400,'baseados'),(2401,'comprovar'),(2402,'propor'),(2403,'indicados'),(2404,'pré-conjugal'),(2405,'considerada'),(2406,'enviado'),(2407,'eletrônico'),(2408,'identificação'),(2409,'obtidos'),(2410,'confirmam'),(2411,'fortalecer'),(2412,'relacionamentos'),(2413,'instruir'),(2414,'casal'),(2415,'convivência'),(2416,'noivos'),(2417,'ingressar'),(2418,'convívio'),(2419,'segura'),(2420,'origem'),(2421,'alicerce'),(2422,'glorificar'),(2423,'liderança'),(2424,'caráter'),(2425,'especializada'),(2426,'começando'),(2427,'termos'),(2428,'situar'),(2429,'leitor'),(2430,'aplicações'),(2431,'usuais'),(2432,'termo'),(2433,'eclesiástico'),(2434,'traçar'),(2435,'definição'),(2436,'enfatizando-se'),(2437,'“liderança'),(2438,'servidoraâ€'),(2439,'mariana'),(2440,'teles'),(2441,'natali'),(2442,'klayn'),(2443,'lucindo'),(2444,'rosimar'),(2445,'borges'),(2446,'machado'),(2447,'brincar'),(2448,'rme'),(2449,'-pr'),(2450,'justifica-se'),(2451,'considerar'),(2452,'imprescindível'),(2453,'brincadeiras'),(2454,'metodológico'),(2455,'capaz'),(2456,'articular'),(2457,'desenvolve-se'),(2458,'documental'),(2459,'rico'),(2460,'complemento'),(2461,'determinados'),(2462,'assuntos'),(2463,'incidiu'),(2464,'documentos'),(2465,'regem'),(2466,'fornecer'),(2467,'subsídio'),(2468,'esclarecimento'),(2469,'proposto'),(2470,'estratégia'),(2471,'aprimoramento'),(2472,'benefícios'),(2473,'desenvolvidas'),(2474,'pressupostos'),(2475,'teóricos'),(2476,'brougere'),(2477,'kishimoto'),(2478,'aproveitamento'),(2479,'motivação'),(2480,'finda'),(2481,'encantadora'),(2482,'tecnologias'),(2483,'digitais'),(2484,'informação'),(2485,'doparaná'),(2486,'atualização'),(2487,'trazendo'),(2488,'requisitos'),(2489,'necessários'),(2490,'formar'),(2491,'educandos'),(2492,'envolvendo'),(2493,'historicamente'),(2494,'construídos'),(2495,'entretanto'),(2496,'nota-se'),(2497,'desafio'),(2498,'recorrente'),(2499,'discussões'),(2500,'tdic’s'),(2501,'objetivou'),(2502,'concepção'),(2503,'histórico-crítica'),(2504,'organizada'),(2505,'bardin'),(2506,'leitura'),(2507,'flutuante'),(2508,'disponíveis'),(2509,'categorização'),(2510,'fundamentos'),(2511,'oferecidas'),(2512,'semana'),(2513,'pedagógicos'),(2514,'semestralmente'),(2515,'márcia'),(2516,'fabri'),(2517,'cursos'),(2518,'especialização'),(2519,'hospitalar'),(2520,'públicos'),(2521,'privados'),(2522,'amparado'),(2523,'observados'),(2524,'comprovada'),(2525,'beneficiadas'),(2526,'serão'),(2527,'curados'),(2528,'fisicamente'),(2529,'receber'),(2530,'oração'),(2531,'analia'),(2532,'marina'),(2533,'moura'),(2534,'nehls'),(2535,'beatriz'),(2536,'zoppo'),(2537,'michele'),(2538,'sampaio'),(2539,'letramento'),(2540,'sistemática'),(2541,'configurou'),(2542,'vêm'),(2543,'sinalizadas'),(2544,'investigações'),(2545,'alfabetização'),(2546,'contribuem'),(2547,'adotada'),(2548,'criança'),(2549,'contou'),(2550,'teses'),(2551,'dissertações'),(2552,'constatando'),(2553,'evidenciadas'),(2554,'sinalizam'),(2555,'apontadas'),(2556,'preliminar'),(2557,'ampliado'),(2558,'escopo'),(2559,'present'),(2560,'work'),(2561,'configured'),(2562,'systematic'),(2563,'review'),(2564,'general'),(2565,'objective'),(2566,'investigate'),(2567,'teaching'),(2568,'practices'),(2569,'teachers'),(2570,'adopted'),(2571,'literacy'),(2572,'early'),(2573,'childhood'),(2574,'education'),(2575,'highlighted'),(2576,'investigations'),(2577,'specific'),(2578,'identify'),(2579,'contribute'),(2580,'included'),(2581,'survey'),(2582,'theses'),(2583,'dissertations'),(2584,'noting'),(2585,'evident'),(2586,'results'),(2587,'study'),(2588,'games'),(2589,'drawing'),(2590,'reading'),(2591,'mentioned'),(2592,'studies'),(2593,'preliminary'),(2594,'future'),(2595,'scope'),(2596,'expanded'),(2597,'databases'),(2598,'kelly'),(2599,'almeida'),(2600,'hoepers'),(2601,'sheila'),(2602,'thatiane'),(2603,'schimitz'),(2604,'vocabulário'),(2605,'expressar-se'),(2606,'resolução'),(2607,'construir'),(2608,'desafiante'),(2609,'lúdica'),(2610,'compreenderem'),(2611,'noções'),(2612,'matemáticas'),(2613,'cunho'),(2614,'qualitativo'),(2615,'técnica'),(2616,'utilizada'),(2617,'proporciona'),(2618,'significativa'),(2619,'ótica'),(2620,'matemáticos'),(2621,'article'),(2622,'aims'),(2623,'analyze'),(2624,'selection'),(2625,'articles'),(2626,'deals'),(2627,'childrens'),(2628,'literature'),(2629,'mathematics'),(2630,'preschool'),(2631,'considered'),(2632,'development'),(2633,'vocabulary'),(2634,'express'),(2635,'problem-solving'),(2636,'skills'),(2637,'integration'),(2638,'knowledge'),(2639,'build'),(2640,'challenging'),(2641,'playful'),(2642,'understanding'),(2643,'mathematical'),(2644,'notions'),(2645,'qualitative'),(2646,'data'),(2647,'collection'),(2648,'technique'),(2649,'found'),(2650,'significant'),(2651,'perspective'),(2652,'children’s'),(2653,'involvement'),(2654,'contents'),(2655,'point'),(2656,'lincoln'),(2657,'freitas'),(2658,'estadual'),(2659,'ponta'),(2660,'grossa'),(2661,'intermídias'),(2662,'nelson'),(2663,'akiyoshi'),(2664,'orientador'),(2665,'tcc'),(2666,'uab'),(2667,'literária'),(2668,'1—11'),(2669,'interpretar'),(2670,'deveras'),(2671,'desafiador'),(2672,'encruzilhada'),(2673,'interpretativos'),(2674,'imediato'),(2675,'concepção-produção'),(2676,'recepção'),(2677,'depararmos'),(2678,'sagrado'),(2679,'perícope'),(2680,'lente'),(2681,'seria'),(2682,'crítica'),(2683,'transcendentes'),(2684,'imanentes'),(2685,'integradores'),(2686,'caberia'),(2687,'leitor-receptor'),(2688,'crítico-reflexivo'),(2689,'definir'),(2690,'aventura'),(2691,'interpretação'),(2692,'hermenêutico'),(2693,'jurídico'),(2694,'cânone'),(2695,'aristotélico'),(2696,'gêneros'),(2697,'mitológica'),(2698,'efetiva'),(2699,'produzir'),(2700,'catártico'),(2701,'crítico'),(2702,'alienação'),(2703,'partindo'),(2704,'questionamentos'),(2705,'utilizando-se'),(2706,'interpretativas'),(2707,'mito'),(2708,'propulsor'),(2709,'significações'),(2710,'dinâmica'),(2711,'adentraremos'),(2712,'poética'),(2713,'aristotélica'),(2714,'analisaremos'),(2715,'pentateuco'),(2716,'torá'),(2717,'induziremos'),(2718,'mitologia'),(2719,'verificaremos'),(2720,'toledot'),(2721,'tessitura'),(2722,'desenvolveram'),(2723,'apresentaram'),(2724,'dilema'),(2725,'caos'),(2726,'trágico'),(2727,'estética'),(2728,'arrependimento'),(2729,'angústia'),(2730,'alegria'),(2731,'traição'),(2732,'benção'),(2733,'maldição'),(2734,'recorrentes'),(2735,'escritos'),(2736,'sagrados'),(2737,'míticos'),(2738,'tradição'),(2739,'posterior'),(2740,'fábulas'),(2741,'contos'),(2742,'romances'),(2743,'kallyne'),(2744,'araújo'),(2745,'regianaldo'),(2746,'combate'),(2747,'doméstica'),(2748,'impacto'),(2749,'posicionamento'),(2750,'cristocêntrico'),(2751,'estrago'),(2752,'torna'),(2753,'extremamente'),(2754,'dentro'),(2755,'círculos'),(2756,'estragou'),(2757,'teológico-social'),(2758,'possam'),(2759,'interferência'),(2760,'abusivos'),(2761,'redor'),(2762,'alcançá-lo'),(2763,'seguiu'),(2764,'etapas'),(2765,'pré'),(2766,'inferências'),(2767,'avaliados'),(2768,'revolucionária'),(2769,'tratou'),(2770,'abusos'),(2771,'injustiças'),(2772,'evidencia'),(2773,'afirmar'),(2774,'apontem'),(2775,'ação'),(2776,'redentora'),(2777,'ressignifica'),(2778,'reformula'),(2779,'rising'),(2780,'damage'),(2781,'domestic'),(2782,'violence'),(2783,'makes'),(2784,'extremely'),(2785,'pertinent'),(2786,'circles'),(2787,'attempt'),(2788,'restore'),(2789,'human'),(2790,'relationships'),(2791,'harmed'),(2792,'sin'),(2793,'aim'),(2794,'discuss'),(2795,'theological-social'),(2796,'position'),(2797,'communities'),(2798,'ways'),(2799,'churches'),(2800,'effectively'),(2801,'abusive'),(2802,'existing'),(2803,'achieve'),(2804,'steps'),(2805,'pre-analysis'),(2806,'exploration'),(2807,'evaluation'),(2808,'inferences'),(2809,'interpretation'),(2810,'evaluated'),(2811,'based'),(2812,'jesus’'),(2813,'behavior'),(2814,'encountering'),(2815,'women'),(2816,'revolutionary'),(2817,'treated'),(2818,'injustice'),(2819,'affirming'),(2820,'principles'),(2821,'developing'),(2822,'reflect'),(2823,'redemptive'),(2824,'action'),(2825,'christ'),(2826,'reframes'),(2827,'remodels'),(2828,'manner'),(2829,'men'),(2830,'relate'),(2831,'rodrigues'),(2832,'graduando'),(2833,'focar'),(2834,'direcionamento'),(2835,'dissociado'),(2836,'específicos'),(2837,'necessárias'),(2838,'abertas'),(2839,'fechadas'),(2840,'acolhedora'),(2841,'pós-moderna'),(2842,'responderam'),(2843,'participantes'),(2844,'denominações'),(2845,'variadas'),(2846,'oito'),(2847,'setembro'),(2848,'aplicativo'),(2849,'whatsapp'),(2850,'respondente'),(2851,'planilha'),(2852,'conscientização'),(2853,'acolher'),(2854,'especializados'),(2855,'poderia'),(2856,'mesma'),(2857,'adotou'),(2858,'amar'),(2859,'tratar'),(2860,'praticando'),(2861,'discipulado'),(2862,'consenso'),(2863,'necessitando'),(2864,'acolhia'),(2865,'compreendia'),(2866,'supria'),(2867,'urgentes'),(2868,'praticar'),(2869,'addresses'),(2870,'churchs'),(2871,'relevance'),(2872,'peoples'),(2873,'emotional'),(2874,'growth'),(2875,'relevant'),(2876,'active'),(2877,'issues'),(2878,'hypothesis'),(2879,'times'),(2880,'alien'),(2881,'societys'),(2882,'focusing'),(2883,'direction'),(2884,'dissociated'),(2885,'verify'),(2886,'importance'),(2887,'objectives'),(2888,'understand'),(2889,'consists'),(2890,'actions'),(2891,'opinion'),(2892,'open'),(2893,'closed'),(2894,'questions'),(2895,'characteristics'),(2896,'welcoming'),(2897,'post-modern'),(2898,'participants'),(2899,'denominations'),(2900,'regions'),(2901,'brazil'),(2902,'joined'),(2903,'3rd'),(2904,'8th'),(2905,'september'),(2906,'application'),(2907,'possibility'),(2908,'identifying'),(2909,'respondent'),(2910,'answer'),(2911,'sheet'),(2912,'awareness'),(2913,'regard'),(2914,'focus'),(2915,'persons'),(2916,'comprehensive'),(2917,'specialized'),(2918,'professionals'),(2919,'strategy'),(2920,'loving'),(2921,'treating'),(2922,'practicing'),(2923,'discipleship'),(2924,'includes'),(2925,'reach'),(2926,'consensus'),(2927,'requiring'),(2928,'welcomed'),(2929,'understood'),(2930,'met'),(2931,'urgent'),(2932,'arlete'),(2933,'sandim'),(2934,'graduanda'),(2935,'katiane'),(2936,'janke'),(2937,'krainski'),(2938,'mestranda'),(2939,'neuropsicologia'),(2940,'professora'),(2941,'enlutadas'),(2942,'tipos'),(2943,'perdas'),(2944,'demandam'),(2945,'demandas'),(2946,'compreendidas'),(2947,'gostariam'),(2948,'enlutados'),(2949,'desconhecem'),(2950,'reais'),(2951,'lidam'),(2952,'recebem'),(2953,'adequado'),(2954,'investigado'),(2955,'peculiaridades'),(2956,'mortes'),(2957,'obteve'),(2958,'desejado'),(2959,'cinco'),(2960,'dor'),(2961,'obrigar'),(2962,'retomar'),(2963,'apressadamente'),(2964,'superação'),(2965,'evidente'),(2966,'passam'),(2967,'respeitando'),(2968,'etapa'),(2969,'pesquisadas'),(2970,'reconhecem'),(2971,'perda'),(2972,'negado'),(2973,'evidenciou-se'),(2974,'adequadas'),(2975,'types'),(2976,'mourning'),(2977,'death'),(2978,'losses'),(2979,'demand'),(2980,'demands'),(2981,'experience'),(2982,'adequate'),(2983,'live'),(2984,'bereaved'),(2985,'unaware'),(2986,'feelings'),(2987,'receive'),(2988,'investigated'),(2989,'poll'),(2990,'helps'),(2991,'stage'),(2992,'peculiarities'),(2993,'detriment'),(2994,'deaths'),(2995,'pandemic'),(2996,'covid-'),(2997,'obtained'),(2998,'responses'),(2999,'desired'),(3000,'approach'),(3001,'words'),(3002,'pain'),(3003,'putting'),(3004,'shoes'),(3005,'showing'),(3006,'forcing'),(3007,'resume'),(3008,'life'),(3009,'hurry'),(3010,'important'),(3011,'aspects'),(3012,'overcoming'),(3013,'lives'),(3014,'suffer'),(3015,'respecting'),(3016,'time'),(3017,'overcome'),(3018,'adequately'),(3019,'surveyed'),(3020,'recognize'),(3021,'loss'),(3022,'denied'),(3023,'attention'),(3024,'context'),(3025,'allan'),(3026,'rogério'),(3027,'hernandez'),(3028,'acompanhamento'),(3029,'recém-convertido'),(3030,'span'),(3031,'data-contrast'),(3032,'auto'),(3033,'àquele'),(3034,'atendeu'),(3035,'chamado'),(3036,'decidiu'),(3037,'suma'),(3038,'convertido'),(3039,'siga'),(3040,'sólidos'),(3041,'firmes'),(3042,'reafirmando'),(3043,'caminhada'),(3044,'bíblicas'),(3045,'sugeridas'),(3046,'efetivo'),(3047,'utilizaremos'),(3048,'possibilite'),(3049,'explanar'),(3050,'amplitude'),(3051,'espera-se'),(3052,'capacitação'),(3053,'realização'),(3054,'data-ccp-props'),(3055,'quot'),(3056,'–econômica'),(3057,'escola-estudantes'),(3058,'theme'),(3059,'support'),(3060,'newly'),(3061,'converted'),(3062,'term'),(3063,'reference'),(3064,'answered'),(3065,'lords'),(3066,'call'),(3067,'decided'),(3068,'follow'),(3069,'view'),(3070,'utmost'),(3071,'topic'),(3072,'convert'),(3073,'properly'),(3074,'cared'),(3075,'intention'),(3076,'solid'),(3077,'firm'),(3078,'reaffirming'),(3079,'face'),(3080,'difficulties'),(3081,'arise'),(3082,'walk'),(3083,'biblical'),(3084,'strategies'),(3085,'suggested'),(3086,'effective'),(3087,'part'),(3088,'explain'),(3089,'breadth'),(3090,'hope'),(3091,'training'),(3092,'carry'),(3093,'benedito'),(3094,'gesualdo'),(3095,'bueno'),(3096,'júnior'),(3097,'mental'),(3098,'serviço'),(3099,'operacional'),(3100,'polícia'),(3101,'militar'),(3102,'composta'),(3103,'trabalha'),(3104,'policiais'),(3105,'relacionados'),(3106,'parecem'),(3107,'preferir'),(3108,'administrativos'),(3109,'compatíveis'),(3110,'evitar'),(3111,'tensões'),(3112,'geram'),(3113,'afastamentos'),(3114,'militares'),(3115,'aprofundam'),(3116,'preferem'),(3117,'carreira'),(3118,'propensos'),(3119,'aplicabilidade'),(3120,'policial'),(3121,'submetido'),(3122,'amostra'),(3123,'veem'),(3124,'unidade'),(3125,'entendendo'),(3126,'aconselhar'),(3127,'conforme'),(3128,'elevar'),(3129,'danos'),(3130,'conselhos'),(3131,'visitas'),(3132,'pequenos'),(3133,'discipulados'),(3134,'cultos'),(3135,'missas'),(3136,'jovem'),(3137,'idoso'),(3138,'geração'),(3139,'analisa-se'),(3140,'referências'),(3141,'livro'),(3142,'estágios'),(3143,'dois'),(3144,'entendê-los'),(3145,'qualitativos'),(3146,'verifica-se'),(3147,'conciliar'),(3148,'teme'),(3149,'próximas'),(3150,'fracasso'),(3151,'apegado'),(3152,'círculo'),(3153,'gerações'),(3154,'conjuntas'),(3155,'intencionais'),(3156,'concluindo-se'),(3157,'fernando'),(3158,'garrett'),(3159,'lusófona'),(3160,'lisboa'),(3161,'espacial'),(3162,'figurativos'),(3163,'estimulação'),(3164,'semântica'),(3165,'encontra-se'),(3166,'dependente'),(3167,'estruturação'),(3168,'espácio-temporal'),(3169,'interna'),(3170,'acção'),(3171,'investigação'),(3172,'consistiu'),(3173,'tentativas'),(3174,'despendido'),(3175,'execução'),(3176,'tarefas'),(3177,'afirma'),(3178,'quantidade'),(3179,'espaciais'),(3180,'expressão'),(3181,'recorreu'),(3182,'instrumento'),(3183,'consequente'),(3184,'manipulação'),(3185,'quatro'),(3186,'cubos'),(3187,'coloridos'),(3188,'kosh'),(3189,'observação'),(3190,'desempenho'),(3191,'psicológica'),(3192,'mostram'),(3193,'idades'),(3194,'operacionalizam'),(3195,'despendem'),(3196,'comparativamente'),(3197,'conclusão'),(3198,'infere-se'),(3199,'déficits'),(3200,'ligeiros'),(3201,'internos'),(3202,'coerência'),(3203,'consistência'),(3204,'variante'),(3205,'configurações'),(3206,'coloridas'),(3207,'respeita'),(3208,'tarefa'),(3209,'luiz'),(3210,'carlos'),(3211,'mariano'),(3212,'rosa'),(3213,'institute'),(3214,'mdrri'),(3215,'texas'),(3216,'usa'),(3217,'selinus'),(3218,'science'),(3219,'uniselinus'),(3220,'london'),(3221,'england'),(3222,'lucent'),(3223,'candido'),(3224,'mendes'),(3225,'ucam'),(3226,'janeiro'),(3227,'estácio'),(3228,'ribeirão'),(3229,'preto'),(3230,'unesa'),(3231,'sao'),(3232,'claretiano'),(3233,'ceuclar'),(3234,'espaço'),(3235,'politikón'),(3236,'zôon'),(3237,'epz'),(3238,'autoconsciência'),(3239,'messiânica'),(3240,'nazaré'),(3241,'ebed'),(3242,'iahweh'),(3243,'própria'),(3244,'berît'),(3245,'biográfica'),(3246,'inviável'),(3247,'sobrepõe'),(3248,'títulos'),(3249,'messiânicos'),(3250,'cristológicos'),(3251,'assinala'),(3252,'identitária'),(3253,'teológico-literária'),(3254,'encerra'),(3255,'determinantes'),(3256,'figuras'),(3257,'filósofo'),(3258,'visionário'),(3259,'apocalíptico'),(3260,'mago'),(3261,'baseado'),(3262,'exegese'),(3263,'escapa'),(3264,'messiânico-judaica'),(3265,'ideia'),(3266,'messias'),(3267,'corresponde'),(3268,'“ungidoâ€'),(3269,'incorpora'),(3270,'“reiâ€'),(3271,'registro'),(3272,'sinótica'),(3273,'guardando'),(3274,'rabbi'),(3275,'didaskalos'),(3276,'escriba'),(3277,'contrapondo'),(3278,'mandamento'),(3279,'sagradas'),(3280,'escrituras'),(3281,'teológico-religiosa'),(3282,'instaura'),(3283,'autoritativa'),(3284,'converge'),(3285,'radicalização'),(3286,'exigência'),(3287,'proclamação'),(3288,'ilimitada'),(3289,'fundado'),(3290,'histórico-salvífica'),(3291,'detém'),(3292,'batismo'),(3293,'batista'),(3294,'evento'),(3295,'escatológico'),(3296,'implica'),(3297,'correlação'),(3298,'“cordeiro'),(3299,'sublinhando'),(3300,'carregam'),(3301,'égide'),(3302,'judaísmo'),(3303,'aliança'),(3304,'instituída'),(3305,'convergindo'),(3306,'literário-teológica'),(3307,'substituição'),(3308,'linha'),(3309,'reabilitação'),(3310,'neuropsicológica'),(3311,'2022-atual'),(3312,'extensão'),(3313,'gaiahs'),(3314,'2021-atual'),(3315,'coordenadora'),(3316,'psicopedagógico'),(3317,'talentos'),(3318,'instituto'),(3319,'principia'),(3320,'atuou'),(3321,'núcleo'),(3322,'nepahs'),(3323,'superintendência'),(3324,'afirmativas'),(3325,'sipad'),(3326,'2016-2021'),(3327,'universitária'),(3328,'integrada'),(3329,'neuropsicológico'),(3330,'adolescente'),(3331,'2014-2016'),(3332,'realizou'),(3333,'iniciação'),(3334,'resiliência'),(3335,'escolares'),(3336,'nascidos'),(3337,'pré-termo'),(3338,'neuropediatria'),(3339,'hospital'),(3340,'clínicas'),(3341,'cenep'),(3342,'edital'),(3343,'trabalhou'),(3344,'2018-2020'),(3345,'anais'),(3346,'acadêmica'),(3347,'style'),(3348,'font-weight'),(3349,'edição'),(3350,'trabalhos'),(3351,'atrelados'),(3352,'interdisciplinares'),(3353,'relativos'),(3354,'empresarial'),(3355,'oralidade'),(3356,'inclusiva'),(3357,'temáticas'),(3358,'permeiam'),(3359,'redes'),(3360,'civismo'),(3361,'socialização'),(3362,'água'),(3363,'subjetividade'),(3364,'aparecem'),(3365,'lideranças'),(3366,'diferença'),(3367,'bairro'),(3368,'fagundes'),(3369,'escolha'),(3370,'class'),(3371,'bodytext21'),(3372,'line-height'),(3373,'normal'),(3374,'font-family'),(3375,'roman'),(3376,'serif'),(3377,'padrões'),(3378,'possivelmente'),(3379,'encontram'),(3380,'seguirem'),(3381,'selecionar'),(3382,'irão'),(3383,'pregar'),(3384,'perigos'),(3385,'multiplicar'),(3386,'ênfase'),(3387,'funções'),(3388,'eclesiásticas'),(3389,'certo'),(3390,'reduzir'),(3391,'chances'),(3392,'desgaste'),(3393,'frustrações'),(3394,'candidato'),(3395,'conseguir'),(3396,'trabalhar'),(3397,'ego'),(3398,'ira'),(3399,'privilégio'),(3400,'apaziguar'),(3401,'terá'),(3402,'resultar'),(3403,'mau'),(3404,'aceitar'),(3405,'servo'),(3406,'estiver'),(3407,'disposto'),(3408,'obedecer'),(3409,'aprovado'),(3410,'abençoado'),(3411,'frutífero'),(3412,'correlações'),(3413,'aplicabilidades'),(3414,'música'),(3415,'tillich'),(3416,'desdobramentos'),(3417,'delineados'),(3418,'intrínsecos'),(3419,'manifestação'),(3420,'artística'),(3421,'transcende'),(3422,'submissa'),(3423,'musical'),(3424,'sacra'),(3425,'obras'),(3426,'músicas'),(3427,'apresentaremos'),(3428,'culto'),(3429,'externos'),(3430,'cultivo'),(3431,'tange'),(3432,'embate'),(3433,'estético'),(3434,'umberto'),(3435,'eco'),(3436,'apocalípticos'),(3437,'integrados'),(3438,'liturgia'),(3439,'ver'),(3440,'ministros'),(3441,'louvor'),(3442,'diferente'),(3443,'implantado'),(3444,'consolidado'),(3445,'transformações'),(3446,'considerava'),(3447,'fora'),(3448,'adentrem'),(3449,'mudança'),(3450,'paradigmática'),(3451,'acontecer'),(3452,'depende'),(3453,'legitimação');

--
-- Table structure for table `submission_search_object_keywords`
--

CREATE TABLE `submission_search_object_keywords` (
  `object_id` bigint NOT NULL,
  `keyword_id` bigint NOT NULL,
  `pos` int NOT NULL,
  UNIQUE KEY `submission_search_object_keywords_pkey` (`object_id`,`pos`),
  KEY `submission_search_object_keywords_keyword_id` (`keyword_id`)
) ENGINE=MyISAM DEFAULT CHARSET=latin1;

--
-- Dumping data for table `submission_search_object_keywords`
--

INSERT INTO `submission_search_object_keywords` VALUES (1991,1587,60),(1991,1588,61),(1991,706,62),(1991,2294,63),(1991,31,64),(1991,26,65),(1991,2288,66),(1991,199,67),(1991,334,68),(1991,706,69),(1991,2295,70),(1991,702,71),(1991,47,72),(1991,217,73),(1991,671,74),(1991,38,75),(1991,2296,76),(1991,34,77),(1991,150,78),(1991,170,79),(1991,561,80),(1991,73,81),(1991,2277,82),(1991,2278,83),(1991,630,84),(1991,2297,85),(1991,540,86),(1991,90,87),(1991,702,88),(1991,1992,89),(1991,328,90),(1991,169,91),(1991,107,92),(1991,2277,93),(1991,2278,94),(1991,2291,95),(1991,785,96),(1991,673,97),(1991,2298,98),(1991,150,99),(1991,2299,100),(1991,2300,101),(1991,564,102),(1991,2301,103),(1991,50,104),(1991,150,105),(1991,1511,106),(1991,1276,107),(1991,150,108),(1991,2302,109),(1991,2261,110),(1991,2300,111),(1984,2268,109),(1984,2114,110),(1984,2269,111),(1984,1929,112),(1984,417,113),(1984,2270,114),(1984,2028,115),(1984,1023,116),(1984,2265,102),(1984,521,103),(1984,106,104),(1984,1922,105),(1984,2266,106),(1984,181,107),(1984,2267,108),(1998,457,142),(1991,1348,130),(1991,1348,131),(1992,2007,0),(1996,1488,0),(1996,1489,1),(1996,3,2),(1996,4,3),(1996,178,4),(1996,453,5),(1996,454,6),(1996,455,7),(1996,456,8),(1996,3,9),(1996,4,10),(1997,524,0),(1997,939,1),(1997,471,2),(1997,170,3),(1997,457,4),(1997,2308,5),(1998,334,0),(1998,150,1),(1998,424,2),(1998,2309,3),(1998,2310,4),(1998,401,5),(1998,2311,6),(1998,1951,7),(1998,442,8),(1998,2312,9),(1998,2313,10),(1998,2314,11),(1998,785,12),(1998,800,13),(1998,2315,14),(1998,524,15),(1998,525,16),(1998,472,17),(1998,2316,18),(1998,75,19),(1998,1847,20),(1998,75,21),(1998,1075,22),(1998,613,23),(1998,199,24),(1998,2317,25),(1998,2318,26),(1998,2319,27),(1998,90,28),(1998,1366,29),(1998,2320,30),(1998,2321,31),(1998,858,32),(1998,143,33),(1998,1365,34),(1998,151,35),(1998,476,36),(1998,782,37),(1998,62,38),(1998,471,39),(1998,939,40),(1998,457,41),(1998,2308,42),(1998,150,43),(1998,501,44),(1998,73,45),(1998,409,46),(1998,2311,47),(1998,202,48),(1998,2319,49),(1998,2322,50),(1998,260,51),(1998,2323,52),(1998,1029,53),(1998,539,54),(1998,2324,55),(1998,1740,56),(1998,468,57),(1998,278,58),(1998,2325,59),(1998,388,60),(1998,722,61),(1998,276,62),(1998,2326,63),(1998,2327,64),(1998,75,65),(1998,524,66),(1998,939,67),(1998,500,68),(1998,151,69),(1998,2328,70),(1998,2329,71),(1998,500,72),(1998,2320,73),(1963,51,83),(1963,2048,84),(1963,270,85),(1963,1847,86),(1963,2049,87),(1963,2050,88),(1963,1860,89),(1963,90,90),(1963,2051,91),(1963,749,92),(1963,750,93),(1963,143,94),(1963,759,95),(1963,760,96),(1963,761,97),(1963,749,98),(1963,750,99),(1963,304,100),(1963,1847,101),(1963,581,102),(1963,1075,103),(1963,2021,104),(1963,163,105),(1963,34,106),(1963,68,107),(1963,2052,108),(1963,2053,109),(1963,150,110),(1963,155,111),(1963,237,112),(1963,1227,113),(1963,2054,114),(1963,246,115),(1963,2055,116),(1963,150,117),(1963,563,118),(1963,2055,119),(1963,423,120),(1963,10,121),(1963,2056,122),(1963,50,123),(1963,151,124),(1963,476,125),(1963,246,126),(1963,2055,127),(1963,2057,128),(1963,43,129),(1963,757,130),(1963,750,131),(1963,603,132),(1963,1085,133),(1963,2058,134),(1963,2059,135),(1963,673,136),(1963,2060,137),(1963,2061,138),(1963,34,139),(1963,2062,140),(1963,673,141),(1963,2063,142),(1963,557,143),(1963,706,144),(1963,2064,145),(1963,334,146),(1963,440,147),(1963,1075,148),(1968,2065,0),(1968,2066,1),(1968,1103,2),(1968,1047,3),(1968,1048,4),(1968,1049,5),(1968,453,6),(1968,454,7),(1968,455,8),(1968,456,9),(1968,3,10),(1968,4,11),(1969,927,0),(1969,75,1),(1969,1108,2),(1969,2027,3),(1969,2024,4),(1963,50,40),(1963,2039,41),(1963,2040,42),(1963,2041,43),(1963,135,44),(1963,257,45),(1963,2042,46),(1963,2043,47),(1963,90,48),(1963,475,49),(1963,34,50),(1963,433,51),(1963,2044,52),(1963,231,53),(1963,2037,31),(1963,2038,32),(1963,34,33),(1963,440,34),(1963,21,35),(1963,749,36),(1963,750,37),(1963,1714,38),(1963,1568,39),(1977,2225,20),(1970,2076,32),(1970,34,33),(1970,563,34),(1970,2077,35),(1970,2078,36),(1970,90,37),(1970,2027,38),(1970,2079,39),(1970,2024,40),(1970,323,41),(1970,300,42),(1970,142,43),(1970,2080,44),(1970,2081,45),(1970,2082,46),(1970,559,47),(1970,605,48),(1970,34,49),(1970,1371,50),(1970,689,51),(1970,928,52),(1970,73,53),(1970,2027,54),(1970,2083,55),(1970,2084,56),(1970,1176,57),(1970,563,58),(1970,2085,59),(1970,1260,60),(1970,2027,61),(1970,2086,62),(1970,626,63),(1970,624,64),(1970,1170,65),(1970,2087,66),(1970,34,67),(1970,647,68),(1970,75,69),(1970,2088,70),(1970,139,71),(1970,151,72),(1970,2089,73),(1970,663,74),(1970,1678,75),(1970,73,76),(1970,2024,77),(1970,2090,78),(1970,2091,79),(1970,2092,80),(1970,73,81),(1970,270,82),(1970,2093,83),(1970,1089,84),(1970,929,85),(1970,2094,86),(1970,1656,87),(1970,300,88),(1970,34,89),(1970,595,90),(1970,576,91),(1970,577,92),(1970,2095,93),(1970,1479,94),(1970,439,95),(1970,384,96),(1970,2096,97),(1970,518,98),(1970,199,99),(1970,665,100),(1970,545,101),(1970,2097,102),(1970,75,103),(1970,2024,104),(1970,388,105),(1970,2098,106),(1970,613,107),(1970,727,108),(1970,2099,109),(1970,2100,110),(1970,2101,111),(1970,2102,112),(1970,2103,113),(1970,2104,114),(1970,2105,115),(1970,199,116),(1970,142,117),(1970,2106,118),(1970,2107,119),(1683,151,17),(1683,476,18),(1683,255,19),(1683,141,20),(1970,1300,120),(1970,2108,121),(1970,442,122),(1970,315,123),(1970,2109,124),(1970,151,125),(1970,476,126),(1970,90,127),(1970,56,128),(1970,90,129),(1970,329,130),(1970,2110,131),(1970,1093,132),(1970,2111,133),(1970,124,134),(1970,63,135),(1970,2112,136),(1970,2113,137),(1970,2114,138),(1970,1137,139),(1970,63,140),(1970,2115,141),(1970,598,142),(1970,107,143),(1970,2027,144),(1970,2116,145),(1970,391,146),(1970,424,147),(1970,445,148),(1970,598,149),(1970,2117,150),(1970,2027,151),(1970,2118,152),(1970,2119,153),(1970,2120,154),(1970,1860,155),(1970,692,156),(1970,2121,157),(1970,1575,158),(1970,2024,159),(1970,150,160),(1970,546,161),(1970,2122,162),(1970,954,163),(1970,2024,164),(1971,2007,0),(1975,1339,0),(1975,2218,1),(1975,63,2),(1975,2010,3),(1975,2219,4),(1975,3,5),(1975,4,6),(1975,453,7),(1975,454,8),(1975,455,9),(1975,456,10),(1975,3,11),(1975,4,12),(1975,740,13),(1975,741,14),(1975,742,15),(1975,3,16),(1975,4,17),(1976,671,0),(1976,751,1),(1976,2220,2),(1976,1363,3),(1976,89,4),(1977,255,0),(1977,27,1),(1977,599,2),(1977,671,3),(1977,2220,4),(1977,89,5),(1977,2220,6),(1977,603,7),(1977,2221,8),(1977,2222,9),(1977,150,10),(1977,2223,11),(1977,1262,12),(1977,1770,13),(1977,589,14),(1977,2224,15),(1977,581,16),(1977,614,17),(1977,115,18),(1977,150,19),(1970,427,23),(1970,426,24),(1970,929,25),(1970,1176,26),(1970,424,27),(1970,82,28),(1970,151,29),(1970,1639,30),(1970,560,31),(1970,1736,1),(1970,2024,2),(1970,142,3),(1970,2067,4),(1970,150,5),(1970,2068,6),(1970,2069,7),(1970,1535,8),(1970,1946,9),(1970,2070,10),(1970,2071,11),(1970,2072,12),(1970,2073,13),(1970,73,14),(1970,424,15),(1970,73,16),(1970,139,17),(1970,82,18),(1970,2069,19),(1970,2074,20),(1970,2075,21),(1970,404,22),(1977,1578,97),(1977,505,30),(1977,2228,31),(1977,1256,32),(1977,1848,33),(1977,1929,34),(1977,304,35),(1977,1402,36),(1977,1285,37),(1977,150,38),(1977,75,39),(1977,2229,40),(1977,1225,41),(1977,2220,42),(1977,26,43),(1977,34,44),(1977,414,45),(1977,1869,46),(1977,621,47),(1977,85,48),(1977,158,49),(1977,348,50),(1977,1860,51),(1977,90,52),(1977,85,53),(1977,295,54),(1977,296,55),(1977,744,56),(1977,1363,57),(1977,89,58),(1977,654,59),(1977,953,60),(1977,40,61),(1977,246,62),(1977,238,63),(1977,2230,64),(1977,2231,65),(1977,1740,66),(1977,271,67),(1977,323,68),(1977,2232,69),(1977,1929,70),(1977,89,71),(1977,1085,72),(1977,623,73),(1977,1868,74),(1977,420,75),(1977,689,76),(1977,928,77),(1977,50,78),(1977,640,79),(1977,151,80),(1977,2017,81),(1977,671,82),(1977,2220,83),(1977,1098,84),(1977,142,85),(1977,1400,86),(1977,505,87),(1977,306,88),(1977,802,89),(1977,654,90),(1977,760,91),(1977,348,92),(1977,1892,93),(1977,1405,94),(1977,1528,95),(1977,2233,96),(1977,1365,26),(1977,151,27),(1977,476,28),(1977,259,29),(1977,1419,21),(1977,2226,22),(1977,2227,23),(1977,143,24),(1977,759,25),(1984,2264,101),(1984,142,3),(1984,2240,4),(1984,1313,5),(1984,571,6),(1984,2241,7),(1984,2235,8),(1984,1093,9),(1984,2028,10),(1984,2236,11),(1984,282,12),(1984,1914,13),(1984,1596,14),(1984,785,15),(1984,1983,16),(1984,77,17),(1984,2242,18),(1984,588,19),(1984,2243,20),(1984,255,21),(1984,27,22),(1984,2244,23),(1984,2245,24),(1984,560,25),(1984,1641,26),(1984,1123,27),(1984,34,28),(1984,1368,29),(1984,328,30),(1984,151,31),(1984,1585,32),(1984,581,33),(1984,614,34),(1984,142,35),(1984,102,36),(1984,2246,37),(1984,90,38),(1984,1914,39),(1984,1589,40),(1984,2079,41),(1984,2237,42),(1984,2238,43),(1984,2239,44),(1984,31,45),(1984,2247,46),(1984,415,47),(1984,2248,48),(1984,521,49),(1984,73,50),(1984,2078,51),(1984,2235,52),(1984,2249,53),(1984,2250,54),(1984,38,55),(1984,121,56),(1984,296,57),(1984,2251,58),(1984,1015,59),(1984,623,60),(1984,369,61),(1984,2252,62),(1984,939,63),(1984,2078,64),(1984,164,65),(1984,2253,66),(1984,90,67),(1984,2254,68),(1984,1929,69),(1984,568,70),(1984,2255,71),(1984,50,72),(1984,756,73),(1984,1830,74),(1984,2256,75),(1984,1363,76),(1984,1580,77),(1984,2257,78),(1984,539,79),(1984,217,80),(1984,571,81),(1984,2258,82),(1984,2259,83),(1984,2260,84),(1984,624,85),(1984,2261,86),(1984,85,87),(1984,2262,88),(1984,2080,89),(1984,1589,90),(1984,2079,91),(1984,2237,92),(1984,2263,93),(1984,614,94),(1984,115,95),(1984,284,96),(1984,673,97),(1984,521,98),(1984,296,99),(1984,415,100),(1983,2235,3),(1983,2236,4),(1984,2237,0),(1984,2238,1),(1984,2239,2),(1978,2007,0),(1982,453,0),(1982,454,1),(1982,455,2),(1982,456,3),(1982,3,4),(1982,4,5),(1982,2234,6),(1982,1251,7),(1983,1929,0),(1983,2078,1),(1983,34,2),(1991,2303,112),(1984,2114,117),(1984,2271,118),(1984,623,119),(1984,2272,120),(1984,2273,121),(1984,2274,122),(1984,50,123),(1984,623,124),(1984,298,125),(1984,581,126),(1984,602,127),(1984,2247,128),(1985,2007,0),(1989,2275,0),(1989,2276,1),(1989,3,2),(1989,4,3),(1989,736,4),(1989,456,5),(1989,913,6),(1989,914,7),(1989,915,8),(1990,2277,0),(1990,2278,1),(1990,630,2),(1991,26,0),(1991,671,1),(1991,599,2),(1991,2277,3),(1991,2278,4),(1991,630,5),(1991,323,6),(1991,2279,7),(1991,1650,8),(1991,706,9),(1991,1568,10),(1991,1476,11),(1991,540,12),(1991,2280,13),(1991,1650,14),(1991,2278,15),(1991,2281,16),(1991,1650,17),(1991,706,18),(1991,62,19),(1991,56,20),(1991,151,21),(1991,476,22),(1991,38,23),(1991,2282,24),(1991,150,25),(1991,170,26),(1991,2283,27),(1991,1676,28),(1991,1159,29),(1991,73,30),(1991,369,31),(1991,226,32),(1991,671,33),(1991,1587,34),(1991,2284,35),(1991,1650,36),(1991,2278,37),(1991,199,38),(1991,2285,39),(1991,2286,40),(1991,1405,41),(1991,2287,42),(1991,706,43),(1991,199,44),(1991,1681,45),(1991,2288,46),(1991,2289,47),(1991,2278,48),(1991,2290,49),(1991,706,50),(1991,2291,51),(1991,199,52),(1991,623,53),(1991,113,54),(1991,2292,55),(1991,1707,56),(1991,2293,57),(1991,706,58),(1991,727,59),(2047,143,8),(2047,90,7),(2047,101,6),(2047,2540,5),(2047,207,4),(2047,150,3),(2047,2541,2),(2047,671,1),(2047,26,0),(2046,2540,5),(2047,329,94),(2285,3241,125),(2285,1150,124),(2285,3298,123),(2285,106,122),(2285,3297,121),(2285,3296,120),(2285,3295,119),(2285,3294,118),(2285,90,117),(2285,3293,116),(2285,531,115),(2285,3292,114),(2285,3254,113),(2285,107,112),(2285,3242,111),(2285,3241,110),(2285,649,109),(2285,3240,108),(2285,479,107),(2285,3239,106),(2285,3238,105),(2285,3291,104),(2285,141,103),(2285,3290,102),(2285,878,101),(2285,3289,100),(2285,60,99),(2285,706,98),(2285,704,97),(2285,3288,96),(2285,3287,95),(2285,3286,94),(2285,3285,93),(2285,34,92),(2285,3284,91),(2285,3283,90),(2285,2691,89),(2285,107,88),(2285,3282,87),(2285,706,86),(2285,704,85),(2285,2738,84),(2285,3281,83),(2285,1205,82),(2285,649,81),(2285,3280,80),(2285,3279,79),(2285,75,78),(2285,3278,77),(2285,3277,76),(2285,3276,75),(2285,3252,74),(2285,1205,73),(2285,3254,72),(2285,5,71),(2285,3275,70),(2285,3274,69),(2285,932,68),(2285,3273,67),(2285,479,66),(2285,571,65),(2285,2492,64),(2285,3272,63),(2285,2738,62),(2285,3271,61),(2285,3247,60),(2285,1205,59),(2285,150,58),(2285,3270,57),(2285,217,56),(2285,3269,55),(2285,3268,54),(2285,3267,53),(2285,3266,52),(2285,1663,51),(2285,1669,50),(2285,1471,49),(2285,3265,48),(2285,3264,47),(2285,2502,46),(2285,3263,45),(2285,1667,44),(2285,962,43),(2285,2503,42),(2285,3262,41),(2285,3261,40),(2285,420,39),(2285,1365,38),(2285,3260,37),(2285,3259,36),(2285,3258,35),(2285,3257,34),(2285,2492,33),(2285,3256,32),(2285,3255,31),(2285,1579,30),(2285,90,29),(2285,3254,28),(2285,1557,27),(2285,3253,26),(2285,1205,25),(2285,3240,24),(2285,479,23),(2285,3252,22),(2285,941,21),(2285,3251,20),(2285,141,19),(2285,3250,18),(2285,3249,17),(2285,3248,16),(2285,85,15),(2285,2283,14),(2285,3171,13),(2285,107,12),(2285,3247,11),(2285,643,10),(2285,557,9),(2285,479,8),(2285,1512,7),(2285,3246,6),(2285,90,5),(2285,767,4),(2285,479,3),(2285,3245,2),(2285,1205,1),(2285,150,0),(2284,603,10),(2284,3244,9),(2284,3243,8),(2284,90,7),(2284,3242,6),(2284,3241,5),(2284,649,4),(2284,3240,3),(2284,479,2),(2284,3239,1),(2284,3238,0),(2283,2901,54),(2278,383,138),(2278,3207,137),(2278,1111,136),(2278,3206,135),(2278,3205,134),(2278,50,133),(2278,3164,132),(2278,3163,131),(2278,50,130),(2278,56,129),(2278,3204,128),(2278,1912,127),(2278,63,126),(2278,3203,125),(2278,3202,124),(2278,2070,123),(2278,415,122),(2278,1681,121),(2278,3201,120),(2278,3168,119),(2278,1408,118),(2278,3167,117),(2278,3200,116),(2278,663,115),(2278,3199,114),(2278,472,113),(2278,203,112),(2278,51,111),(2278,40,110),(2278,3198,109),(2278,3197,108),(2278,203,107),(2278,51,106),(2278,954,105),(2278,40,104),(2278,85,103),(2278,3196,102),(2278,3161,101),(2278,1205,100),(2278,1210,99),(2278,294,98),(2278,3176,97),(2278,3175,96),(2278,898,95),(2278,673,94),(2278,3195,93),(2278,3173,92),(2278,3178,91),(2278,415,90),(2278,3194,89),(2278,203,88),(2278,51,87),(2278,40,86),(2278,3193,85),(2278,75,84),(2278,298,83),(2278,415,82),(2278,3192,81),(2278,1912,80),(2278,3191,79),(2278,1769,78),(2278,3190,77),(2278,3189,76),(2278,90,75),(2278,60,74),(2278,3188,73),(2278,3187,72),(2278,3186,71),(2278,3185,70),(2278,3184,69),(2278,3183,68),(2278,3164,67),(2278,878,66),(2278,3163,65),(2278,1421,64),(2278,50,63),(2278,3161,62),(2278,1205,61),(2278,3182,60),(2278,3181,59),(2285,3300,131),(2285,3266,130),(2285,3242,129),(2285,3241,128),(2285,3299,127),(2285,3242,126),(2283,3215,20),(2283,926,19),(2283,3222,18),(2283,3231,35),(2283,3230,34),(2283,3229,33),(2283,3228,32),(2283,3227,31),(2278,3164,35),(2278,878,34),(2278,3163,33),(2278,50,32),(2278,3161,31),(2285,1143,136),(2285,3302,135),(2285,3301,134),(2285,469,133),(2285,883,132),(2269,3096,7),(2269,1489,6),(2269,1488,5),(2271,141,0),(2270,1638,11),(2270,823,10),(2270,818,9),(2270,1557,8),(2270,598,7),(2270,3137,6),(2270,3136,5),(2270,1226,4),(2270,1366,3),(2270,27,2),(2278,954,21),(2278,40,20),(2278,106,19),(2278,383,18),(2278,2348,17),(2278,3172,16),(2278,3171,15),(2278,143,14),(2278,3170,13),(2278,2388,12),(2278,63,11),(2278,3169,10),(2278,3168,9),(2278,1408,8),(2278,3167,7),(2278,2070,6),(2278,3166,5),(2278,3165,4),(2278,1421,3),(2278,3161,2),(2278,1205,1),(2278,107,0),(2278,3175,45),(2278,659,44),(2278,3174,43),(2278,898,42),(2278,3173,41),(2278,3178,40),(2278,383,39),(2278,301,38),(1961,581,48),(1961,614,49),(1961,7,50),(1961,3,51),(1961,4,52),(1961,11,53),(1961,3,54),(1961,4,55),(1961,3,56),(1961,457,57),(1961,1557,58),(1961,1558,59),(1961,2020,60),(1962,581,0),(1962,2021,1),(1962,2022,2),(1962,2023,3),(1962,1366,4),(1962,749,5),(1962,750,6),(1963,692,0),(1963,1735,1),(1963,75,2),(1963,2024,3),(1963,199,4),(1963,34,5),(1963,2025,6),(1963,2026,7),(1963,2027,8),(1963,2028,9),(1963,2029,10),(1963,2030,11),(1963,607,12),(1963,277,13),(1963,838,14),(1963,63,15),(1963,1118,16),(1963,785,17),(1963,2031,18),(1963,2028,19),(1963,2032,20),(1963,2024,21),(1963,2033,22),(1963,388,23),(1963,2034,24),(1963,1136,25),(1963,1714,26),(1963,672,27),(1963,198,28),(1963,2035,29),(1961,243,37),(1961,5,38),(1961,457,39),(1961,7,40),(1961,736,0),(1961,456,1),(1961,3,2),(1961,4,3),(1961,178,4),(1961,737,5),(1961,5,6),(1961,457,7),(1961,7,8),(1961,458,9),(1961,2017,10),(1961,2018,11),(1961,457,12),(1961,7,13),(1961,458,14),(1961,461,15),(1961,457,16),(1961,20,17),(1961,459,18),(1961,460,19),(1961,7,20),(1961,3,21),(1961,4,22),(1961,11,23),(1961,3,24),(1961,4,25),(1961,3,26),(1961,457,27),(1961,1557,28),(1961,1558,29),(1961,2019,30),(1961,453,31),(1961,454,32),(1961,455,33),(1961,456,34),(1961,3,35),(1961,4,36),(1970,124,0),(1963,400,54),(1963,1424,55),(1963,58,56),(1963,27,57),(1963,1656,58),(1963,34,59),(1963,781,60),(1963,2045,61),(1963,497,62),(1963,749,63),(1963,750,64),(1963,1253,65),(1963,63,66),(1963,2034,67),(1963,1136,68),(1963,328,69),(1963,151,70),(1963,764,71),(1963,304,72),(1963,51,73),(1963,75,74),(1963,1075,75),(1963,2021,76),(1963,2046,77),(1963,2047,78),(1963,2034,79),(1963,1136,80),(1963,496,81),(1963,768,82),(2054,147,80),(2054,146,79),(2054,107,78),(2054,173,77),(2054,971,76),(2054,1361,75),(2054,2620,74),(2054,69,73),(2054,927,72),(2054,2619,71),(2054,469,70),(2054,2618,69),(2054,673,68),(2054,420,67),(2054,146,66),(2054,2617,65),(2054,774,64),(2054,208,63),(2054,93,62),(2054,476,61),(2054,151,60),(2054,2616,59),(2054,38,58),(2054,163,57),(2054,1875,56),(2054,2615,55),(2054,90,54),(2054,2614,53),(2054,2613,52),(2054,151,51),(2054,2612,50),(2054,2611,49),(2054,624,48),(2054,2610,47),(2054,2088,46),(2054,34,45),(2054,2609,44),(2054,2608,43),(2054,420,42),(2054,150,41),(2054,2607,40),(2054,1085,39),(2054,147,38),(2054,907,37),(2054,774,36),(2054,208,35),(2054,671,34),(2054,1950,33),(2054,721,32),(2054,2606,31),(2054,2605,30),(2054,420,29),(2054,2604,28),(2054,433,27),(2054,173,26),(2054,90,25),(2054,2405,24),(2054,623,23),(2054,1085,22),(2054,774,21),(2054,208,20),(2054,774,19),(2054,6,18),(2061,2669,60),(2045,357,9),(2045,2536,8),(2045,1192,7),(2045,2535,6),(2045,4,5),(2045,3,4),(2045,2534,3),(2045,2533,2),(2045,2532,1),(2045,2531,0),(2046,207,4),(2046,150,3),(2046,774,2),(2046,6,1),(2046,2539,0),(2045,10,12),(2045,358,11),(2045,8,10),(2047,58,93),(2047,398,92),(2047,417,91),(2047,2555,90),(2047,673,89),(2047,184,88),(2047,388,87),(2047,2506,86),(2047,371,85),(2047,2453,84),(2047,2554,83),(2047,27,82),(2054,90,15),(2054,147,14),(2054,146,13),(2054,774,12),(2054,208,11),(2054,557,10),(2054,73,9),(2054,869,8),(2054,521,7),(2061,330,59),(2061,1405,58),(2052,2598,0),(2047,163,107),(2047,312,106),(2047,440,105),(2047,34,104),(2047,151,103),(2047,2558,102),(2047,2557,101),(2047,623,100),(2047,1658,99),(2047,398,98),(2047,1359,97),(2047,34,96),(2047,2556,95),(2054,671,17),(2054,1568,16),(2047,2539,42),(2047,237,41),(2047,135,40),(2047,655,39),(2047,774,38),(2047,6,37),(2047,2539,36),(2047,34,35),(2047,2546,34),(2047,184,33),(2047,1590,32),(2047,2545,31),(2047,2539,30),(2047,1678,29),(2047,655,28),(2047,38,27),(2047,763,26),(2047,143,25),(2047,2544,24),(2047,304,23),(2047,2543,22),(2047,78,21),(2047,2542,20),(2047,774,19),(2047,6,18),(2047,2539,17),(2047,34,16),(2047,1445,15),(2047,492,14),(2047,251,13),(2047,146,12),(2047,184,11),(2047,1904,10),(2047,759,9),(2283,1666,53),(2283,3231,52),(2283,3237,51),(2283,1942,50),(2283,247,49),(2283,6,48),(2283,3236,47),(2283,3235,46),(2283,3234,45),(2283,2901,44),(2283,1666,43),(2283,3231,42),(2283,3233,41),(2283,3232,40),(2283,1345,39),(2283,1344,38),(2283,2901,37),(2283,1666,36),(2047,160,47),(2047,42,46),(2047,41,45),(2047,774,44),(2047,6,43),(2047,1912,80),(2047,774,79),(2047,6,78),(2047,2539,77),(2047,34,76),(2047,2553,75),(2047,673,74),(2047,102,73),(2047,492,72),(2047,184,71),(2047,214,70),(2047,2552,69),(2047,2551,68),(2047,2550,67),(2047,1906,66),(2047,2549,65),(2047,151,64),(2047,1170,63),(2047,160,62),(2047,42,61),(2047,41,60),(2047,2548,59),(2047,774,58),(2047,6,57),(2047,251,56),(2047,198,55),(2047,2547,54),(2047,2539,53),(2047,184,52),(2047,214,51),(2047,809,50),(2047,2277,49),(2047,328,48),(2283,3221,17),(2283,3220,16),(2283,3219,15),(2283,2628,14),(2283,3218,13),(2283,926,12),(2283,3217,11),(2283,3216,10),(2283,3215,9),(2283,3214,8),(2283,3213,7),(2283,2142,6),(2283,3212,5),(2283,1345,30),(2283,1344,29),(2283,2901,28),(2283,3226,27),(2283,1386,26),(2283,3225,25),(2283,3224,24),(2283,3223,23),(2283,8,22),(2283,3216,21),(2285,603,165),(2285,3244,164),(2285,3243,163),(2285,764,162),(2285,3242,161),(2285,3241,160),(2285,3251,159),(2285,794,158),(2285,3303,157),(2285,3307,156),(2285,3255,155),(2285,292,154),(2285,90,153),(2285,3254,152),(2285,3306,151),(2285,1205,150),(2285,150,149),(2285,34,148),(2285,3305,147),(2285,1297,146),(2285,442,145),(2285,3242,144),(2285,106,143),(2285,3304,142),(2285,3303,141),(2285,3261,140),(2285,576,139),(2285,1187,138),(2285,2492,137),(2283,3212,3),(2283,3211,2),(2283,3210,1),(2283,3209,0),(2278,203,149),(2278,51,148),(2278,954,147),(2278,40,146),(2278,106,145),(2278,3208,144),(2278,3175,143),(2278,3174,142),(2278,898,141),(2278,3173,140),(2278,3178,139),(2278,3177,37),(2278,496,36),(2283,3211,4),(2278,1205,30),(2278,3176,29),(2278,3175,28),(2278,3174,27),(2278,898,26),(2278,3173,25),(2278,2427,24),(2278,203,23),(2278,51,22),(2278,3179,47),(2278,3176,46),(2271,1348,106),(2271,1840,105),(2271,118,104),(2271,3043,103),(2271,3136,102),(2271,1893,101),(2271,675,100),(2271,3156,99),(2271,563,98),(2271,3155,97),(2271,3154,96),(2271,466,95),(2271,412,94),(2271,388,93),(2271,1099,92),(2271,3153,91),(2271,440,90),(2271,1893,89),(2271,1098,88),(2271,623,87),(2271,716,86),(2271,577,85),(2271,3152,84),(2271,3151,83),(2271,3137,82),(2271,649,81),(2271,571,80),(2271,226,79),(2271,3150,78),(2271,3149,77),(2271,1075,76),(2271,2971,75),(2271,3148,74),(2271,3136,73),(2271,727,72),(2271,1019,71),(2271,571,70),(2271,271,69),(2271,440,68),(2271,793,67),(2271,571,66),(2271,3147,65),(2271,3136,64),(2271,675,63),(2271,3146,62),(2271,2508,61),(2271,3145,60),(2271,163,59),(2271,3144,58),(2271,624,57),(2271,34,56),(2271,1416,55),(2271,1072,54),(2271,1824,53),(2271,63,52),(2271,139,51),(2271,63,50),(2271,1912,49),(2271,3139,48),(2271,3137,47),(2271,3136,46),(2271,1638,45),(2271,823,44),(2271,818,43),(2271,1557,42),(2271,598,41),(2271,2520,40),(2271,3143,39),(2271,157,38),(2271,726,37),(2271,151,36),(2271,150,35),(2271,62,34),(2271,793,33),(2271,1514,32),(2271,150,31),(2271,135,30),(2271,3142,29),(2271,1361,28),(2271,2078,27),(2271,867,26),(2271,3141,25),(2271,571,24),(2271,217,23),(2271,2370,22),(2271,3140,21),(2271,90,20),(2271,3139,19),(2271,621,18),(2271,34,17),(2271,571,16),(2271,252,15),(2271,63,14),(2271,1015,13),(2271,1226,12),(2271,34,11),(2271,669,10),(2271,673,9),(2271,3138,8),(2271,646,7),(2271,2297,6),(2271,598,5),(2271,195,4),(2271,3137,3),(2271,3136,2),(2271,599,1),(2264,3108,28),(2277,292,0),(2276,3160,10),(2269,4,13),(2269,3,12),(2269,456,11),(2269,736,10),(2269,4,9),(2269,3,8),(2278,701,58),(2278,56,57),(2278,203,56),(2278,51,55),(2278,40,54),(2278,417,53),(2278,3180,52),(2278,415,51),(2278,3164,50),(2278,3163,49),(2278,50,48),(2270,793,1),(2270,2078,0),(1963,2036,30),(1961,458,41),(1961,461,42),(1961,457,43),(1961,20,44),(1961,459,45),(1961,460,46),(1961,1929,47),(2073,1929,26),(2073,460,25),(2073,459,24),(2073,20,23),(2075,895,22),(2075,568,21),(2075,608,20),(2075,97,19),(2075,261,18),(2075,117,17),(2075,424,16),(2075,2224,15),(2075,26,14),(2075,1098,13),(2075,759,12),(2075,598,11),(2075,1075,10),(2075,75,9),(2075,115,8),(2075,614,7),(2075,1979,6),(2075,34,5),(2075,598,4),(2075,145,3),(2075,599,2),(2075,27,1),(2075,255,0),(2074,115,5),(2074,614,4),(2074,1979,3),(2074,34,2),(2074,598,1),(2074,145,0),(2073,4,49),(2073,3,48),(2073,11,47),(2073,4,46),(2073,3,45),(2073,7,44),(2073,237,43),(2073,457,42),(2073,20,41),(2073,4,40),(2073,3,39),(2073,1490,38),(2073,1489,37),(2073,1488,36),(2073,1558,35),(2073,4,34),(2073,3,33),(2073,11,32),(2073,4,31),(2073,3,30),(2073,7,29),(2047,99,81),(2061,952,57),(2061,962,56),(2061,2691,55),(2061,2506,54),(2061,2690,53),(2061,714,52),(2061,1627,51),(2061,564,50),(2061,2689,49),(2061,2688,48),(2061,448,47),(2061,2687,46),(2061,651,45),(2061,2686,44),(2061,2685,43),(2061,1220,42),(2061,2684,41),(2061,1220,40),(2061,2683,39),(2061,1220,38),(2061,2667,37),(2061,2682,36),(2061,620,35),(2061,1564,34),(2061,2681,33),(2061,2680,32),(2061,564,31),(2061,2668,30),(2061,1533,29),(2061,2679,28),(2061,1309,27),(2061,2678,26),(2061,962,25),(2061,2677,24),(2061,417,23),(2061,217,22),(2061,347,21),(2061,2429,20),(2061,31,19),(2061,2676,18),(2061,427,17),(2061,404,16),(2061,805,15),(2061,195,14),(2061,962,13),(2061,2675,12),(2061,542,11),(2061,1955,10),(2061,2674,9),(2061,195,8),(2061,2673,7),(2061,1220,6),(2061,2672,5),(2061,231,4),(2061,2671,3),(2061,2670,2),(2061,962,1),(2061,2669,0),(2060,2668,4),(2060,1533,3),(2060,2667,2),(2060,68,1),(2060,150,0),(2059,4,32),(2059,3,31),(2059,529,30),(2059,1142,29),(2059,1141,28),(2059,2660,27),(2059,2659,26),(2059,2658,25),(2059,8,24),(2059,2666,23),(2059,2665,22),(2059,2664,21),(2059,174,20),(2059,2663,19),(2059,2662,18),(2059,1345,17),(2059,1344,16),(2059,31,15),(2059,2661,14),(2059,208,13),(2059,2518,12),(2059,2660,11),(2059,2659,10),(2059,2658,9),(2059,8,8),(2059,2657,7),(2059,741,6),(2059,2656,5),(2059,4,4),(2059,3,3),(2059,1490,2),(2059,1489,1),(2059,1488,0),(2054,774,82),(2054,6,81),(2262,3093,0),(2264,291,39),(2264,204,38),(2264,151,37),(2264,1521,36),(2075,1382,91),(2075,791,92),(2075,2846,93),(2075,2847,94),(2075,50,95),(2075,166,96),(2075,2848,97),(2075,2849,98),(2075,954,99),(2075,1914,100),(2075,655,101),(2075,2850,102),(2075,2851,103),(2075,1123,104),(2075,677,105),(2075,1681,106),(2075,601,107),(2075,150,108),(2075,2852,109),(2075,598,110),(2075,34,111),(2075,291,112),(2075,2853,113),(2075,1075,114),(2075,713,115),(2075,1573,116),(2075,256,117),(2075,595,118),(2075,602,119),(2075,284,120),(2075,1589,121),(2075,295,122),(2075,2854,123),(2075,2470,124),(2075,2855,125),(2075,623,126),(2075,2547,127),(2075,7,128),(2075,598,129),(2075,2856,130),(2075,489,131),(2075,479,132),(2075,2857,133),(2075,2858,134),(2075,2853,135),(2075,2859,136),(2075,952,137),(2075,2860,138),(2075,2861,139),(2075,1375,140),(2075,727,141),(2075,261,142),(2075,97,143),(2075,58,144),(2075,1433,145),(2075,199,146),(2075,1407,147),(2075,2862,148),(2075,106,149),(2075,2843,150),(2075,151,151),(2075,2863,152),(2075,415,153),(2075,146,154),(2075,347,155),(2075,217,156),(2075,479,157),(2075,2864,158),(2075,2865,159),(2075,2866,160),(2075,552,161),(2075,673,162),(2075,2867,163),(2075,75,164),(2075,1075,165),(2075,442,166),(2075,2761,167),(2075,2868,168),(2075,700,169),(2075,598,170),(2075,2752,171),(2075,1098,172),(2075,117,173),(2075,1979,174),(2075,614,175),(2075,115,176),(2075,348,177),(2075,2843,178),(2080,2932,0),(2080,1861,1),(2080,2933,2),(2080,1459,3),(2080,3,4),(2080,4,5),(2080,2934,6),(2080,12,7),(2080,461,8),(2080,457,9),(2080,7,10),(2080,3,11),(2080,4,12),(2080,453,13),(2080,454,14),(2080,455,15),(2080,456,16),(2080,3,17),(2080,4,18),(2080,5,19),(2080,243,20),(2080,457,21),(2080,7,22),(2080,458,23),(2080,2940,24),(2080,3,25),(2080,4,26),(2080,1558,27),(2080,2935,28),(2080,2936,29),(2068,137,68),(2068,2028,69),(2068,63,70),(2068,1912,71),(2068,2766,72),(2068,2773,93),(2068,497,94),(2081,1900,0),(2081,581,1),(2081,598,2),(2081,552,3),(2082,700,50),(2082,38,51),(2082,2954,52),(2082,477,53),(2082,151,54),(2082,726,55),(2082,73,56),(2082,2346,57),(2082,2942,58),(2087,3027,6),(2087,133,7),(2087,3,8),(2087,4,9),(2088,470,0),(2088,73,1),(2088,601,2),(2088,581,3),(2088,3028,4),(2088,34,5),(2088,928,6),(2082,308,124),(2082,622,125),(2082,1893,126),(2082,898,119),(2082,34,120),(2082,2964,121),(2082,1075,122),(2082,733,123),(2277,1205,1),(2089,2432,15),(2089,1427,16),(2089,711,17),(2089,3033,18),(2089,3034,19),(2089,3035,20),(2089,644,21),(2089,3036,22),(2089,714,23),(2089,489,24),(2089,231,25),(2089,1660,26),(2089,3037,27),(2089,135,28),(2089,170,29),(2089,369,30),(2089,34,31),(2089,290,32),(2089,647,33),(2089,420,34),(2089,1564,35),(2089,431,36),(2089,3038,37),(2089,2297,38),(2089,802,39),(2089,3039,40),(2089,479,41),(2089,477,42),(2089,1136,43),(2089,3040,44),(2089,3041,45),(2089,3042,46),(2089,188,47),(2089,475,48),(2089,334,49),(2089,231,50),(2089,75,51),(2089,51,52),(2089,2758,53),(2089,2390,54),(2089,206,55),(2089,188,56),(2089,3043,57),(2089,47,58),(2089,195,59),(2089,1394,60),(2089,3044,61),(2089,2526,62),(2089,3045,63),(2089,26,64),(2089,27,65),(2089,34,66),(2089,58,67),(2089,581,68),(2089,952,69),(2089,3046,70),(2089,50,71),(2089,298,72),(2089,598,73),(2089,34,74),(2089,621,75),(2089,3047,76),(2089,151,77),(2089,476,78),(2089,3048,79),(2089,3049,80),(2089,369,81),(2089,188,82),(2089,3050,83),(2089,1029,84),(2089,420,85),(2089,3051,86),(2089,1850,87),(2089,3052,88),(2089,598,89),(2089,34,90),(2089,3053,91),(2089,99,92),(2089,671,93),(2089,3030,94),(2090,2007,0),(2087,3025,0),(2082,2967,118),(2276,3159,9),(2276,8,8),(2276,3158,7),(2276,2599,6),(2276,6,5),(2276,1350,4),(2276,172,3),(2276,1102,2),(2276,133,1),(2276,3157,0),(2277,203,10),(2277,51,9),(2264,3120,110),(2264,1363,109),(2264,3119,108),(2264,188,107),(2264,3101,106),(2264,1929,105),(2264,291,104),(2264,388,103),(2264,2836,102),(2264,840,101),(2264,2113,100),(2264,97,99),(2264,1794,98),(2264,3118,97),(2264,673,96),(2264,887,95),(2264,2859,94),(2264,655,93),(2264,1645,92),(2264,420,91),(2264,51,90),(2264,323,89),(2264,304,88),(2264,3114,87),(2264,3104,86),(2264,732,85),(2264,547,84),(2264,3101,83),(2264,1929,82),(2264,90,81),(2264,540,80),(2264,759,79),(2264,143,78),(2264,3111,77),(2264,2265,76),(2264,2028,75),(2264,2698,74),(2264,673,73),(2264,1365,35),(2264,62,34),(2264,571,33),(2264,317,32),(2264,624,31),(2264,1225,30),(2264,34,29),(2269,4,4),(2264,3101,1),(2264,3100,0),(2263,10,9),(2263,3101,8),(2263,3100,7),(2263,3099,6),(2263,3098,5),(2263,614,4),(2263,3097,3),(2263,595,2),(2263,1929,1),(2263,2472,0),(2262,4,15),(2262,3,14),(2262,3096,13),(2262,1489,12),(2262,1488,11),(2262,4,10),(2262,3,9),(2262,456,8),(2262,455,7),(2262,454,6),(2262,453,5),(2262,4,4),(2262,3,3),(2262,3095,2),(2262,3094,1),(2066,132,7),(2066,2743,0),(2066,2598,1),(2066,2744,2),(2066,1648,3),(2066,3,4),(2066,4,5),(2068,601,92),(2068,1405,105),(2068,90,106),(2068,403,107),(2068,365,108),(2068,2048,109),(2069,2007,0),(2073,910,0),(2073,1249,1),(2073,2831,2),(2073,1459,3),(2073,3,4),(2073,4,5),(2073,2832,6),(2073,12,7),(2073,461,8),(2073,457,9),(2073,3,10),(2073,4,11),(2073,453,12),(2073,454,13),(2073,455,14),(2073,456,15),(2073,3,16),(2073,4,17),(2073,243,18),(2073,5,19),(2073,457,20),(2073,7,21),(2073,458,22),(2082,151,74),(2082,2957,75),(2082,1123,76),(2082,90,77),(2082,2958,78),(2082,106,79),(2082,1382,80),(2082,2959,81),(2082,1682,82),(2082,2838,83),(2082,170,84),(2082,152,85),(2082,581,86),(2082,1185,87),(2082,501,88),(2082,2960,89),(2082,583,90),(2082,1496,91),(2082,975,92),(2082,199,93),(2082,703,94),(2082,1350,95),(2082,199,96),(2082,2961,97),(2082,2962,98),(2082,571,99),(2082,2963,100),(2082,164,101),(2082,292,102),(2082,1119,103),(2082,34,104),(2082,2964,105),(2082,1587,106),(2082,2965,107),(2082,1075,108),(2082,2966,109),(2082,50,110),(2082,1161,111),(2082,2942,112),(2082,1041,113),(2082,1027,114),(2082,50,115),(2082,700,116),(2082,334,117),(2075,726,67),(2075,1682,68),(2075,2838,69),(2075,2839,70),(2075,73,71),(2082,2955,68),(2082,75,69),(2082,2956,70),(2082,1395,71),(2082,7,72),(2082,1396,73),(2075,665,24),(2075,2834,25),(2075,614,26),(2075,2835,27),(2075,75,28),(2075,261,29),(2075,97,30),(2075,143,31),(2075,759,32),(2075,38,33),(2075,540,34),(2075,135,35),(2075,1225,36),(2075,150,37),(2068,2768,84),(2068,90,85),(2068,2769,86),(2068,2770,87),(2068,2771,88),(2068,26,89),(2068,671,90),(2068,2772,91),(2068,2774,97),(2068,34,98),(2068,2775,99),(2068,2776,100),(2068,489,101),(2068,564,102),(2068,2777,103),(2068,2778,104),(2061,2668,108),(2061,90,109),(2061,1563,110),(2075,598,38),(2068,782,95),(2068,184,96),(2080,2937,30),(2068,2691,73),(2068,63,74),(2068,1887,75),(2068,2767,76),(2068,62,77),(2068,27,78),(2068,891,79),(2068,479,80),(2068,1039,81),(2068,365,82),(2068,420,83),(2075,261,77),(2075,97,78),(2075,2113,79),(2075,424,80),(2075,2841,81),(2075,2842,82),(2075,2843,83),(2075,270,84),(2075,2844,85),(2075,1109,86),(2075,2845,87),(2075,1982,88),(2075,282,89),(2075,106,90),(2081,75,4),(2081,1075,5),(2081,2941,6),(2081,50,7),(2081,1161,8),(2081,2942,9),(2081,2943,10),(2082,82,0),(2082,151,1),(2082,890,2),(2082,85,3),(2082,588,4),(2082,1161,5),(2082,2942,6),(2082,1041,7),(2082,50,8),(2082,1290,9),(2082,440,10),(2082,2943,11),(2082,2944,12),(2082,96,13),(2082,2945,14),(2082,2346,15),(2082,1041,16),(2082,643,17),(2082,440,18),(2082,1075,19),(2082,388,20),(2082,2946,21),(2082,34,22),(2082,1589,23),(2082,1564,24),(2082,2084,25),(2082,301,26),(2082,1075,27),(2082,2947,28),(2082,732,29),(2082,2948,30),(2082,868,31),(2082,1108,32),(2082,2949,33),(2082,2950,34),(2082,552,35),(2082,75,36),(2082,1075,37),(2082,2951,38),(2082,2943,39),(2082,143,40),(2082,291,41),(2082,601,42),(2082,555,43),(2075,96,72),(2075,150,73),(2075,598,74),(2075,2840,75),(2075,34,76),(2075,1098,39),(2075,34,40),(2075,1979,41),(2075,614,42),(2075,115,43),(2075,840,44),(2075,2836,45),(2075,164,46),(2075,291,47),(2075,764,48),(2075,150,49),(2075,598,50),(2075,1098,51),(2075,214,52),(2075,388,53),(2075,466,54),(2075,2837,55),(2075,34,56),(2075,188,57),(2075,145,58),(2075,424,59),(2075,56,60),(2075,2616,61),(2075,34,62),(2075,1875,63),(2075,163,64),(2075,38,65),(2075,151,66),(2075,2833,23),(2082,581,154),(2082,1041,155),(2082,622,156),(2082,2093,157),(2082,2974,158),(2082,868,159),(2082,620,160),(2082,75,161),(2082,1108,162),(2083,2007,0),(2087,528,1),(2087,2744,2),(2087,3,3),(2080,7,37),(2080,8,38),(2080,134,39),(2080,10,40),(2080,11,41),(2080,3,42),(2080,4,43),(2080,8,31),(2080,134,32),(2080,10,33),(2080,19,34),(2080,5,35),(2080,1940,36),(2082,1900,153),(2082,2973,152),(2087,4,4),(2087,3026,5),(2082,220,151),(2088,3029,7),(2082,680,127),(2082,1500,128),(2082,2968,129),(2082,1075,130),(2082,2969,131),(2082,759,132),(2082,2970,133),(2082,2960,134),(2082,1041,135),(2082,727,136),(2082,1435,137),(2082,2942,138),(2082,2971,139),(2082,199,140),(2082,1853,141),(2082,50,142),(2082,1290,143),(2082,951,144),(2082,199,145),(2082,952,146),(2082,2965,147),(2082,333,148),(2082,2972,149),(2082,50,150),(2082,1041,59),(2082,50,60),(2082,270,61),(2082,2943,62),(2082,1589,63),(2082,199,64),(2082,1589,65),(2082,474,66),(2082,1483,67),(2082,63,44),(2082,2948,45),(2082,2952,46),(2082,1573,47),(2082,2953,48),(2082,34,49),(2277,40,8),(2277,3164,7),(2277,3163,6),(2277,50,5),(2277,3162,4),(2277,1421,3),(2277,3161,2),(2089,601,8),(2089,581,9),(2089,3028,10),(2089,34,11),(2089,928,12),(2089,3029,13),(2089,3029,14),(2089,3030,0),(2089,3031,1),(2089,3032,2),(2089,26,3),(2089,27,4),(2089,2089,5),(2089,90,6),(2089,369,7),(2264,623,72),(2269,3,3),(2269,1820,2),(2269,1250,1),(2269,1819,0),(2264,3135,200),(2264,3134,199),(2264,3133,198),(2264,816,197),(2264,3132,196),(2264,3131,195),(2264,3130,194),(2264,477,193),(2264,952,192),(2264,3097,191),(2264,595,190),(2264,3129,189),(2264,3110,188),(2264,2078,187),(2264,3128,186),(2264,706,185),(2264,979,184),(2264,3127,183),(2264,3126,182),(2264,547,181),(2264,3104,180),(2264,63,179),(2264,74,178),(2264,3125,177),(2264,3099,176),(2264,3124,175),(2264,188,174),(2264,2078,173),(2264,557,172),(2264,3123,171),(2264,3104,170),(2264,90,169),(2264,885,168),(2264,1929,167),(2264,3098,166),(2264,1544,165),(2264,60,164),(2264,51,163),(2264,323,162),(2264,3104,161),(2264,732,160),(2264,547,159),(2264,3101,158),(2264,1929,157),(2264,1113,156),(2264,151,155),(2264,152,154),(2264,151,153),(2264,150,152),(2264,34,151),(2264,1564,150),(2264,2405,149),(2264,38,148),(2264,3122,147),(2264,2842,146),(2264,3104,145),(2264,564,144),(2264,2849,143),(2264,3121,142),(2264,38,141),(2264,1684,140),(2264,2839,139),(2264,2838,138),(2264,1682,137),(2264,3114,136),(2264,3104,135),(2264,34,134),(2264,726,133),(2264,151,132),(2264,150,131),(2264,38,130),(2264,2616,129),(2264,56,128),(2264,3099,127),(2264,3098,126),(2264,557,125),(2264,1128,124),(2264,188,123),(2264,3104,122),(2264,63,121),(2264,51,120),(2264,301,119),(2264,815,118),(2264,699,117),(2264,2119,116),(2264,732,115),(2264,1085,114),(2264,568,113),(2264,420,112),(2264,3101,111),(2068,1935,6),(2068,2747,7),(2068,2089,8),(2068,424,9),(2068,2752,10),(2068,2753,11),(2068,1057,12),(2068,2754,13),(2068,63,14),(2068,2755,15),(2068,712,16),(2068,1300,17),(2068,1179,18),(2068,810,19),(2068,576,20),(2068,892,21),(2068,1182,22),(2068,2756,23),(2068,50,24),(2068,700,25),(2068,142,26),(2068,90,27),(2068,143,28),(2068,144,29),(2068,73,30),(2068,2749,31),(2068,2757,32),(2068,75,33),(2068,1576,34),(2068,1109,35),(2068,557,36),(2068,397,37),(2068,1935,38),(2068,2747,39),(2068,90,40),(2068,727,41),(2068,1762,42),(2068,1074,43),(2068,2758,44),(2068,1893,45),(2068,598,46),(2068,1771,47),(2068,150,48),(2068,2759,49),(2068,2698,50),(2068,231,51),(2068,1641,52),(2068,2412,53),(2068,2760,54),(2068,815,55),(2068,442,56),(2068,166,57),(2068,442,58),(2068,2761,59),(2068,34,60),(2068,2762,61),(2068,56,62),(2068,2763,63),(2068,2764,64),(2068,2765,65),(2068,68,66),(2068,1991,67),(2061,2667,111),(2061,2697,112),(2061,2705,113),(2061,749,114),(2061,2667,115),(2061,90,116),(2061,1533,61),(2061,2668,62),(2061,2681,63),(2061,1127,64),(2061,2692,65),(2061,2311,66),(2061,2693,67),(2061,90,68),(2061,500,69),(2061,755,70),(2061,2691,71),(2061,675,72),(2061,583,73),(2061,962,74),(2061,1125,75),(2061,2694,76),(2061,2695,77),(2061,63,78),(2061,2696,79),(2061,125,80),(2061,2681,81),(2061,2691,82),(2061,2697,83),(2061,1405,84),(2061,2698,85),(2061,2699,86),(2061,217,87),(2061,2700,88),(2061,1351,89),(2061,2701,90),(2061,2702,91),(2061,1262,92),(2061,2703,93),(2061,1471,94),(2061,2704,95),(2061,26,96),(2061,141,97),(2061,142,98),(2061,90,99),(2061,143,100),(2061,782,101),(2061,50,102),(2061,166,103),(2061,151,104),(2061,476,105),(2061,27,106),(2066,131,6),(1683,142,6),(1683,1561,7),(1683,334,8),(1683,1562,9),(1683,150,10),(1683,1563,11),(1683,1564,12),(1683,231,13),(1683,1029,14),(1683,600,15),(1683,1565,16),(2061,2712,132),(2061,2713,133),(2061,2714,134),(2061,1563,135),(2061,2667,136),(2061,2715,137),(2061,2716,138),(2061,2717,139),(2061,27,140),(2061,2718,141),(2061,26,142),(2061,1533,143),(2061,50,144),(2061,227,145),(2061,2719,146),(2061,1563,147),(2061,2720,148),(2061,1176,149),(2061,2721,150),(2061,1533,151),(2061,2333,152),(2061,1913,153),(2061,931,154),(2061,962,155),(2061,1125,156),(2061,348,157),(2061,292,158),(2061,125,159),(2061,209,160),(2061,1533,161),(2061,2722,162),(2061,2723,163),(2061,2724,164),(2061,623,165),(2061,892,166),(2061,231,167),(2061,2725,168),(2061,2726,169),(2061,150,170),(2061,2727,171),(2061,2667,172),(2061,417,173),(2061,279,174),(2061,261,175),(2061,90,176),(2061,2728,177),(2061,2729,178),(2061,2730,179),(2061,2731,180),(2061,2732,181),(2061,2733,182),(2061,90,183),(2061,873,184),(2061,2734,185),(2061,1853,186),(2061,63,187),(2061,2735,188),(2061,2736,189),(2061,2737,190),(2061,60,191),(2061,90,192),(2061,2376,193),(2061,2738,194),(2061,2667,195),(2061,2739,196),(2061,75,197),(2061,2740,198),(2061,2741,199),(2061,2742,200),(2061,2708,124),(2061,2709,125),(2061,2710,126),(2061,2676,127),(2061,68,128),(2061,2682,129),(2061,60,130),(2061,2711,131),(2073,581,27),(2073,614,28),(2052,2599,1),(2052,2600,2),(2052,3,3),(2052,4,4),(2052,2601,5),(2052,2602,6),(2052,1103,7),(2052,3,8),(2052,4,9),(2052,1862,10),(2052,1192,11),(2052,2603,12),(2052,3,13),(2052,4,14),(2053,208,0),(2053,774,1),(2053,146,2),(2053,147,3),(2053,150,4),(2053,1568,5),(2053,671,6),(2053,6,7),(2053,774,8),(2054,26,0),(2054,141,1),(2054,142,2),(2054,90,3),(2054,143,4),(2054,931,5),(2054,1762,6),(2061,1572,117),(2061,34,118),(2061,505,119),(2061,2706,120),(2061,2087,121),(2061,2707,122),(2061,90,123),(2061,1533,107),(2066,133,8),(2066,3,9),(2066,4,10),(2066,913,11),(2066,914,12),(2066,915,13),(2066,3,14),(2066,4,15),(2067,751,0),(2067,1151,1),(2067,1152,2),(2067,2746,3),(2067,1935,4),(2067,2747,5),(2067,2748,6),(2067,2749,7),(2067,2750,8),(2067,571,9),(2067,404,10),(2068,255,0),(2068,671,1),(2068,368,2),(2068,73,3),(2068,397,4),(2068,2751,5),(1998,939,81),(1998,469,82),(1998,971,83),(1998,691,84),(1998,2332,85),(1998,507,86),(1998,50,87),(1998,1844,88),(1998,388,89),(1998,993,90),(1998,68,91),(1998,292,92),(1998,471,93),(1998,939,94),(1998,50,95),(1998,166,96),(1998,170,97),(1998,457,98),(1998,2308,99),(1998,557,100),(1998,2323,101),(1998,202,102),(1998,2319,103),(1998,2333,104),(1998,1913,105),(1998,1740,106),(1998,468,107),(1998,2334,108),(1998,1547,109),(1998,2335,110),(1998,2336,111),(1998,800,112),(1998,90,113),(1998,2337,114),(1998,2338,115),(1998,2339,116),(1998,334,117),(1998,2340,118),(1998,2341,119),(1998,939,120),(1998,2342,121),(1998,1739,122),(1998,685,123),(1998,2343,124),(1998,623,125),(1998,892,126),(1998,188,127),(1998,539,128),(1998,2344,129),(1998,1123,130),(1998,34,131),(1998,261,132),(1998,2345,133),(1998,50,134),(1998,166,135),(1998,2346,136),(1998,404,137),(1998,2347,138),(1998,2348,139),(1998,31,140),(1998,2319,141),(1991,2306,124),(1991,2307,125),(1991,671,126),(1991,38,127),(1991,672,128),(1991,1348,129),(1991,2288,113),(1991,2289,114),(1991,2278,115),(1991,539,116),(1991,150,117),(1991,1511,118),(1991,673,119),(1991,2304,120),(1991,1276,121),(1991,1467,122),(1991,2305,123),(2005,2386,109),(1998,304,155),(1998,1394,156),(1998,184,157),(1998,75,158),(1998,323,159),(1998,2011,160),(1998,2350,161),(1999,2007,0),(2003,1864,0),(2003,1865,1),(2003,3,2),(2003,4,3),(2003,2351,4),(2003,2352,5),(2003,2353,6),(2004,2354,0),(2004,2355,1),(2004,203,2),(2004,2356,3),(2004,1493,4),(2004,73,5),(2004,557,6),(2004,2357,7),(2005,2358,0),(2005,144,1),(2005,47,2),(2005,671,3),(2005,346,4),(2005,2354,5),(2005,2355,6),(2005,557,7),(2005,2359,8),(2005,1401,9),(2005,1195,10),(2005,158,11),(2005,1898,12),(2005,2360,13),(2005,2361,14),(2005,2362,15),(2005,1516,16),(2005,135,17),(2005,1866,18),(2005,174,19),(2005,1205,20),(2005,907,21),(2005,107,22),(2005,1195,23),(2005,2363,24),(2005,501,25),(2005,284,26),(2005,2364,27),(2005,2080,28),(2005,304,29),(2005,1897,30),(2005,1500,31),(2005,1071,32),(2005,2365,33),(2005,2366,34),(2005,2367,35),(2005,2368,36),(2005,150,37),(2005,207,38),(2005,2369,39),(2005,73,40),(2005,260,41),(2005,253,42),(2005,2370,43),(2005,73,44),(2005,941,45),(2005,2356,46),(2005,1940,47),(2005,433,48),(2012,561,21),(2012,707,22),(2012,885,23),(2012,689,24),(2012,2397,25),(2012,2401,26),(2012,188,27),(2005,291,54),(2005,2371,55),(2005,1723,56),(2005,250,57),(2005,75,58),(1998,507,74),(1998,730,75),(2005,51,59),(2005,1949,60),(2005,404,61),(2005,45,62),(2005,2356,63),(2005,800,64),(2005,90,65),(2005,188,66),(2005,2372,67),(2005,417,68),(2005,1401,69),(2005,2373,70),(2005,2374,71),(2005,433,72),(2005,2375,73),(2005,1126,74),(2005,727,75),(2005,203,76),(2005,203,49),(2005,38,50),(2005,675,51),(2005,540,52),(2005,135,53),(2026,2454,36),(2012,497,15),(2012,866,16),(2012,840,17),(2012,388,18),(2012,1582,19),(2012,475,20),(2005,2377,78),(2005,106,79),(2005,1401,80),(2005,2378,81),(2005,97,82),(2005,1177,83),(2005,2379,84),(2005,2354,85),(2005,2355,86),(2005,106,87),(2005,174,88),(2005,1206,89),(2005,388,90),(2005,2380,91),(2005,414,92),(2005,2080,93),(2005,433,94),(2005,1276,95),(2005,1082,96),(2005,2381,97),(2005,34,98),(2005,1205,99),(2005,907,100),(2005,2382,101),(2005,2383,102),(2005,673,103),(2005,1220,104),(2005,2384,105),(2005,2385,106),(2005,1857,107),(2005,90,108),(1998,347,152),(1998,838,153),(1998,475,154),(1998,2308,143),(1998,181,144),(1998,291,145),(1998,2349,146),(1998,1547,147),(1998,1747,148),(1998,892,149),(1998,1594,150),(1998,2319,151),(2012,706,97),(2005,62,123),(2005,2391,124),(2005,1493,125),(2005,2392,126),(2005,1177,127),(2005,2354,128),(2005,174,129),(2005,2393,130),(2005,2394,131),(2005,107,132),(2005,1195,133),(2005,34,134),(2005,1206,135),(2005,2361,136),(2006,2007,0),(2010,2395,0),(2010,2396,1),(2010,1604,2),(2010,3,3),(2010,4,4),(2010,1605,5),(2010,1606,6),(2010,1607,7),(2010,453,8),(2010,454,9),(2010,455,10),(2010,456,11),(2011,689,0),(2011,2397,1),(2011,150,2),(2011,878,3),(2011,1931,4),(2012,141,0),(2012,599,1),(2012,749,2),(2012,237,3),(2012,689,4),(2012,2397,5),(2012,34,6),(2012,693,7),(2012,188,8),(2012,135,9),(2012,34,10),(2012,1205,11),(2005,2376,77),(2018,479,3),(2019,26,0),(2019,141,1),(2019,329,2),(2019,150,3),(2019,151,4),(2019,157,5),(2019,50,6),(2019,166,7),(2032,2484,8),(2026,2453,30),(2026,970,31),(2026,6,32),(2026,774,33),(2026,649,34),(2026,191,35),(2012,1914,51),(2012,2408,52),(2012,1912,53),(2012,2409,54),(2012,871,55),(2012,685,56),(2012,151,57),(2012,2398,12),(2012,2399,13),(2012,2400,14),(2012,477,29),(2012,151,30),(2012,726,31),(2012,2402,32),(2012,56,33),(2012,69,34),(2012,2403,35),(2012,34,36),(2012,878,37),(2012,2404,38),(2012,34,39),(2012,151,40),(2012,2405,41),(2012,522,42),(2012,38,43),(2012,2406,44),(2012,1684,45),(2012,50,46),(2012,166,47),(2012,2407,48),(2012,1075,49),(2012,954,50),(2012,576,81),(2012,690,82),(2012,150,83),(2012,1405,84),(2012,673,85),(2012,2419,86),(2012,1444,87),(2012,707,88),(2012,142,89),(2012,2420,90),(2012,1597,91),(2012,2421,92),(2012,546,93),(2012,727,94),(2012,166,95),(2012,2422,96),(2005,203,118),(2005,2389,119),(2005,433,120),(2005,498,121),(2005,2390,122),(2005,199,110),(2005,2387,111),(2005,557,112),(2005,63,113),(2005,2388,114),(2005,107,115),(2005,744,116),(2005,721,117),(2026,248,12),(2019,655,13),(2019,154,14),(2019,1125,15),(2019,727,16),(2019,208,17),(2019,2425,18),(2019,2423,19),(2019,1134,20),(2019,1111,21),(2019,479,22),(2019,2426,23),(2019,1196,24),(2019,2427,25),(2019,1465,26),(2019,539,27),(2019,762,28),(2019,2428,29),(2019,2429,30),(2019,70,31),(2019,2430,32),(2019,673,33),(2019,2431,34),(2019,2432,35),(2019,730,36),(2019,1441,37),(2019,1309,38),(2019,2423,39),(2019,1363,40),(2019,2433,41),(2019,539,42),(2019,617,43),(2019,106,44),(2019,1161,45),(2019,209,46),(2019,73,47),(2019,328,48),(2019,143,49),(2019,2434,50),(2019,150,51),(2019,2435,52),(2019,73,53),(2019,2423,54),(2019,598,55),(2019,1012,56),(2019,2436,57),(2019,640,58),(2019,479,59),(2019,204,60),(2019,1582,61),(2019,2437,62),(2019,2438,63),(2019,62,64),(2019,1111,65),(2019,489,66),(2020,2007,0),(2024,2439,0),(2024,2440,1),(2024,1142,2),(2024,128,3),(2024,3,4),(2024,4,5),(2024,2441,6),(2024,2442,7),(2024,2443,8),(2024,1142,9),(2024,3,10),(2024,4,11),(2024,2444,12),(2024,240,13),(2024,2445,14),(2024,2446,15),(2024,239,16),(2024,240,17),(2024,241,18),(2024,242,19),(2024,3,20),(2024,4,21),(2025,2447,0),(2012,271,70),(2012,34,71),(2012,2415,72),(2012,689,73),(2012,2397,74),(2012,779,75),(2012,1893,76),(2012,2416,77),(2012,34,78),(2012,2417,79),(2012,2418,80),(2026,2455,37),(2026,2456,38),(2017,1142,1),(2017,529,2),(2017,3,3),(2017,4,4),(2018,2423,0),(2018,1134,1),(2018,1111,2),(2012,2410,59),(2012,145,60),(2012,689,61),(2012,2397,62),(2012,34,63),(2012,2411,64),(2012,2412,65),(2012,2413,66),(2012,2414,67),(2012,304,68),(2012,270,69),(2026,26,130),(2026,107,131),(2026,146,132),(2026,203,133),(2026,6,134),(2026,774,135),(2026,248,136),(2026,249,137),(2026,146,138),(2026,178,139),(2026,34,140),(2026,621,141),(2026,164,142),(2026,1908,143),(2026,2474,144),(2026,2475,145),(2026,1348,146),(2026,1867,147),(2026,1348,148),(2026,2476,149),(2026,2477,150),(2026,1348,151),(2026,133,152),(2026,1348,153),(2026,106,154),(2026,1435,155),(2026,1348,156),(2026,67,157),(2026,124,158),(2026,2447,159),(2026,75,115),(2026,2453,116),(2026,2088,117),(2026,6,118),(2026,774,119),(2026,1348,120),(2026,1276,40),(2026,885,41),(2026,135,42),(2026,2447,43),(2026,347,44),(2026,217,45),(2026,255,46),(2026,671,47),(2026,2457,48),(2026,50,49),(2026,166,50),(2026,151,51),(2026,2458,52),(2026,1348,53),(2026,1285,54),(2026,82,55),(2026,884,56),(2026,1853,57),(2026,1908,58),(2026,163,59),(2026,1416,60),(2026,1348,61),(2026,764,62),(2026,2459,63),(2026,2460,64),(2026,151,65),(2026,476,66),(2026,1729,67),(2026,1247,68),(2026,2461,69),(2026,2462,70),(2026,400,71),(2026,181,72),(2026,1348,73),(2026,58,74),(2026,27,75),(2026,2463,76),(2026,73,77),(2026,68,78),(2026,791,79),(2026,1302,80),(2026,2464,81),(2026,2465,82),(2026,6,83),(2026,774,84),(2026,2448,85),(2026,1348,86),(2026,2297,87),(2026,931,126),(2026,90,127),(2026,2447,128),(2026,541,129),(2025,6,1),(2025,774,2),(2025,188,3),(2025,135,4),(2025,34,5),(2025,433,6),(2025,75,7),(2025,2088,8),(2026,26,0),(2026,27,1),(2026,886,2),(2026,601,3),(2026,331,4),(2026,90,5),(2026,2447,6),(2026,541,7),(2026,26,8),(2026,107,9),(2026,146,10),(2026,203,11),(2019,1906,8),(2019,1470,9),(2019,2424,10),(2019,2244,11),(2019,539,12),(2013,2007,0),(2017,1141,0),(2012,476,58),(2026,60,121),(2026,26,122),(2026,27,123),(2026,2365,124),(2026,143,125),(2026,2308,166),(2026,75,167),(2026,2088,168),(2026,986,169),(2026,255,170),(2026,2480,171),(2026,150,172),(2026,203,173),(2026,673,174),(2026,2481,175),(2026,1348,176),(2027,2007,0),(2031,126,0),(2031,127,1),(2031,128,2),(2031,3,3),(2031,4,4),(2031,1,5),(2031,2,6),(2031,3,7),(2031,4,8),(2032,250,0),(2032,2083,1),(2032,11,2),(2032,231,3),(2032,124,4),(2032,75,5),(2032,2482,6),(2032,2483,7),(2026,2452,25),(2026,1379,26),(2026,345,27),(2026,135,28),(2026,75,29),(2026,249,13),(2026,146,14),(2026,178,15),(2026,1348,16),(2026,2448,17),(2026,1348,18),(2026,2449,19),(2026,1183,20),(2026,68,21),(2026,2450,22),(2026,50,23),(2026,2451,24),(2033,124,63),(2033,75,64),(2033,2500,65),(2033,34,66),(2033,621,67),(2033,151,68),(2033,541,69),(2033,2504,70),(2033,1158,71),(2033,68,72),(2033,233,73),(2033,2505,74),(2033,101,75),(2033,151,76),(2026,146,162),(2026,764,163),(2026,2478,164),(2026,2479,165),(2026,2466,88),(2026,2467,89),(2026,34,90),(2026,624,91),(2026,2468,92),(2026,369,93),(2026,2469,94),(2026,1276,95),(2026,1674,96),(2026,557,97),(2026,106,98),(2026,2447,99),(2026,649,100),(2026,2470,101),(2026,146,102),(2026,2471,103),(2026,107,104),(2026,146,105),(2026,203,106),(2026,6,107),(2026,774,108),(2026,655,109),(2026,2472,110),(2026,75,111),(2026,1211,112),(2026,2473,113),(2026,477,114),(2026,69,39),(2040,369,21),(2040,1929,22),(2040,2519,23),(2040,188,24),(2040,135,25),(2040,348,26),(2040,292,27),(2040,1082,28),(2040,2523,29),(2040,1587,30),(2040,2524,31),(2040,145,32),(2040,1929,33),(2040,2519,34),(2040,673,35),(2040,1075,36),(2040,1644,37),(2040,623,38),(2040,2525,39),(2040,581,40),(2040,614,41),(2040,1779,42),(2040,143,14),(2040,759,15),(2040,1029,16),(2040,151,17),(2040,476,18),(2040,38,19),(2040,964,20),(2026,56,161),(2033,2486,4),(2033,85,106),(2033,274,107),(2033,2512,108),(2033,398,109),(2033,2513,110),(2033,2514,111),(2034,2007,0),(2038,2515,0),(2038,2516,1),(2038,2219,2),(2038,3,3),(2038,4,4),(2038,129,5),(2038,12,6),(2038,465,7),(2038,457,8),(2038,7,9),(2038,3,10),(2038,4,11),(2038,453,12),(2038,454,13),(2038,455,14),(2038,456,15),(2038,3,16),(2038,4,17),(2038,243,18),(2038,5,19),(2038,457,20),(2038,7,21),(2038,458,22),(2038,11,23),(2038,63,24),(2038,2517,25),(2038,465,26),(2038,2518,27),(2038,457,28),(2038,3,29),(2038,4,30),(2038,1558,31),(2038,1141,32),(2038,1142,33),(2038,529,34),(2038,3,35),(2038,4,36),(2039,2510,0),(2039,753,1),(2039,1929,2),(2039,2519,3),(2040,1929,0),(2040,282,1),(2040,166,2),(2040,1427,3),(2040,34,4),(2040,1923,5),(2040,614,6),(2040,1161,7),(2040,390,8),(2040,2520,9),(2040,2521,10),(2040,2522,11),(2040,50,12),(2040,310,13),(2026,649,160),(2033,146,37),(2033,423,38),(2033,10,39),(2033,26,40),(2033,2499,41),(2033,73,42),(2033,124,43),(2033,75,44),(2033,2482,45),(2033,2483,46),(2033,2484,47),(2033,503,48),(2033,2500,49),(2033,26,50),(2033,671,51),(2033,2501,52),(2033,655,53),(2033,484,54),(2033,2502,55),(1774,1974,92),(1774,7,91),(1774,1427,90),(1774,500,89),(1774,2006,88),(1774,2005,87),(1774,167,86),(1774,75,85),(1774,62,84),(1774,151,83),(1774,473,82),(1774,38,81),(1774,2004,80),(1774,2003,79),(1774,2002,78),(1774,2001,77),(1774,563,76),(1774,150,75),(1774,39,74),(1774,671,73),(1774,509,72),(1774,2000,71),(1774,1999,70),(1774,1974,69),(1774,596,68),(1774,1260,67),(1774,1998,66),(1774,1719,65),(1774,1408,64),(1774,150,63),(1774,1974,62),(1774,412,61),(1774,75,60),(1774,62,59),(1774,1997,58),(1774,164,57),(1774,1996,56),(1774,199,55),(1774,1995,54),(2033,2496,33),(2033,2497,34),(2033,2498,35),(2033,248,36),(2040,1166,43),(2040,641,44),(2040,2526,45),(2040,2527,46),(2040,2528,47),(2040,613,48),(2040,641,49),(2040,142,50),(2040,410,51),(2040,2529,52),(2040,150,53),(2040,979,54),(2040,150,55),(2040,2530,56),(2041,2007,0),(2033,146,56),(2033,2503,57),(2033,250,58),(2033,2083,59),(2033,63,60),(2033,274,61),(2033,231,62),(2032,503,9),(2032,248,10),(2032,146,11),(2032,423,12),(2032,2485,13),(2033,250,0),(2033,2083,1),(2033,475,2),(2033,34,3),(2033,80,99),(2033,304,100),(2033,412,101),(2033,250,102),(2033,75,103),(2033,2500,104),(2033,2511,105),(2033,1872,77),(2033,2506,78),(2033,2507,79),(2033,157,80),(2033,73,81),(2033,641,82),(2033,81,83),(2033,2508,84),(2033,250,85),(2033,1412,86),(2033,1540,87),(2033,1540,88),(2033,6,89),(2033,730,90),(2033,2509,91),(2033,63,92),(2033,2510,93),(2033,2502,94),(2033,146,95),(2033,2503,96),(2033,68,97),(2033,2265,98),(1773,1143,10),(1767,1963,91),(1767,199,90),(1767,34,89),(1767,1962,88),(1767,550,87),(1767,654,86),(1767,596,85),(1767,1336,84),(1767,1961,83),(1767,1292,82),(1767,1291,81),(1767,1960,80),(1767,7,79),(1767,1959,78),(1767,600,77),(1767,669,76),(1772,3,8),(1772,7,7),(1772,457,6),(1772,461,5),(1774,34,53),(1774,1994,52),(1774,1220,51),(1774,1973,50),(1774,1993,49),(1774,328,48),(1774,1992,47),(1774,66,46),(1774,598,45),(1774,90,44),(1774,420,43),(1774,671,42),(1774,347,41),(1774,1281,40),(1774,388,39),(1774,1991,38),(1774,1990,37),(1774,1989,36),(1774,1988,35),(1774,1942,34),(1774,1987,33),(1774,1986,32),(1774,1985,31),(1774,1946,30),(1774,488,29),(1774,1984,28),(1774,51,27),(1774,1557,26),(1774,484,25),(1774,1983,24),(1774,1982,23),(1774,1506,22),(1774,101,21),(1774,1951,20),(1774,1981,19),(1774,1973,18),(1774,1980,17),(1774,106,16),(1774,1979,15),(1774,400,14),(1774,1015,13),(1774,1979,12),(1774,1978,11),(1774,1667,10),(1774,1977,9),(1774,1976,8),(1774,1975,7),(1774,1158,6),(1774,1557,5),(1774,1293,4),(1774,1387,3),(1774,150,2),(1774,373,1),(1774,282,0),(1773,1974,11),(1767,442,97),(1767,1964,96),(1767,1634,95),(1767,101,94),(1767,427,93),(1767,1941,92),(2033,63,5),(2033,1892,6),(2033,2487,7),(2033,2488,8),(2033,2489,9),(2033,34,10),(2033,2490,11),(2033,2491,12),(2033,34,13),(2033,571,14),(2033,2492,15),(2033,269,16),(2033,2493,17),(2033,2494,18),(2033,304,19),(2033,466,20),(2033,185,21),(2033,63,22),(2033,274,23),(2033,1358,24),(2033,2495,25),(2033,334,26),(2033,1176,27),(2033,145,28),(2033,250,29),(2033,2083,30),(2033,34,31),(2033,1195,32),(1772,4,4),(1772,3,3),(1772,1970,2),(1772,1969,1),(1772,1968,0),(1767,1967,103),(1767,107,102),(1767,1966,101),(1767,1965,100),(1767,649,99),(1767,346,98),(1752,150,6),(1772,913,10),(1772,4,9),(1760,47,18),(1760,1934,17),(1760,63,16),(1760,298,15),(1760,50,14),(1760,1933,13),(1760,1900,12),(1760,101,11),(1760,199,10),(1760,608,9),(1760,607,8),(1760,84,7),(1760,78,6),(1760,172,5),(1760,1540,4),(1760,1540,3),(1760,26,2),(1760,401,1),(1760,1928,0),(1759,1932,7),(1760,546,29),(1760,172,28),(1760,1935,27),(1760,761,26),(1760,348,25),(1760,1928,24),(1760,401,23),(1760,73,22),(1760,234,21),(1760,754,20),(1760,27,19),(1767,150,75),(1767,1958,74),(1767,230,73),(1767,229,72),(1767,1719,71),(1767,571,70),(1767,188,69),(1767,169,68),(1767,90,67),(1767,800,66),(1767,1957,65),(1767,1956,64),(1767,150,63),(1767,1955,62),(1767,25,61),(1767,766,60),(1767,1954,59),(1767,1953,58),(1767,1847,57),(1767,260,56),(1767,1147,55),(1767,1470,54),(1767,27,53),(1767,39,52),(1767,38,51),(1767,621,50),(1767,34,49),(1767,427,48),(1767,1941,47),(1767,489,46),(1767,488,45),(1767,1952,44),(1767,73,43),(1767,1493,42),(1767,1762,41),(1767,143,40),(1767,50,39),(1767,142,38),(1767,141,37),(1767,255,36),(1767,60,35),(1767,836,34),(1767,897,33),(1767,838,32),(1767,488,31),(1767,1952,30),(1767,78,29),(1767,1951,28),(1767,490,27),(1767,252,26),(1767,1506,25),(1767,63,24),(1767,195,23),(1767,347,22),(1767,1950,21),(1767,1949,20),(1767,50,19),(1767,1948,18),(1767,1947,17),(1767,1946,16),(1767,1945,15),(1767,102,14),(1767,142,13),(1767,424,12),(1767,1500,11),(1767,1291,10),(1767,1292,9),(1767,1527,8),(1767,393,7),(1767,1944,6),(1767,304,5),(1767,1943,4),(1767,102,3),(1767,142,2),(1767,1942,1),(1767,1941,0),(1766,427,3),(1766,1941,2),(1766,489,1),(1766,488,0),(1765,4,15),(1765,3,14),(1765,457,13),(1765,465,12),(1765,12,11),(1765,11,10),(1765,9,9),(1765,8,8),(1765,7,7),(1765,1940,6),(1765,5,5),(1765,4,4),(1765,3,3),(1765,1939,2),(1765,1938,1),(1765,1937,0),(1760,546,41),(1760,34,40),(1760,117,39),(1760,172,38),(1760,34,37),(1760,621,36),(1760,1936,35),(1760,1641,34),(1760,300,33),(1760,323,32),(1760,723,31),(1760,323,30),(1753,1903,13),(1753,1900,12),(1753,1899,11),(1753,1898,10),(1753,1902,9),(1753,1897,8),(1753,1896,7),(1753,73,6),(1753,476,5),(1753,151,4),(1753,150,3),(1753,599,2),(1753,151,1),(1753,82,0),(1752,476,8),(1752,151,7),(1772,924,17),(1772,398,16),(1772,737,15),(1772,4,14),(1772,3,13),(1772,915,12),(1772,914,11),(1773,7,9),(1773,1427,8),(1773,500,7),(1773,57,6),(1773,150,5),(1773,282,4),(1773,1973,3),(1773,1972,2),(1773,1108,1),(1773,1971,0),(1772,3,26),(1772,457,25),(1772,465,24),(1772,12,23),(1772,11,22),(1772,922,21),(1772,926,20),(1772,925,19),(1772,918,18),(1739,34,92),(1758,1927,20),(1758,12,19),(1758,11,18),(1758,458,17),(1758,7,16),(1758,457,15),(1758,5,14),(1758,4,13),(1758,3,12),(1758,1103,11),(1758,1926,10),(1758,1925,9),(1758,4,8),(1758,3,7),(1758,7,6),(1758,457,5),(1758,461,4),(1758,4,3),(1758,3,2),(1758,133,1),(1758,1924,0),(1753,1918,82),(1753,1917,81),(1753,45,80),(1753,63,79),(1753,1923,78),(1753,34,77),(1753,172,76),(1753,11,75),(1753,1922,74),(1753,1921,73),(1753,624,72),(1753,150,71),(1753,601,70),(1753,73,69),(1753,1920,68),(1753,38,67),(1753,727,66),(1753,1919,65),(1753,1919,64),(1753,1918,63),(1753,1917,62),(1753,1915,61),(1753,1916,60),(1753,90,59),(1753,60,58),(1753,335,57),(1753,1915,56),(1753,1914,55),(1753,1681,54),(1753,1913,53),(1753,675,52),(1753,38,51),(1753,1912,50),(1753,63,49),(1753,62,48),(1753,64,47),(1753,86,46),(1753,164,45),(1753,1203,44),(1753,377,43),(1753,1911,42),(1753,1910,41),(1753,1909,40),(1753,861,39),(1753,64,38),(1753,1908,37),(1753,164,36),(1753,1156,35),(1753,34,34),(1753,1907,33),(1753,521,32),(1753,1470,31),(1753,1906,30),(1753,62,29),(1753,1905,28),(1753,1903,27),(1753,1900,26),(1753,1899,25),(1753,1898,24),(1759,1931,6),(1744,129,4),(1744,4,3),(1744,3,2),(1744,1648,1),(1744,1861,0),(1739,1860,94),(1739,348,93),(1758,1491,29),(1758,457,28),(1758,20,27),(1758,4,26),(1758,3,25),(1758,456,24),(1758,686,23),(1758,4,22),(1758,3,21),(1752,1903,5),(1752,1900,4),(1752,1899,3),(1752,1898,2),(1752,1897,1),(1753,1902,23),(1753,1897,22),(1753,1896,21),(1753,106,20),(1753,557,19),(1753,1904,18),(1753,759,17),(1753,143,16),(1753,90,15),(1753,1407,14),(1759,1930,5),(1759,90,4),(1759,1929,3),(1759,546,2),(1759,172,1),(1759,1928,0),(1758,4,45),(1758,3,44),(1758,457,43),(1758,465,42),(1758,12,41),(1758,11,40),(1758,922,39),(1758,1555,38),(1758,7,37),(1758,1554,36),(1758,1553,35),(1758,460,34),(1758,5,33),(1758,4,32),(1758,3,31),(1758,7,30),(1751,244,19),(1751,7,18),(1751,6,17),(1751,243,16),(1751,4,15),(1751,3,14),(1751,1865,13),(1751,1864,12),(1751,4,11),(1751,3,10),(1751,7,9),(1751,14,8),(1751,13,7),(1751,12,6),(1751,129,5),(1751,4,4),(1751,3,3),(1751,1103,2),(1751,1895,1),(1751,1894,0),(1746,1870,103),(1746,158,102),(1746,203,101),(1746,509,100),(1746,251,99),(1746,250,98),(1746,1893,97),(1746,34,96),(1746,1867,95),(1746,1866,94),(1746,761,93),(1746,73,92),(1746,1892,91),(1746,1891,90),(1746,145,89),(1746,1890,88),(1746,1889,87),(1746,1363,86),(1746,1888,85),(1746,1887,84),(1746,1886,83),(1746,1885,82),(1746,1884,81),(1746,1883,80),(1746,388,79),(1746,1866,78),(1746,107,77),(1746,442,76),(1746,206,75),(1746,1882,74),(1746,1870,73),(1746,40,72),(1746,1869,71),(1746,1468,70),(1746,55,69),(1746,1881,68),(1746,1881,67),(1746,55,66),(1746,1866,65),(1746,1678,64),(1746,1880,63),(1746,1579,62),(1746,196,61),(1746,38,60),(1746,1879,59),(1746,163,58),(1746,417,57),(1746,1867,56),(1746,1878,55),(1746,1877,54),(1746,63,53),(1746,62,52),(1746,163,51),(1746,63,50),(1746,68,49),(1746,1873,48),(1746,75,47),(1746,1876,46),(1746,157,45),(1746,38,44),(1746,163,43),(1746,63,42),(1746,1875,41),(1746,1630,40),(1746,1874,39),(1746,1873,38),(1746,477,37),(1746,1869,36),(1746,1468,35),(1746,276,34),(1746,157,33),(1746,38,32),(1746,1872,31),(1746,152,30),(1746,151,29),(1746,1170,28),(1746,1867,27),(1746,1866,26),(1746,749,25),(1746,470,24),(1746,469,23),(1746,1870,22),(1746,40,21),(1746,1869,20),(1746,251,19),(1746,63,18),(1746,1866,17),(1746,107,16),(1746,931,15),(1746,38,14),(1746,151,13),(1746,1365,12),(1746,143,11),(1746,1660,10),(1746,231,9),(1746,433,8),(1746,203,7),(1746,1871,6),(1746,346,5),(1746,142,4),(1746,1870,3),(1746,158,2),(1746,1869,1),(1746,174,0),(1745,1870,7),(1745,158,6),(1745,1869,5),(1745,174,4),(1745,31,3),(1745,1868,2),(1745,1867,1),(1745,1866,0),(1744,4,36),(1744,3,35),(1744,14,34),(1744,13,33),(1744,12,32),(1744,11,31),(1744,244,30),(1744,7,29),(1744,6,28),(1744,243,27),(1744,4,26),(1744,3,25),(1744,1865,24),(1744,1864,23),(1744,4,22),(1744,3,21),(1744,7,20),(1744,14,19),(1744,13,18),(1744,12,17),(1744,129,16),(1744,4,15),(1744,3,14),(1744,1863,13),(1744,1862,12),(1752,1896,0),(1744,7,8),(1744,14,7),(1744,13,6),(1744,12,5),(1751,4,25),(1751,3,24),(1751,14,23),(1751,13,22),(1751,12,21),(1751,11,20),(1739,1859,91),(1739,1858,90),(1739,300,89),(1739,1067,88),(1739,1857,87),(1739,45,86),(1739,1856,85),(1739,571,84),(1739,227,83),(1739,1855,82),(1739,1854,81),(1739,1853,80),(1739,1621,79),(1739,34,78),(1739,793,77),(1744,1861,11),(1744,4,10),(1744,3,9),(1683,1567,29),(1683,34,30),(1683,689,31),(1683,388,32),(1683,722,33),(1683,260,34),(1683,184,35),(1683,689,36),(1683,800,37),(1683,90,38),(1683,150,39),(1683,1568,40),(1683,90,41),(1683,1569,42),(1690,1580,56),(1690,679,57),(1690,718,58),(1690,266,59),(1690,323,60),(1690,262,61),(1690,1592,62),(1690,1593,63),(1697,1387,48),(1697,328,49),(1697,1318,50),(1690,1602,78),(1690,1595,79),(1690,479,80),(1690,1007,81),(1690,440,82),(1690,1075,83),(1695,1603,0),(1695,1604,1),(1695,3,2),(1695,4,3),(1695,1605,4),(1695,1606,5),(1695,1607,6),(1695,3,7),(1695,4,8),(1695,5,9),(1695,457,10),(1695,7,11),(1695,3,12),(1695,1608,13),(1695,11,14),(1695,12,15),(1695,465,16),(1695,457,17),(1695,3,18),(1695,4,19),(1696,1609,0),(1696,1318,1),(1696,139,2),(1696,199,3),(1696,1013,4),(1696,598,5),(1696,67,6),(1696,34,7),(1696,1510,8),(1696,82,9),(1696,600,10),(1697,1019,0),(1697,1387,1),(1697,1610,2),(1697,46,3),(1697,1611,4),(1697,75,5),(1697,1211,6),(1697,598,7),(1697,1557,8),(1697,1612,9),(1697,1318,10),(1697,388,11),(1697,1613,12),(1697,1614,13),(1697,598,14),(1697,1615,15),(1697,442,16),(1697,128,17),(1697,1616,18),(1697,50,19),(1697,172,20),(1697,561,21),(1697,1617,22),(1697,172,23),(1697,561,24),(1697,1618,25),(1697,1619,26),(1697,717,27),(1697,44,28),(1697,46,29),(1697,139,30),(1697,1318,31),(1697,558,32),(1697,199,33),(1697,1620,34),(1697,1621,35),(1697,34,36),(1697,756,37),(1697,348,38),(1697,556,39),(1697,1622,40),(1697,1285,41),(1697,1623,42),(1697,1624,43),(1697,728,44),(1697,1625,45),(1697,1626,46),(1697,1627,47),(1704,50,66),(1704,706,67),(1704,34,68),(1704,1501,69),(1704,449,70),(1704,1666,71),(1704,1667,72),(1704,1668,73),(1690,1599,72),(1690,1600,73),(1690,1596,74),(1690,1601,75),(1690,150,55),(1683,689,48),(1697,1628,51),(1697,1629,52),(1697,598,53),(1697,1630,54),(1697,1631,55),(1697,44,56),(1697,46,57),(1697,214,58),(1697,388,59),(1697,723,60),(1697,754,61),(1697,1622,62),(1697,492,63),(1697,102,64),(1703,1651,6),(1703,323,7),(1703,1479,8),(1703,1652,9),(1704,255,0),(1704,671,1),(1704,779,2),(1704,901,3),(1704,702,4),(1704,1653,5),(1704,73,6),(1704,150,7),(1704,1089,8),(1704,1654,9),(1704,304,10),(1704,1075,11),(1704,199,12),(1704,481,13),(1704,90,14),(1704,150,15),(1704,420,16),(1704,1655,17),(1704,759,18),(1704,706,19),(1704,323,20),(1702,4,3),(1702,913,4),(1702,914,5),(1702,915,6),(1702,3,7),(1702,4,8),(1702,737,9),(1702,457,10),(1697,1632,65),(1697,1633,66),(1697,1054,67),(1697,45,68),(1697,34,69),(1697,1487,70),(1697,1634,71),(1697,479,72),(1697,50,73),(1702,3,20),(1702,4,21),(1703,1089,0),(1703,150,1),(1703,1649,2),(1703,1650,3),(1703,706,4),(1703,34,5),(1704,1655,74),(1704,759,75),(1704,1656,76),(1704,34,77),(1704,706,78),(1704,477,79),(1704,63,80),(1704,1669,81),(1704,1670,82),(1704,310,83),(1704,1671,84),(1704,1672,85),(1704,613,86),(1704,199,87),(1704,1673,88),(1704,60,89),(1704,143,90),(1704,671,91),(1704,703,92),(1704,1089,93),(1704,82,57),(1704,1089,58),(1704,1663,59),(1704,479,60),(1704,489,61),(1704,640,62),(1704,1089,63),(1704,1664,64),(1704,1665,65),(1690,719,64),(1690,1594,65),(1690,1595,66),(1690,1596,67),(1690,1597,68),(1690,323,69),(1690,262,70),(1690,1598,71),(1702,7,11),(1702,172,12),(1702,1350,13),(1702,457,14),(1702,1608,15),(1702,11,16),(1702,12,17),(1702,465,18),(1702,457,19),(1702,1648,1),(1702,3,2),(1704,34,56),(1711,1679,62),(1711,1695,63),(1711,1696,64),(1711,1697,65),(1711,90,66),(1711,600,67),(1711,388,68),(1711,1698,69),(1711,1699,70),(1711,1700,71),(1711,1701,72),(1711,1702,73),(1711,331,74),(1711,838,75),(1711,1703,76),(1711,306,77),(1711,369,78),(1711,27,79),(1711,73,80),(1711,1514,81),(1711,541,82),(1711,1704,83),(1711,865,84),(1711,457,85),(1711,607,86),(1711,1692,57),(1711,199,58),(1711,1693,59),(1711,1694,60),(1711,307,61),(1704,150,94),(1704,603,95),(1704,1656,96),(1704,34,97),(1704,706,98),(1704,1085,99),(1704,623,100),(1704,701,101),(1704,34,102),(1704,1674,103),(1704,971,104),(1704,1675,105),(1704,199,106),(1704,928,107),(1704,34,108),(1704,578,109),(1704,488,110),(1705,2007,0),(1709,1488,0),(1709,1489,1),(1709,1490,2),(1709,3,3),(1709,4,4),(1709,913,5),(1709,914,6),(1709,915,7),(1709,3,8),(1709,4,9),(1709,737,10),(1709,398,11),(1709,924,12),(1709,918,13),(1709,925,14),(1709,926,15),(1709,922,16),(1709,11,17),(1709,12,18),(1709,465,19),(1709,457,20),(1709,3,21),(1709,4,22),(1710,150,0),(1710,68,1),(1710,1676,2),(1710,1159,3),(1704,150,47),(1704,1661,48),(1704,84,49),(1704,63,50),(1704,1501,51),(1697,340,100),(1697,1642,101),(1697,1643,102),(1697,1644,103),(1697,1645,104),(1697,1646,105),(1697,255,106),(1697,401,107),(1702,1647,0),(1697,1318,74),(1697,46,75),(1697,199,76),(1697,1013,77),(1697,598,78),(1697,1037,79),(1697,91,80),(1697,1635,81),(1697,477,82),(1697,151,83),(1697,476,84),(1697,151,85),(1697,1636,86),(1697,1637,87),(1697,598,88),(1697,818,89),(1697,823,90),(1697,1638,91),(1697,82,92),(1697,151,93),(1697,1639,94),(1697,1640,95),(1697,260,96),(1697,75,97),(1697,1641,98),(1697,723,99),(1716,4,20),(1716,5,21),(1716,460,22),(1716,1553,23),(1716,1554,24),(1716,7,25),(1716,1555,26),(1716,922,27),(1716,11,28),(1716,12,29),(1716,465,30),(1716,457,31),(1716,3,32),(1716,4,33),(1717,346,0),(1717,598,1),(1717,1187,2),(1717,1735,3),(1717,1736,4),(1717,1737,5),(1718,1735,0),(1718,188,1),(1718,1738,2),(1718,1739,3),(1718,1740,4),(1718,1741,5),(1718,1742,6),(1718,1736,7),(1718,1737,8),(1718,1223,9),(1718,1581,10),(1718,1743,11),(1718,150,12),(1718,598,13),(1718,1744,14),(1718,34,15),(1718,1745,16),(1716,456,12),(1716,3,13),(1716,4,14),(1716,20,15),(1716,457,16),(1716,1491,17),(1716,7,18),(1716,3,19),(1711,608,87),(1711,871,88),(1711,31,89),(1711,1127,90),(1711,1705,91),(1711,1706,92),(1711,31,93),(1711,369,94),(1711,1707,95),(1711,1318,96),(1711,712,97),(1711,150,98),(1711,1708,99),(1711,488,100),(1711,188,101),(1711,1709,102),(1711,1710,103),(1711,1711,104),(1711,1712,105),(1711,1713,106),(1711,50,107),(1711,700,108),(1711,143,109),(1711,1365,110),(1711,151,111),(1711,476,112),(1711,1714,113),(1711,560,114),(1711,150,115),(1711,501,116),(1711,1715,117),(1711,1678,118),(1711,1514,119),(1711,522,120),(1711,1716,121),(1711,457,122),(1711,1717,123),(1711,1140,124),(1711,1718,125),(1711,1719,126),(1711,1720,127),(1711,1721,128),(1711,279,129),(1711,150,130),(1711,1514,131),(1711,199,132),(1711,122,133),(1711,90,134),(1711,150,135),(1711,1563,136),(1711,1722,137),(1711,613,138),(1711,1723,139),(1711,1724,140),(1711,858,141),(1711,217,142),(1711,34,143),(1711,1725,144),(1711,571,145),(1711,1689,49),(1711,34,50),(1711,457,51),(1711,1514,52),(1711,1690,53),(1711,1691,54),(1711,31,55),(1711,564,56),(1704,449,52),(1704,1662,53),(1704,727,54),(1704,1656,55),(1704,1479,21),(1704,1652,22),(1704,770,23),(1704,151,24),(1704,476,25),(1704,702,26),(1704,1656,27),(1704,34,28),(1704,1089,29),(1704,106,30),(1704,1501,31),(1704,449,32),(1704,1657,33),(1704,1269,34),(1704,838,35),(1704,1658,36),(1704,623,37),(1704,691,38),(1704,1659,39),(1704,1269,40),(1704,1536,41),(1704,1537,42),(1704,706,43),(1704,708,44),(1704,1276,45),(1704,1660,46),(1711,607,42),(1711,608,43),(1711,7,44),(1711,1687,45),(1711,1688,46),(1711,1672,47),(1711,541,48),(1711,1682,19),(1711,199,20),(1711,388,21),(1711,1683,22),(1711,90,23),(1711,1684,24),(1711,1685,25),(1711,90,26),(1711,150,27),(1711,1649,28),(1711,89,29),(1711,308,30),(1711,388,31),(1711,1683,32),(1711,1405,33),(1723,12,22),(1723,465,23),(1723,457,24),(1723,3,25),(1724,1759,0),(1724,1760,1),(1724,1761,2),(1725,143,0),(1725,99,1),(1725,141,2),(1725,1762,3),(1725,437,4),(1725,285,5),(1725,598,6),(1725,34,7),(1725,1759,8),(1725,1760,9),(1725,1761,10),(1725,34,11),(1725,700,12),(1725,1763,13),(1725,56,14),(1725,151,15),(1725,152,16),(1725,1764,17),(1725,1324,18),(1723,4,13),(1723,737,14),(1723,457,15),(1723,7,16),(1723,172,17),(1723,1350,18),(1723,457,19),(1723,1608,20),(1723,11,21),(1718,143,17),(1718,26,18),(1718,671,19),(1718,1746,20),(1718,417,21),(1718,880,22),(1718,509,23),(1718,712,24),(1718,1747,25),(1718,1748,26),(1718,1736,27),(1718,1737,28),(1718,626,29),(1718,887,30),(1718,164,31),(1718,1749,32),(1718,31,33),(1718,334,34),(1718,500,35),(1718,1427,36),(1718,38,37),(1718,151,38),(1718,476,39),(1718,1750,40),(1718,865,41),(1718,64,42),(1718,388,43),(1718,209,44),(1718,712,45),(1718,1751,46),(1718,627,47),(1718,1165,48),(1718,338,49),(1718,1736,50),(1718,1737,51),(1718,388,52),(1718,673,53),(1718,1752,54),(1718,1753,55),(1718,498,56),(1718,703,57),(1718,47,58),(1718,217,59),(1718,1387,60),(1718,671,61),(1711,571,14),(1711,1066,15),(1711,1630,16),(1711,1290,17),(1711,768,18),(1711,90,34),(1711,1504,35),(1711,50,36),(1711,166,37),(1711,1686,38),(1711,225,39),(1711,336,40),(1711,1355,41),(1710,1677,4),(1710,1678,5),(1710,1514,6),(1711,564,0),(1711,217,1),(1711,571,2),(1711,623,3),(1711,892,4),(1711,564,5),(1711,217,6),(1711,747,7),(1711,50,8),(1711,1679,9),(1711,388,10),(1711,1680,11),(1711,388,12),(1711,1681,13),(1723,3,12),(1725,63,69),(1725,1759,70),(1725,408,71),(1725,598,72),(1725,1784,73),(1725,50,74),(1725,1075,75),(1725,1785,76),(1725,50,77),(1725,298,78),(1725,598,79),(1725,1487,80),(1725,623,81),(1725,1786,82),(1725,188,83),(1725,978,84),(1730,1787,0),(1723,1758,1),(1723,3,2),(1723,4,3),(1723,461,4),(1723,457,5),(1723,7,6),(1723,3,7),(1723,4,8),(1723,913,9),(1718,369,67),(1718,663,68),(1718,952,69),(1718,627,70),(1718,1381,71),(1718,623,72),(1718,1754,73),(1718,675,74),(1718,34,75),(1718,598,76),(1718,1755,77),(1683,115,54),(1688,736,0),(1688,456,1),(1688,3,2),(1688,4,3),(1688,1556,4),(1688,457,5),(1688,7,6),(1688,458,7),(1688,11,8),(1688,12,9),(1688,465,10),(1688,457,11),(1688,3,12),(1688,4,13),(1688,3,14),(1688,457,15),(1688,1557,16),(1688,453,17),(1688,454,18),(1688,455,19),(1688,456,20),(1688,3,21),(1688,4,22),(1688,243,23),(1688,457,24),(1688,7,25),(1688,458,26),(1688,11,27),(1688,3,28),(1688,4,29),(1688,3,30),(1688,457,31),(1688,1557,32),(1689,135,0),(1689,1578,1),(1689,581,2),(1689,614,3),(1690,63,0),(1690,1579,1),(1690,451,2),(1690,34,3),(1690,1580,4),(1690,1581,5),(1690,75,6),(1690,1075,7),(1690,713,8),(1690,689,9),(1690,460,10),(1690,622,11),(1690,581,12),(1690,614,13),(1690,1578,14),(1690,1066,15),(1690,400,16),(1690,27,17),(1690,1582,18),(1690,62,19),(1690,63,20),(1690,398,21),(1690,1583,22),(1690,1584,23),(1690,1502,24),(1690,1578,25),(1690,1379,26),(1690,73,27),(1690,188,28),(1690,135,29),(1690,581,30),(1690,614,31),(1690,1585,32),(1690,150,33),(1690,111,34),(1690,1586,35),(1690,298,36),(1690,719,37),(1690,614,38),(1690,1587,39),(1690,1588,40),(1690,47,41),(1690,27,42),(1690,475,43),(1690,476,44),(1690,1578,45),(1690,1589,46),(1690,643,47),(1690,719,48),(1690,1590,49),(1690,1591,50),(1690,291,51),(1690,747,52),(1690,975,53),(1690,1565,54),(1683,1253,43),(1683,689,44),(1683,518,45),(1683,1559,46),(1683,1253,47),(1690,400,76),(1690,181,77),(1683,1570,49),(1683,1571,50),(1683,505,51),(1683,1572,52),(1683,1573,53),(1683,1075,55),(1683,1574,56),(1683,1575,57),(1683,1576,58),(1683,1577,59),(1683,813,21),(1683,311,22),(1683,34,23),(1683,1559,24),(1683,1253,25),(1683,689,26),(1683,1566,27),(1683,475,28),(1718,1098,78),(1718,424,79),(1718,1756,80),(1718,887,81),(1718,164,82),(1718,1749,83),(1718,31,84),(1718,1736,85),(1718,598,86),(1725,1780,61),(1725,1781,62),(1725,1782,63),(1725,106,64),(1725,1783,65),(1725,277,66),(1725,50,67),(1725,298,68),(1725,298,19),(1725,1474,20),(1725,1573,21),(1725,209,22),(1725,90,23),(1725,1765,24),(1725,1766,25),(1725,271,26),(1725,1767,27),(1725,151,28),(1725,522,29),(1725,1768,30),(1725,1630,31),(1725,150,32),(1725,1769,33),(1725,1770,34),(1725,563,35),(1725,1771,36),(1725,164,37),(1725,850,38),(1725,1772,39),(1725,404,40),(1725,1773,41),(1725,428,42),(1725,1774,43),(1725,1348,44),(1725,1165,45),(1725,150,46),(1725,75,47),(1725,1268,48),(1725,1775,49),(1725,34,50),(1725,1776,51),(1725,1075,52),(1725,1419,53),(1725,1134,54),(1725,1777,55),(1725,1778,56),(1725,34,57),(1725,82,58),(1725,1779,59),(1725,1660,60),(1730,3,13),(1730,4,14),(1730,737,15),(1730,457,16),(1730,7,17),(1730,172,18),(1730,1350,19),(1730,457,20),(1716,1731,0),(1716,1732,1),(1716,1733,2),(1716,1734,3),(1716,3,4),(1716,4,5),(1716,461,6),(1723,914,10),(1723,915,11),(1718,34,62),(1718,598,63),(1718,1653,64),(1718,70,65),(1718,255,66),(1716,457,7),(1716,7,8),(1716,3,9),(1716,4,10),(1716,686,11),(1711,1433,146),(1711,1726,147),(1711,1514,148),(1711,1727,149),(1711,150,150),(1711,624,151),(1711,501,152),(1711,237,153),(1711,602,154),(1711,1728,155),(1711,812,156),(1711,928,157),(1711,838,158),(1711,1729,159),(1711,60,160),(1711,1519,161),(1711,1730,162),(1712,2007,0),(1732,1793,2),(1732,603,3),(1732,589,4),(1732,598,5),(1732,90,6),(1732,623,7),(1732,892,8),(1732,101,9),(1732,691,10),(1732,323,11),(1732,1794,12),(1732,1795,13),(1732,851,14),(1732,589,15),(1732,90,16),(1732,1796,17),(1732,1075,18),(1732,508,19),(1732,1366,20),(1732,334,21),(1732,727,22),(1732,150,23),(1732,1797,24),(1732,106,25),(1732,1789,26),(1732,810,27),(1732,647,28),(1732,623,29),(1732,581,30),(1732,1798,31),(1732,1799,32),(1732,1800,33),(1732,1126,34),(1732,135,35),(1732,581,36),(1732,428,37),(1732,460,38),(1732,654,39),(1732,623,40),(1732,1801,41),(1732,589,42),(1732,90,43),(1732,603,44),(1732,762,45),(1732,1802,46),(1732,388,47),(1732,1803,48),(1732,260,49),(1732,1794,50),(1732,1804,51),(1732,1805,52),(1732,82,53),(1732,601,54),(1732,1806,55),(1732,63,56),(1732,1807,57),(1732,543,58),(1732,770,59),(1732,388,60),(1732,1411,61),(1732,252,62),(1732,255,63),(1732,581,64),(1732,1808,65),(1732,621,66),(1732,34,67),(1732,598,68),(1732,117,69),(1732,34,70),(1732,643,71),(1732,589,72),(1732,150,73),(1732,151,74),(1732,522,75),(1732,559,76),(1732,1809,77),(1730,4,27),(1731,559,0),(1731,727,1),(1730,1788,1),(1730,3,2),(1730,4,3),(1730,20,4),(1730,459,5),(1730,460,6),(1731,1792,8),(1732,255,0),(1732,141,1),(1730,1608,21),(1730,11,22),(1730,12,23),(1730,465,24),(1730,457,25),(1730,3,26),(1737,3,13),(1737,4,14),(1730,4,9),(1730,913,10),(1730,914,11),(1730,915,12),(1718,1085,87),(1718,654,88),(1718,1168,89),(1718,1187,90),(1718,1735,91),(1718,1736,92),(1718,1737,93),(1723,1757,0),(1731,388,2),(1731,1789,3),(1731,1790,4),(1731,34,5),(1731,647,6),(1731,1791,7),(1732,778,84),(1737,5,15),(1737,457,16),(1737,7,17),(1737,748,18),(1737,11,19),(1737,12,20),(1737,465,21),(1737,457,22),(1737,3,23),(1737,4,24),(1738,1821,0),(1738,1366,1),(1738,1822,2),(1738,1823,3),(1738,1824,4),(1739,1293,0),(1739,1825,1),(1739,1826,2),(1739,541,3),(1739,1827,4),(1739,1828,5),(1739,759,6),(1739,541,7),(1739,1829,8),(1739,571,9),(1739,75,10),(1739,1075,11),(1739,1653,12),(1739,70,13),(1739,1830,14),(1739,1831,15),(1739,487,16),(1739,1832,17),(1739,671,18),(1739,1833,19),(1739,202,20),(1739,1834,21),(1739,1835,22),(1739,1416,23),(1739,1099,24),(1739,292,25),(1739,1836,26),(1739,1837,27),(1739,1838,28),(1739,1105,29),(1739,498,30),(1739,623,31),(1739,1839,32),(1739,26,33),(1739,141,34),(1739,150,35),(1739,344,36),(1739,73,37),(1739,1114,38),(1739,1632,39),(1739,34,40),(1739,1075,41),(1739,1840,42),(1739,1822,43),(1739,195,44),(1739,1823,45),(1739,1841,46),(1739,178,47),(1739,1361,48),(1739,1842,49),(1739,1843,50),(1739,255,51),(1739,1771,52),(1739,623,53),(1739,1844,54),(1739,32,55),(1739,1845,56),(1739,90,57),(1739,626,58),(1739,1054,59),(1739,45,60),(1739,1846,61),(1739,1847,62),(1739,571,63),(1739,1848,64),(1739,1849,65),(1739,79,66),(1739,1075,67),(1739,498,68),(1739,1850,69),(1739,34,70),(1739,424,71),(1739,284,72),(1739,1225,73),(1739,1851,74),(1739,135,75),(1739,1852,76),(1737,460,7),(1732,1810,78),(1732,601,79),(1732,135,80),(1732,1811,81),(1732,1812,82),(1732,559,83),(1730,7,7),(1730,3,8),(1732,1802,85),(1732,388,86),(1732,722,87),(1732,1400,88),(1732,1813,89),(1732,588,90),(1732,1814,91),(1732,1815,92),(1732,34,93),(1732,603,94),(1732,589,95),(1732,589,96),(1732,1085,97),(1732,654,98),(1732,623,99),(1732,581,100),(1732,1816,101),(1732,50,102),(1732,1817,103),(1732,1818,104),(1737,1819,0),(1737,1250,1),(1737,1820,2),(1737,3,3),(1737,4,4),(1737,20,5),(1737,459,6),(1737,3,8),(1737,4,9),(1737,531,10),(1737,532,11),(1737,533,12),(1998,1678,80),(1998,2331,79),(1998,1140,78),(1998,150,77),(1998,2330,76),(2012,135,28),(1683,659,5),(1683,689,4),(1683,1253,3),(1683,1560,2),(1683,1108,1),(1683,607,0),(1682,598,3),(1682,689,2),(1682,1253,1),(1682,1559,0),(1681,1558,57),(1681,1557,56),(1681,457,55),(1681,3,54),(1681,4,53),(1681,3,52),(1681,11,51),(1681,458,50),(1681,7,49),(1681,457,48),(1681,1556,47),(1681,4,46),(1681,3,45),(1681,456,44),(1681,736,43),(1681,4,42),(1681,3,41),(1681,457,40),(1681,12,39),(1681,11,38),(1681,4,37),(1681,3,36),(1681,1491,35),(1681,457,34),(1681,20,33),(1681,4,32),(1681,3,31),(1681,1490,30),(1681,1489,29),(1681,1488,28),(1681,4,27),(1681,3,26),(1681,457,25),(1681,465,24),(1681,12,23),(1681,11,22),(1681,922,21),(1681,1555,20),(1681,7,19),(1681,1554,18),(1681,1553,17),(1681,460,16),(1681,5,15),(1681,4,14),(1681,3,13),(1681,7,12),(1681,1491,11),(1681,457,10),(1681,20,9),(1681,4,8),(1681,3,7),(1681,456,6),(1681,686,5),(1681,4,4),(1681,3,3),(1681,1552,2),(1681,528,1),(1681,1044,0),(1677,2007,0),(1676,1543,155),(1676,347,154),(1676,658,153),(1676,1551,152),(1676,90,151),(1676,1550,150),(1676,1549,149),(1676,754,148),(1676,1269,147),(1676,1176,146),(1676,986,145),(1676,1540,144),(1676,1387,143),(1676,34,142),(1676,987,141),(1676,1543,140),(1676,58,139),(1676,1543,138),(1676,347,137),(1676,1548,136),(1676,1143,135),(1676,1547,134),(1676,1387,133),(1676,1546,132),(1676,1545,131),(1676,1544,130),(1676,706,129),(1676,1143,128),(1676,1543,127),(1676,1542,126),(1676,188,125),(1676,1176,124),(1676,652,123),(1676,706,122),(1676,1143,121),(1676,90,120),(1676,1269,119),(1676,1541,118),(1676,1540,117),(1676,73,116),(1676,344,115),(1676,427,114),(1676,1539,113),(1676,1538,112),(1676,706,111),(1676,1537,110),(1676,1536,109),(1676,90,108),(1676,1535,107),(1676,1269,106),(1676,457,105),(1676,292,104),(1676,1534,103),(1676,195,102),(1676,442,101),(1676,1533,100),(1676,1269,99),(1676,27,98),(1676,1532,97),(1676,1001,96),(1676,1531,95),(1676,151,94),(1676,82,93),(1676,1530,92),(1676,1529,91),(1676,1528,90),(1676,1527,89),(1676,466,88),(1676,166,87),(1676,50,86),(1676,1526,85),(1676,393,84),(1676,73,83),(1676,1525,82),(1676,144,81),(1676,1524,80),(1676,60,79),(1676,665,78),(1676,1269,77),(1676,457,76),(1676,1523,75),(1676,501,74),(1676,150,73),(1676,477,72),(1676,1514,71),(1676,1246,70),(1676,1522,69),(1676,706,68),(1676,34,67),(1676,576,66),(1676,372,65),(1676,1187,64),(1676,291,63),(1676,143,62),(1676,90,61),(1676,142,60),(1676,27,59),(1676,26,58),(1676,1505,57),(1676,1521,56),(1676,1170,55),(1676,1176,54),(1676,1520,53),(1676,1269,52),(1676,457,51),(1676,150,50),(1676,477,49),(1676,1514,48),(1676,1246,47),(1676,1519,46),(1676,1518,45),(1676,1159,44),(1676,1517,43),(1676,328,42),(1676,150,41),(1676,1492,40),(1676,1516,39),(1676,1515,38),(1676,1514,37),(1676,1246,36),(1676,1513,35),(1676,1505,34),(1676,1512,33),(1676,1511,32),(1676,150,31),(1676,891,30),(1676,1510,29),(1676,1509,28),(1676,1508,27),(1676,1507,26),(1676,1506,25),(1676,1505,24),(1676,288,23),(1676,150,22),(1662,146,14),(1662,203,15),(1662,304,16),(1662,1402,17),(1662,1403,18),(1662,623,19),(1662,1404,20),(1662,1405,21),(1662,1406,22),(1662,58,23),(1662,671,24),(1662,1407,25),(1662,90,26),(1662,113,27),(1662,143,28),(1662,931,29),(1662,1408,30),(1662,1409,31),(1662,75,32),(1662,1211,33),(1662,63,34),(1662,398,35),(1662,1410,36),(1662,1411,37),(1662,1412,38),(1662,1413,39),(1662,753,40),(1662,8,41),(1662,134,42),(1662,1386,43),(1662,1387,44),(1662,1388,45),(1662,90,46),(1662,420,47),(1662,885,48),(1662,90,49),(1662,1414,50),(1662,503,51),(1662,158,52),(1662,172,53),(1662,166,54),(1662,1395,55),(1662,1396,56),(1662,34,57),(1662,700,58),(1662,38,59),(1662,39,60),(1662,27,61),(1662,1415,62),(1662,62,63),(1662,75,64),(1662,1416,65),(1662,370,66),(1662,1417,67),(1662,1418,68),(1662,1412,69),(1662,1419,70),(1662,1405,71),(1662,1073,72),(1662,1420,73),(1662,1421,74),(1662,90,75),(1662,1422,76),(1662,107,77),(1662,503,78),(1662,1419,79),(1662,172,80),(1662,348,81),(1662,1423,82),(1662,158,83),(1662,166,84),(1662,1424,85),(1662,199,86),(1662,1425,87),(1662,38,88),(1662,675,89),(1662,540,90),(1662,1426,91),(1662,1427,92),(1662,34,93),(1662,1147,94),(1662,75,95),(1662,1211,96),(1662,1428,97),(1662,1429,98),(1662,50,99),(1662,1430,100),(1662,1431,101),(1662,1432,102),(1662,1433,103),(1662,636,104),(1662,623,105),(1662,39,106),(1662,1434,107),(1662,50,108),(1662,298,109),(1662,63,110),(1662,158,111),(1662,1435,112),(1662,1436,113),(1662,34,114),(1662,1276,115),(1662,75,116),(1662,1211,117),(1662,1437,118),(1662,727,119),(1662,164,120),(1662,861,121),(1662,90,122),(1662,1211,123),(1662,1438,124),(1662,1439,125),(1662,1372,126),(1662,1373,127),(1662,1440,128),(1662,817,129),(1662,1441,130),(1662,1442,131),(1662,1443,132),(1662,31,133),(1662,564,134),(1662,6,135),(1662,90,136),(1662,232,137),(1662,199,138),(1662,1295,139),(1662,1444,140),(1662,34,141),(1662,548,142),(1662,1111,143),(1662,1445,144),(1662,7,145),(1662,1419,146),(1662,1446,147),(1662,1447,148),(1662,1448,149),(1662,1240,150),(1662,1449,151),(1662,1401,152),(1662,503,153),(1662,172,154),(1662,348,155),(1662,158,156),(1663,2007,0),(1667,1450,0),(1667,1451,1),(1667,1452,2),(1667,8,3),(1667,134,4),(1667,1453,5),(1667,1454,6),(1667,6,7),(1667,7,8),(1667,1455,9),(1667,1456,10),(1667,1457,11),(1667,1458,12),(1667,1459,13),(1667,8,14),(1667,134,15),(1667,1453,16),(1667,129,17),(1667,6,18),(1667,774,19),(1667,7,20),(1667,1455,21),(1667,1339,22),(1667,1460,23),(1667,1461,24),(1667,1462,25),(1667,1463,26),(1667,8,27),(1667,134,28),(1667,1464,29),(1667,1465,30),(1667,243,31),(1667,6,32),(1667,7,33),(1667,1466,34),(1667,11,35),(1667,8,36),(1667,134,37),(1667,1453,38),(1668,761,0),(1668,1467,1),(1668,258,2),(1668,250,3),(1668,251,4),(1668,1468,5),(1669,26,0),(1669,962,1),(1669,279,2),(1669,1469,3),(1669,1470,4),(1669,345,5),(1669,63,6),(1669,1268,7),(1669,761,8),(1669,1467,9),(1669,522,10),(1669,27,11),(1669,250,12),(1669,251,13),(1669,800,14),(1669,90,15),(1669,145,16),(1669,963,17),(1669,1471,18),(1669,1472,19),(1669,34,20),(1669,424,21),(1669,60,22),(1669,762,23),(1669,1442,24),(1669,1473,25),(1669,119,26),(1669,1474,27),(1669,250,28),(1669,1475,29),(1669,342,30),(1669,730,31),(1669,256,32),(1669,754,33),(1669,250,34),(1669,1476,35),(1669,251,36),(1669,1477,37),(1669,1478,38),(1669,362,39),(1669,370,40),(1669,1479,41),(1669,184,42),(1669,1480,43),(1669,90,44),(1669,229,45),(1669,230,46),(1669,1481,47),(1669,378,48),(1669,962,49),(1669,250,50),(1669,1482,51),(1669,90,52),(1669,1442,53),(1669,523,54),(1669,50,55),(1669,1176,56),(1669,571,57),(1669,613,58),(1669,188,59),(1669,1483,60),(1669,1476,61),(1669,1484,62),(1669,34,63),(1669,1485,64),(1669,342,65),(1669,800,66),(1669,90,67),(1669,34,68),(1669,1486,69),(1669,1487,70),(1669,404,71),(1669,836,72),(1669,6,73),(1669,341,74),(1670,2007,0),(1674,1488,0),(1674,1489,1),(1674,1490,2),(1674,20,3),(1674,457,4),(1674,1491,5),(1674,3,6),(1674,4,7),(1674,11,8),(1674,3,9),(1674,4,10),(1674,1141,11),(1674,1142,12),(1674,529,13),(1674,3,14),(1674,4,15),(1674,5,16),(1674,457,17),(1674,748,18),(1674,11,19),(1674,3,20),(1674,4,21),(1675,1492,0),(1675,457,1),(1675,1493,2),(1675,1494,3),(1675,62,4),(1675,457,5),(1675,1269,6),(1676,1492,0),(1676,27,1),(1676,1495,2),(1676,1496,3),(1676,1203,4),(1676,549,5),(1676,27,6),(1676,858,7),(1676,345,8),(1676,75,9),(1676,1497,10),(1676,257,11),(1676,1498,12),(1676,1499,13),(1676,1500,14),(1676,63,15),(1676,1501,16),(1676,1502,17),(1676,694,18),(1676,1503,19),(1676,1229,20),(1676,1504,21),(1662,424,9),(1662,963,10),(1662,106,11),(1662,768,12),(1662,1401,13),(1661,166,3),(1661,1395,4),(1661,1396,5),(1662,1397,0),(1662,1395,1),(1662,1396,2),(1662,1398,3),(1662,785,4),(1662,1399,5),(1662,1400,6),(1662,437,7),(1662,571,8),(1661,3057,2),(1661,503,1),(1661,1394,0),(1660,1393,18),(1660,1392,17),(1660,1391,16),(1660,1390,15),(1660,174,14),(1660,1389,13),(1660,7,12),(1660,6,11),(1660,737,10),(1660,1388,9),(1660,1387,8),(1660,1386,7),(1660,358,6),(1660,8,5),(1660,357,4),(1660,133,3),(1660,1385,2),(1660,1384,1),(1660,1383,0),(1656,2007,0),(1655,293,87),(1655,1382,86),(1655,63,85),(1655,1381,84),(1655,1380,83),(1655,838,82),(1655,953,81),(1655,34,80),(1655,1352,79),(1655,1351,78),(1655,1205,77),(1655,73,76),(1655,1379,75),(1655,675,74),(1655,38,73),(1655,1378,72),(1655,62,71),(1655,476,70),(1655,207,69),(1655,150,68),(1655,157,67),(1655,38,66),(1655,328,65),(1655,1170,64),(1655,1377,63),(1655,34,62),(1655,1352,61),(1655,1351,60),(1655,1205,59),(1655,166,58),(1655,50,57),(1655,1358,56),(1655,348,55),(1655,63,54),(1655,1376,53),(1655,327,52),(1655,69,51),(1655,1375,50),(1655,1374,49),(1655,1140,48),(1655,150,47),(1655,62,46),(1655,1373,45),(1655,1372,44),(1655,1371,43),(1655,34,42),(1655,646,41),(1655,498,40),(1655,1350,39),(1655,6,38),(1655,1370,37),(1655,251,36),(1655,90,35),(1655,1369,34),(1655,328,33),(1655,1368,32),(1655,1367,31),(1655,1366,30),(1655,1365,29),(1655,231,28),(1655,1364,27),(1655,1093,26),(1655,883,25),(1655,564,24),(1655,1363,23),(1655,1362,22),(1655,424,21),(1655,1361,20),(1655,1360,19),(1655,1359,18),(1655,649,17),(1655,1358,16),(1655,348,15),(1655,250,14),(1655,582,13),(1655,1357,12),(1655,1349,11),(1655,188,10),(1655,1356,9),(1655,388,8),(1655,1355,7),(1655,270,6),(1655,1354,5),(1655,1350,4),(1655,6,3),(1655,195,2),(1655,1353,1),(1655,174,0),(1654,1352,8),(1654,1351,7),(1654,1205,6),(1654,1350,5),(1654,6,4),(1654,1349,3),(1654,34,2),(1654,251,1),(1654,250,0),(1653,1346,36),(1653,1345,35),(1653,1344,34),(1648,1260,63),(1648,1261,64),(1648,1262,65),(1648,195,66),(1648,1283,67),(1648,1284,68),(1648,1285,69),(1648,1114,70),(1648,90,71),(1648,288,72),(1648,1286,73),(1648,1287,74),(1648,1288,75),(1648,1289,76),(1648,1290,77),(1648,1245,78),(1648,1291,79),(1648,1292,80),(1648,1293,81),(1648,603,82),(1648,706,83),(1648,1294,84),(1648,1295,85),(1648,1296,86),(1648,1297,87),(1648,50,88),(1648,886,89),(1648,63,90),(1648,1298,91),(1648,1299,92),(1648,1300,93),(1648,1261,94),(1648,1262,95),(1648,38,96),(1648,1208,97),(1648,751,98),(1648,1301,99),(1648,34,100),(1648,1259,101),(1648,1285,102),(1648,440,103),(1648,1302,104),(1648,1075,105),(1648,727,106),(1648,1303,107),(1648,1304,108),(1648,1305,109),(1648,1306,110),(1648,323,111),(1648,1307,112),(1648,1308,113),(1648,673,114),(1648,1309,115),(1648,603,116),(1648,1310,117),(1648,1311,118),(1648,1312,119),(1648,1313,120),(1648,1314,121),(1648,1315,122),(1648,578,123),(1648,135,124),(1648,63,125),(1648,398,126),(1648,75,127),(1648,1316,128),(1648,208,129),(1648,1317,130),(1648,1318,131),(1648,1319,132),(1648,1320,133),(1648,1259,134),(1648,1321,135),(1648,1322,136),(1648,400,137),(1648,671,138),(1648,1323,139),(1648,785,140),(1648,1324,141),(1648,1325,142),(1648,584,143),(1648,1300,144),(1648,1261,145),(1648,38,146),(1648,1326,147),(1648,1327,148),(1648,1328,149),(1648,117,150),(1648,1259,151),(1648,1329,152),(1648,1330,153),(1648,598,154),(1648,1331,155),(1648,34,156),(1648,1332,157),(1653,2016,0),(1653,1334,1),(1653,1335,2),(1653,1103,3),(1653,8,4),(1653,1336,5),(1653,134,6),(1653,10,7),(1653,5,8),(1653,250,9),(1653,1337,10),(1653,744,11),(1653,1336,12),(1653,146,13),(1653,147,14),(1653,1338,15),(1653,1339,16),(1653,1340,17),(1653,1341,18),(1653,1342,19),(1653,1343,20),(1653,1344,21),(1653,1345,22),(1653,1346,23),(1653,1347,24),(1653,5,25),(1653,146,26),(1653,524,27),(1653,147,28),(1653,1338,29),(1653,1348,30),(1653,11,31),(1653,3,32),(1653,4,33),(1648,1258,58),(1648,1259,59),(1648,1282,60),(1648,34,61),(1648,1205,62),(1648,475,50),(1648,1280,51),(1648,1271,52),(1648,164,53),(1648,1281,54),(1648,791,55),(1648,1256,56),(1648,73,57),(1632,14,25),(1632,3,26),(1632,4,27),(1627,225,133),(1627,63,134),(1627,158,135),(1627,226,136),(1627,154,137),(1627,50,138),(1627,227,139),(1627,164,140),(1627,228,141),(1627,229,142),(1627,230,143),(1627,231,144),(1627,232,145),(1627,233,146),(1627,234,147),(1627,75,148),(1627,235,149),(1627,236,150),(1627,169,151),(1627,107,152),(1632,239,0),(1632,240,1),(1632,241,2),(1632,242,3),(1632,3,4),(1640,366,5),(1640,367,6),(1632,4,5),(1632,243,6),(1634,43,94),(1632,12,23),(1632,13,24),(1634,291,60),(1634,292,61),(1634,293,62),(1634,294,63),(1634,250,64),(1576,3,35),(1576,4,36),(1592,733,82),(1592,721,83),(1592,442,84),(1592,576,85),(1597,527,0),(1597,528,1),(1597,529,2),(1576,352,11),(1576,353,12),(1576,357,13),(1576,8,14),(1576,358,15),(1576,10,16),(1576,5,17),(1576,457,18),(1576,7,19),(1576,357,20),(1576,8,21),(1576,358,22),(1576,10,23),(1576,354,24),(1576,355,25),(1576,356,26),(1576,633,27),(1576,8,28),(1576,358,29),(1576,10,30),(1576,11,31),(1576,12,32),(1576,465,33),(1576,457,34),(1647,1256,0),(1647,1257,1),(1647,50,2),(1647,1258,3),(1647,1259,4),(1647,34,5),(1647,1205,6),(1647,1260,7),(1647,1261,8),(1647,1262,9),(1648,63,0),(1648,1263,1),(1648,50,2),(1648,260,3),(1648,393,4),(1648,1264,5),(1648,747,6),(1648,598,7),(1648,38,8),(1648,1258,9),(1648,1259,10),(1648,1265,11),(1648,113,12),(1648,1266,13),(1648,330,14),(1648,645,15),(1648,544,16),(1648,1267,17),(1648,143,18),(1648,763,19),(1648,99,20),(1648,671,21),(1648,38,22),(1648,1247,23),(1648,214,24),(1648,164,25),(1648,1268,26),(1648,1079,27),(1648,1256,28),(1648,190,29),(1648,1259,30),(1648,1269,31),(1648,1260,32),(1648,1261,33),(1648,1262,34),(1648,164,35),(1648,1270,36),(1648,1271,37),(1648,1272,38),(1648,1273,39),(1648,621,40),(1648,1274,41),(1648,90,42),(1648,1275,43),(1648,1276,44),(1648,1277,45),(1648,1278,46),(1648,369,47),(1648,1261,48),(1571,808,40),(1571,291,41),(1571,791,42),(1571,801,31),(1571,564,32),(1571,802,33),(1571,28,34),(1571,803,35),(1571,804,36),(1571,805,37),(1571,806,38),(1571,807,39),(1571,673,30),(1599,546,49),(1599,460,50),(1599,541,51),(1599,565,52),(1599,566,53),(1599,348,54),(1599,567,55),(1599,331,56),(1599,546,57),(1599,460,58),(1599,566,59),(1599,568,60),(1599,569,61),(1599,440,62),(1599,51,63),(1599,570,64),(1599,271,65),(1599,571,66),(1599,560,67),(1599,521,68),(1599,572,69),(1571,811,48),(1571,812,49),(1571,727,50),(1571,813,51),(1571,26,52),(1571,671,53),(1571,814,54),(1571,815,55),(1571,106,56),(1571,375,57),(1571,605,58),(1571,816,59),(1571,795,60),(1571,817,61),(1571,818,62),(1571,819,63),(1571,820,64),(1571,821,65),(1571,822,66),(1571,823,67),(1571,388,68),(1571,824,69),(1571,825,70),(1571,717,71),(1571,826,72),(1571,792,73),(1571,793,74),(1571,204,75),(1571,827,76),(1571,798,77),(1571,792,43),(1571,571,44),(1571,809,45),(1571,810,46),(1571,428,47),(1599,558,36),(1599,559,37),(1599,560,38),(1599,540,3),(1627,149,18),(1627,150,19),(1627,151,20),(1627,152,21),(1627,153,22),(1627,154,23),(1627,155,24),(1627,150,25),(1625,13,24),(1625,14,25),(1625,15,26),(1625,4,27),(1626,135,0),(1626,136,1),(1626,137,2),(1626,138,3),(1626,6,4),(1626,139,5),(1626,140,6),(1627,26,0),(1632,6,7),(1632,7,8),(1632,8,9),(1627,224,129),(1641,404,104),(1641,427,105),(1641,428,106),(1641,429,107),(1627,137,9),(1632,245,13),(1632,246,14),(1632,247,15),(1627,170,130),(1627,171,131),(1627,11,132),(1571,214,9),(1571,792,10),(1571,571,11),(1571,793,12),(1571,58,13),(1571,794,14),(1571,797,15),(1571,770,16),(1598,536,5),(1598,537,6),(1598,538,7),(1598,460,8),(1599,82,0),(1599,151,1),(1599,539,2),(1597,4,8),(1597,531,9),(1597,532,10),(1597,533,11),(1597,3,12),(1597,4,13),(1597,5,14),(1597,457,15),(1597,534,16),(1578,348,13),(1570,793,4),(1571,255,0),(1571,671,1),(1571,204,2),(1571,551,3),(1571,90,4),(1571,28,5),(1571,794,6),(1571,795,7),(1576,634,37),(1576,7,38),(1576,357,39),(1576,8,40),(1576,358,41),(1576,10,42),(1577,346,0),(1577,598,1),(1577,581,2),(1577,348,3),(1577,490,4),(1578,26,0),(1578,141,1),(1578,635,2),(1578,291,3),(1578,477,4),(1578,151,5),(1576,12,6),(1576,465,7),(1576,457,8),(1576,3,9),(1576,4,10),(1571,621,19),(1571,799,20),(1571,150,21),(1571,151,22),(1571,476,23),(1571,73,24),(1571,747,25),(1571,794,26),(1571,800,27),(1571,90,28),(1571,195,29),(1599,150,43),(1599,546,44),(1599,460,45),(1599,540,46),(1599,563,47),(1599,564,48),(1571,798,17),(1571,34,18),(1597,530,3),(1597,3,4),(1597,4,5),(1597,129,6),(1597,3,7),(1599,475,39),(1599,561,40),(1599,34,41),(1599,562,42),(1634,34,130),(1632,11,22),(1632,178,21),(1632,146,20),(1632,249,19),(1632,248,18),(1632,173,17),(1632,146,16),(1585,479,18),(1585,478,17),(1585,477,16),(1585,476,15),(1585,475,14),(1585,151,13),(1585,474,12),(1585,27,11),(1585,473,10),(1585,90,9),(1634,271,29),(1634,270,28),(1634,290,59),(1634,34,58),(1634,289,57),(1634,288,56),(1634,90,55),(1634,287,54),(1634,286,53),(1634,285,52),(1634,150,51),(1634,284,50),(1634,283,49),(1634,195,48),(1634,47,47),(1634,282,46),(1634,331,139),(1634,330,138),(1634,329,137),(1634,90,136),(1634,328,135),(1634,264,134),(1634,263,133),(1634,327,132),(1634,326,131),(1634,75,27),(1634,269,26),(1634,268,25),(1634,267,24),(1634,266,23),(1634,265,22),(1599,541,5),(1599,90,4),(1571,796,8),(1597,457,23),(1597,465,22),(1597,12,21),(1597,11,20),(1597,244,19),(1597,445,18),(1597,535,17),(1604,5,30),(1604,244,29),(1604,7,28),(1604,747,27),(1604,746,26),(1604,461,25),(1604,745,24),(1604,744,23),(1604,743,22),(1604,742,21),(1604,741,20),(1604,740,19),(1604,4,18),(1604,3,17),(1604,457,16),(1604,465,15),(1604,12,14),(1604,11,13),(1576,128,1),(1592,720,53),(1599,75,7),(1599,542,6),(1627,199,87),(1627,158,86),(1627,198,85),(1627,197,84),(1627,137,83),(1627,90,82),(1627,196,81),(1627,195,80),(1627,194,79),(1627,193,78),(1627,192,77),(1627,191,76),(1627,90,75),(1627,138,74),(1627,137,73),(1627,136,72),(1627,190,71),(1627,189,70),(1627,188,69),(1627,50,68),(1627,187,67),(1627,186,66),(1627,185,65),(1627,184,64),(1627,90,63),(1627,60,62),(1627,183,61),(1627,182,60),(1627,181,59),(1627,180,58),(1627,164,57),(1627,179,56),(1627,178,55),(1627,177,54),(1627,176,53),(1606,750,10),(1606,758,9),(1606,750,8),(1606,757,7),(1606,667,6),(1606,756,5),(1606,755,4),(1606,673,3),(1606,754,2),(1583,12,24),(1583,11,23),(1583,464,22),(1583,7,21),(1583,463,20),(1583,462,19),(1583,4,18),(1585,472,8),(1585,471,7),(1585,470,6),(1585,469,5),(1585,270,4),(1585,468,3),(1585,106,2),(1585,467,1),(1585,466,0),(1584,471,7),(1584,470,6),(1584,469,5),(1584,270,4),(1584,468,3),(1584,106,2),(1584,467,1),(1584,466,0),(1583,4,28),(1583,3,27),(1583,457,26),(1583,465,25),(1618,21,23),(1618,22,24),(1613,90,65),(1613,598,66),(1613,622,67),(1613,623,68),(1613,624,69),(1613,625,70),(1613,34,71),(1613,626,72),(1613,255,73),(1613,627,74),(1618,1,0),(1618,2,1),(1627,200,88),(1627,199,89),(1627,201,90),(1627,202,91),(1627,137,92),(1627,138,93),(1627,90,94),(1613,581,16),(1613,602,17),(1613,603,18),(1613,596,19),(1640,363,1),(1640,364,2),(1640,75,3),(1640,365,4),(1620,52,29),(1620,53,30),(1606,706,11),(1606,603,12),(1606,143,13),(1606,759,14),(1606,99,15),(1606,143,24),(1606,763,25),(1606,764,26),(1606,67,27),(1606,207,28),(1606,476,29),(1606,749,30),(1604,457,31),(1604,7,32),(1604,748,33),(1605,749,0),(1605,750,1),(1605,188,2),(1605,751,3),(1605,571,4),(1605,752,5),(1605,753,6),(1605,581,7),(1605,614,8),(1606,689,0),(1606,614,1),(1620,47,23),(1620,32,24),(1620,48,25),(1620,49,26),(1620,50,27),(1620,51,28),(1613,188,10),(1613,595,11),(1613,115,12),(1613,597,13),(1613,598,14),(1618,11,25),(1618,12,26),(1618,13,27),(1618,14,28),(1618,23,29),(1619,24,0),(1619,25,1),(1620,26,0),(1620,27,1),(1620,28,2),(1620,29,3),(1620,30,4),(1620,31,5),(1620,32,6),(1620,33,7),(1620,34,8),(1620,12,9),(1620,1927,10),(1620,24,11),(1620,36,12),(1620,37,13),(1620,38,14),(1620,39,15),(1620,40,16),(1620,41,17),(1620,42,18),(1620,43,19),(1620,44,20),(1620,45,21),(1620,46,22),(1585,485,29),(1585,486,30),(1618,4,20),(1618,19,21),(1618,20,22),(1641,406,67),(1606,141,16),(1606,760,17),(1606,761,18),(1606,749,19),(1606,750,20),(1606,689,21),(1613,252,30),(1613,607,31),(1641,90,108),(1627,191,95),(1585,34,28),(1641,405,66),(1634,303,85),(1634,304,86),(1634,271,87),(1634,272,88),(1634,305,89),(1634,306,90),(1634,263,91),(1634,264,92),(1634,247,93),(1613,142,20),(1613,90,21),(1613,143,22),(1613,604,23),(1613,559,24),(1613,605,25),(1613,606,26),(1613,490,27),(1611,457,29),(1611,3,30),(1606,614,22),(1606,762,23),(1641,407,68),(1641,408,69),(1606,750,31),(1606,183,32),(1606,90,33),(1641,181,141),(1641,447,142),(1641,448,143),(1641,63,144),(1641,364,145),(1641,449,146),(1641,75,147),(1641,450,148),(1641,451,149),(1641,75,70),(1641,365,71),(1641,90,72),(1641,409,73),(1641,410,74),(1641,362,39),(1641,363,40),(1641,388,41),(1641,389,42),(1641,50,43),(1641,270,44),(1641,390,45),(1641,391,46),(1641,392,47),(1641,393,48),(1641,394,49),(1641,395,50),(1641,396,51),(1641,397,52),(1641,398,53),(1641,73,54),(1641,399,55),(1641,400,56),(1641,401,57),(1641,402,58),(1641,75,59),(1641,382,60),(1641,106,61),(1641,403,62),(1641,365,63),(1641,367,64),(1641,404,65),(1634,301,81),(1634,302,82),(1634,247,83),(1634,282,84),(1634,250,76),(1634,273,77),(1634,150,78),(1634,189,79),(1634,199,80),(1634,150,75),(1585,62,85),(1585,63,86),(1585,514,87),(1641,411,136),(1611,3,9),(1611,4,10),(1611,453,11),(1611,454,12),(1611,455,13),(1611,456,14),(1611,3,15),(1611,4,16),(1611,5,17),(1634,75,118),(1634,320,119),(1634,321,120),(1634,269,121),(1634,322,122),(1571,828,78),(1571,829,79),(1571,761,80),(1571,800,81),(1571,90,82),(1571,830,83),(1571,831,84),(1571,832,85),(1571,90,86),(1571,833,87),(1571,834,88),(1571,835,89),(1571,836,90),(1571,428,91),(1571,571,92),(1571,563,93),(1571,837,94),(1571,488,95),(1571,50,96),(1571,232,97),(1571,838,98),(1571,839,99),(1571,840,100),(1571,841,101),(1571,807,102),(1571,700,103),(1571,518,104),(1571,671,105),(1571,842,106),(1571,145,107),(1571,63,108),(1571,398,109),(1571,795,110),(1571,34,111),(1571,424,112),(1571,843,113),(1613,611,38),(1613,612,39),(1613,613,40),(1613,303,41),(1613,601,42),(1613,581,43),(1613,460,44),(1613,614,45),(1613,7,46),(1613,151,47),(1613,476,48),(1613,38,49),(1613,615,50),(1613,616,51),(1613,617,52),(1613,73,53),(1613,595,54),(1613,115,55),(1613,490,56),(1613,106,57),(1613,618,58),(1613,605,59),(1613,619,60),(1613,620,61),(1613,598,62),(1613,621,63),(1613,596,64),(1613,34,15),(1613,608,32),(1613,609,33),(1613,522,34),(1613,596,35),(1613,199,36),(1613,610,37),(1641,63,109),(1641,430,110),(1641,431,111),(1641,432,112),(1641,433,113),(1641,434,114),(1641,435,115),(1641,63,116),(1641,364,117),(1641,75,118),(1641,365,119),(1641,436,120),(1641,307,121),(1641,437,122),(1641,438,123),(1641,439,124),(1641,422,97),(1641,423,98),(1641,424,99),(1641,425,100),(1641,75,101),(1641,365,102),(1641,3056,103),(1634,146,151),(1634,220,152),(1634,338,153),(1634,339,154),(1634,340,155),(1634,341,156),(1634,342,157),(1634,247,158),(1634,343,159),(1634,255,160),(1634,141,161),(1634,150,162),(1634,344,163),(1634,345,164),(1634,346,165),(1634,174,166),(1634,347,167),(1634,195,168),(1634,348,169),(1634,349,170),(1634,350,171),(1634,351,172),(1634,146,173),(1634,247,174),(1634,258,175),(1635,2007,0),(1639,352,0),(1639,353,1),(1639,3,2),(1639,4,3),(1639,354,4),(1639,355,5),(1639,356,6),(1639,7,7),(1639,357,8),(1639,8,9),(1639,358,10),(1639,10,11),(1639,359,12),(1639,5,13),(1639,360,14),(1639,7,15),(1639,357,16),(1639,8,17),(1639,358,18),(1639,361,19),(1639,359,20),(1640,362,0),(1627,141,1),(1627,142,2),(1627,50,3),(1627,143,4),(1627,144,5),(1627,73,6),(1627,145,7),(1627,136,8),(1634,63,65),(1634,295,66),(1634,296,67),(1634,6,68),(1634,297,69),(1634,298,70),(1634,218,71),(1634,299,72),(1634,75,73),(1634,300,74),(1585,507,76),(1585,508,77),(1585,509,78),(1585,501,79),(1585,510,80),(1585,511,81),(1585,352,82),(1585,512,83),(1585,513,84),(1599,179,71),(1599,556,72),(1599,559,73),(1599,573,74),(1598,252,3),(1598,75,4),(1585,515,88),(1585,516,89),(1585,517,90),(1585,518,91),(1585,497,92),(1585,471,93),(1597,3,24),(1585,60,67),(1585,503,68),(1585,106,69),(1585,468,70),(1585,270,71),(1585,504,72),(1585,505,73),(1585,506,74),(1585,500,75),(1599,301,70),(1599,85,35),(1599,557,34),(1599,556,33),(1599,63,32),(1599,555,31),(1599,214,30),(1599,546,29),(1599,554,28),(1599,198,27),(1599,553,26),(1599,199,25),(1599,552,24),(1592,673,60),(1592,723,59),(1592,722,58),(1592,164,57),(1592,721,56),(1592,348,55),(1592,693,54),(1599,579,86),(1599,578,85),(1599,90,87),(1604,739,12),(1604,7,11),(1604,738,10),(1604,461,9),(1604,359,8),(1604,7,7),(1576,631,0),(1641,387,38),(1641,386,37),(1604,457,6),(1604,737,5),(1604,5,4),(1604,4,3),(1604,3,2),(1604,456,1),(1604,736,0),(1599,588,107),(1599,587,106),(1599,586,105),(1599,585,104),(1599,546,103),(1599,460,102),(1599,459,101),(1599,542,100),(1599,584,99),(1599,34,98),(1599,237,97),(1599,583,96),(1599,577,95),(1599,576,94),(1599,582,93),(1599,90,92),(1599,460,91),(1599,546,90),(1599,581,89),(1599,580,88),(1592,702,25),(1592,701,24),(1592,38,23),(1592,700,22),(1592,34,21),(1592,699,20),(1592,348,19),(1592,475,50),(1592,718,49),(1599,301,23),(1599,551,22),(1599,459,21),(1599,550,20),(1599,50,19),(1599,549,18),(1599,548,17),(1599,547,16),(1599,460,15),(1599,546,14),(1599,150,13),(1599,545,12),(1599,214,11),(1599,544,10),(1599,543,9),(1599,536,8),(1592,666,9),(1592,576,8),(1592,442,7),(1592,695,6),(1592,694,5),(1592,693,4),(1592,397,3),(1592,692,2),(1592,691,1),(1592,101,0),(1591,690,1),(1591,689,0),(1590,4,30),(1590,3,29),(1590,457,28),(1590,12,27),(1590,11,26),(1590,244,25),(1590,7,24),(1590,688,23),(1590,687,22),(1590,461,21),(1590,4,20),(1590,3,19),(1590,7,18),(1590,457,17),(1590,20,16),(1590,4,15),(1590,3,14),(1590,456,13),(1590,686,12),(1590,4,11),(1590,3,10),(1590,457,9),(1590,465,8),(1590,12,7),(1585,440,64),(1585,519,95),(1585,498,94),(1592,693,81),(1592,732,80),(1592,420,79),(1592,90,78),(1592,689,77),(1592,731,76),(1598,63,2),(1598,68,1),(1598,150,0),(1597,4,25),(1585,75,104),(1585,271,103),(1585,440,102),(1592,706,45),(1592,716,46),(1592,717,47),(1592,34,48),(1592,724,61),(1592,63,62),(1592,721,63),(1592,725,64),(1592,153,65),(1592,726,66),(1592,375,67),(1592,209,68),(1592,727,69),(1592,545,70),(1592,728,71),(1592,498,72),(1592,729,73),(1592,730,74),(1592,38,75),(1599,574,75),(1599,575,76),(1599,459,77),(1599,460,78),(1599,91,79),(1599,51,80),(1599,576,81),(1599,577,82),(1599,50,83),(1599,227,84),(1592,34,26),(1592,703,27),(1592,704,28),(1592,705,29),(1592,706,30),(1620,102,93),(1620,103,94),(1620,104,95),(1620,81,96),(1620,105,97),(1620,106,98),(1620,107,99),(1620,108,100),(1620,25,101),(1620,90,102),(1578,649,34),(1578,650,35),(1578,618,36),(1578,651,37),(1578,652,38),(1578,581,39),(1578,602,40),(1578,596,41),(1585,520,96),(1585,521,97),(1585,522,98),(1585,457,99),(1585,90,100),(1592,712,41),(1592,713,42),(1592,714,43),(1592,715,44),(1625,134,20),(1625,10,21),(1625,11,22),(1625,12,23),(1620,80,62),(1620,68,63),(1620,54,31),(1620,55,32),(1620,56,33),(1620,57,34),(1620,34,35),(1620,58,36),(1620,59,37),(1620,60,38),(1620,61,39),(1620,62,40),(1592,34,51),(1592,719,52),(1592,38,10),(1592,696,11),(1592,477,12),(1592,151,13),(1592,476,14),(1592,150,15),(1592,420,16),(1592,697,17),(1592,698,18),(1592,34,31),(1592,707,32),(1592,106,33),(1592,708,34),(1592,709,35),(1592,700,36),(1592,710,37),(1592,711,38),(1592,34,39),(1592,693,40),(1585,523,101),(1613,557,9),(1648,1279,49),(1625,8,19),(1625,7,18),(1625,6,17),(1625,5,16),(1625,4,15),(1625,3,14),(1625,133,13),(1625,132,12),(1576,129,5),(1576,4,4),(1576,3,3),(1576,632,2),(1625,129,5),(1625,4,4),(1620,24,45),(1620,66,44),(1620,65,43),(1620,64,42),(1620,63,41),(1620,73,52),(1620,72,51),(1620,71,50),(1620,70,49),(1620,69,48),(1620,68,47),(1620,67,46),(1627,203,97),(1627,34,96),(1627,223,128),(1627,85,127),(1627,222,126),(1627,221,125),(1627,220,124),(1627,219,123),(1627,164,122),(1627,218,121),(1627,68,120),(1627,34,119),(1627,148,118),(1627,146,117),(1627,206,116),(1627,138,115),(1627,137,114),(1627,145,113),(1627,217,112),(1627,216,111),(1627,215,110),(1627,214,109),(1627,213,108),(1627,212,107),(1627,211,106),(1627,210,105),(1627,90,104),(1578,648,33),(1578,348,32),(1578,647,31),(1578,646,30),(1578,645,29),(1578,489,28),(1578,479,27),(1578,644,26),(1578,643,25),(1590,129,6),(1590,4,5),(1590,3,4),(1590,685,3),(1590,684,2),(1590,683,1),(1590,682,0),(1646,1249,0),(1646,1250,1),(1646,133,2),(1646,1251,3),(1646,3,4),(1646,4,5),(1646,1252,6),(1646,1253,7),(1646,1254,8),(1646,1255,9),(1646,410,10),(1646,357,11),(1646,8,12),(1646,358,13),(1646,10,14),(1646,11,15),(1646,3,16),(1646,4,17),(1585,471,58),(1585,497,57),(1585,151,56),(1585,26,55),(1585,34,54),(1620,101,92),(1620,100,91),(1620,99,90),(1585,525,106),(1585,524,105),(1585,502,66),(1585,468,65),(1578,31,24),(1578,642,23),(1578,38,22),(1578,581,21),(1578,107,20),(1578,347,19),(1578,641,18),(1578,640,17),(1578,415,16),(1578,639,15),(1578,638,14),(1578,646,48),(1578,655,47),(1578,654,46),(1578,598,45),(1578,653,44),(1578,75,43),(1578,150,42),(1585,501,63),(1585,500,62),(1585,90,61),(1585,499,60),(1585,498,59),(1578,669,79),(1578,150,78),(1578,668,77),(1578,622,76),(1578,641,75),(1578,667,74),(1578,265,73),(1578,556,72),(1578,666,71),(1578,613,70),(1578,596,69),(1578,665,68),(1578,199,67),(1578,664,66),(1578,663,65),(1578,654,64),(1578,581,63),(1578,58,62),(1578,662,61),(1578,323,60),(1578,661,59),(1578,660,58),(1578,659,57),(1578,658,56),(1578,657,55),(1578,649,54),(1578,639,53),(1578,348,52),(1578,63,51),(1578,647,50),(1578,656,49),(1585,468,27),(1585,440,26),(1585,484,25),(1578,674,88),(1578,673,87),(1578,672,86),(1578,623,85),(1578,290,84),(1578,671,83),(1578,34,82),(1578,670,81),(1578,600,80),(1632,244,12),(1632,10,11),(1632,134,10),(1634,295,150),(1634,63,149),(1634,337,148),(1634,272,147),(1634,271,146),(1634,336,145),(1634,335,144),(1634,334,143),(1634,333,142),(1634,332,141),(1634,146,140),(1627,146,49),(1627,172,48),(1585,483,24),(1585,482,23),(1585,481,22),(1585,467,21),(1585,466,20),(1585,480,19),(1585,496,53),(1585,495,52),(1585,494,51),(1585,220,50),(1585,50,49),(1585,493,48),(1585,102,47),(1585,492,46),(1585,488,45),(1585,487,44),(1627,6,14),(1627,147,13),(1627,146,12),(1627,34,11),(1627,138,10),(1634,247,21),(1634,264,20),(1634,263,19),(1634,262,18),(1634,261,17),(1634,260,16),(1634,259,15),(1634,143,14),(1634,258,13),(1634,247,12),(1634,146,11),(1634,251,10),(1634,250,9),(1634,106,8),(1634,257,7),(1634,75,6),(1634,27,5),(1634,256,4),(1634,50,3),(1634,142,2),(1634,141,1),(1634,255,0),(1633,254,5),(1633,253,4),(1633,252,3),(1633,247,2),(1633,251,1),(1633,250,0),(1627,148,17),(1627,140,16),(1627,139,15),(1583,457,8),(1583,5,7),(1583,243,6),(1583,4,5),(1583,3,4),(1583,456,3),(1583,455,2),(1583,454,1),(1583,453,0),(1578,490,100),(1578,348,99),(1578,680,98),(1578,647,97),(1578,601,96),(1578,679,95),(1578,550,94),(1578,678,93),(1578,598,92),(1578,677,91),(1578,676,90),(1578,675,89),(1627,171,47),(1627,170,46),(1627,169,45),(1627,168,44),(1627,167,43),(1627,166,42),(1627,50,41),(1627,165,40),(1627,164,39),(1627,163,38),(1627,162,37),(1627,161,36),(1627,160,35),(1627,159,34),(1627,42,33),(1627,41,32),(1627,158,31),(1627,157,30),(1627,38,29),(1627,68,28),(1627,148,27),(1627,156,26),(1620,79,61),(1620,78,60),(1620,77,59),(1620,57,58),(1620,76,57),(1620,75,56),(1620,40,55),(1641,371,15),(1641,282,14),(1641,370,13),(1641,362,12),(1641,75,11),(1641,195,10),(1641,365,9),(1641,75,8),(1641,364,7),(1641,363,6),(1641,362,5),(1641,75,4),(1641,369,3),(1641,368,2),(1641,27,1),(1641,26,0),(1641,385,36),(1641,384,35),(1641,383,34),(1641,382,33),(1641,381,32),(1641,34,31),(1641,380,30),(1641,379,29),(1641,427,140),(1641,404,139),(1641,446,138),(1641,445,137),(1641,375,22),(1641,374,21),(1641,373,20),(1641,372,19),(1641,363,18),(1641,362,17),(1641,75,16),(1620,98,89),(1620,97,88),(1620,96,87),(1620,73,86),(1620,95,85),(1620,94,84),(1620,27,83),(1620,47,82),(1620,93,81),(1620,92,80),(1620,91,79),(1620,90,78),(1620,89,77),(1620,88,76),(1583,3,17),(1583,7,16),(1583,457,15),(1583,461,14),(1583,460,13),(1583,459,12),(1583,20,11),(1583,458,10),(1583,7,9),(1585,486,43),(1585,75,42),(1585,491,41),(1585,34,40),(1585,490,39),(1585,50,38),(1585,468,37),(1585,440,36),(1585,170,35),(1585,437,34),(1585,489,33),(1585,488,32),(1585,487,31),(1620,44,54),(1620,74,53),(1627,175,52),(1627,174,51),(1627,173,50),(1634,247,45),(1634,251,44),(1634,63,43),(1634,250,42),(1634,281,41),(1634,280,40),(1634,279,39),(1634,278,38),(1634,277,37),(1634,276,36),(1634,275,35),(1634,274,34),(1634,63,33),(1634,273,32),(1634,250,31),(1634,272,30),(1569,4,4),(1569,3,3),(1569,788,2),(1569,787,1),(1569,531,0),(1570,571,3),(1570,792,2),(1570,791,1),(1570,790,0),(1569,4,29),(1569,3,28),(1578,581,12),(1578,637,11),(1578,636,10),(1578,598,9),(1578,346,8),(1578,564,7),(1578,476,6),(1625,131,11),(1625,4,10),(1625,3,9),(1625,14,8),(1625,130,7),(1625,12,6),(1620,110,104),(1620,109,103),(1627,209,103),(1627,208,102),(1627,207,101),(1627,206,100),(1627,205,99),(1627,204,98),(1625,3,3),(1625,128,2),(1625,127,1),(1625,126,0),(1620,125,125),(1620,81,124),(1620,124,123),(1620,62,122),(1620,123,121),(1620,122,120),(1620,121,119),(1620,38,118),(1620,120,117),(1620,53,116),(1620,56,115),(1620,119,114),(1620,118,113),(1620,117,112),(1620,116,111),(1620,115,110),(1620,114,109),(1620,113,108),(1620,90,107),(1620,112,106),(1620,111,105),(1606,750,74),(1606,761,73),(1606,760,72),(1606,779,71),(1606,763,70),(1606,143,69),(1606,778,68),(1606,777,67),(1606,750,66),(1606,776,65),(1606,270,64),(1606,775,63),(1606,752,62),(1606,571,61),(1606,34,60),(1606,774,59),(1606,750,58),(1606,773,57),(1606,183,56),(1606,752,55),(1606,571,54),(1606,750,53),(1606,772,52),(1606,75,51),(1606,476,50),(1606,207,49),(1606,771,48),(1606,763,47),(1606,143,46),(1606,770,45),(1606,769,44),(1606,257,43),(1606,768,42),(1606,90,41),(1606,750,40),(1606,557,39),(1606,150,38),(1606,767,37),(1606,766,36),(1606,765,35),(1606,750,34),(1641,150,28),(1641,378,27),(1641,362,26),(1641,323,25),(1641,377,24),(1641,376,23),(1611,593,2),(1611,592,1),(1611,591,0),(1606,614,98),(1569,3,13),(1569,456,12),(1569,736,11),(1569,4,10),(1569,3,9),(1569,7,8),(1569,460,7),(1569,459,6),(1569,789,5),(1620,87,75),(1620,78,74),(1620,86,73),(1620,81,72),(1620,85,71),(1620,84,70),(1620,71,69),(1620,83,68),(1620,68,67),(1620,82,66),(1620,81,65),(1620,63,64),(1569,457,27),(1569,465,26),(1569,12,25),(1569,11,24),(1569,739,23),(1569,7,22),(1569,738,21),(1569,461,20),(1569,458,19),(1569,7,18),(1569,457,17),(1569,737,16),(1569,5,15),(1569,4,14),(1641,271,132),(1641,307,131),(1641,433,130),(1641,442,129),(1641,435,128),(1641,7,127),(1641,441,126),(1641,440,125),(1606,689,97),(1606,786,96),(1611,465,28),(1611,12,27),(1611,11,26),(1611,464,25),(1611,7,24),(1611,594,23),(1611,461,22),(1611,458,21),(1611,7,20),(1611,457,19),(1611,243,18),(1606,782,82),(1606,781,81),(1606,780,80),(1606,719,79),(1606,346,78),(1606,183,77),(1606,614,76),(1606,689,75),(1613,490,8),(1613,63,7),(1613,581,6),(1613,601,5),(1613,600,4),(1613,73,3),(1613,599,2),(1613,27,1),(1613,255,0),(1612,598,4),(1612,597,3),(1612,596,2),(1612,115,1),(1612,595,0),(1613,85,29),(1613,117,28),(1606,785,95),(1606,623,94),(1606,498,93),(1606,706,92),(1606,750,91),(1606,758,90),(1606,750,89),(1606,761,88),(1606,518,87),(1606,706,86),(1606,784,85),(1606,750,84),(1606,783,83),(1634,319,117),(1634,295,116),(1634,272,115),(1634,271,114),(1634,270,113),(1634,304,112),(1634,318,111),(1634,317,110),(1634,316,109),(1634,217,108),(1634,302,107),(1634,304,106),(1634,315,105),(1634,314,104),(1634,313,103),(1634,6,102),(1634,312,101),(1634,311,100),(1634,310,99),(1634,309,98),(1634,308,97),(1634,307,96),(1634,269,95),(1634,325,129),(1634,78,128),(1634,199,127),(1634,250,126),(1634,271,125),(1641,417,134),(1641,443,133),(1137,1023,120),(1137,1033,121),(1137,1034,122),(1137,1035,123),(1137,618,124),(1137,1036,125),(1137,1037,126),(1137,1038,127),(1137,442,128),(1137,1039,129),(1137,34,130),(1137,1040,131),(1137,1041,132),(1137,1042,133),(1137,613,134),(1137,1043,135),(1137,1002,136),(1137,199,137),(1137,388,138),(1137,96,139),(1137,150,140),(1137,997,141),(1137,1031,142),(1138,2007,0),(1142,848,0),(1142,849,1),(1142,453,2),(1142,454,3),(1142,455,4),(1142,456,5),(1143,850,0),(1143,851,1),(1143,852,2),(1143,106,3),(1143,853,4),(1143,854,5),(1143,170,6),(1143,843,7),(1144,255,0),(1144,27,1),(1137,995,22),(1151,63,16),(1151,558,17),(1151,1063,18),(1151,433,19),(1144,663,26),(1144,843,27),(1151,323,8),(1151,1056,9),(1151,1057,10),(1151,1058,11),(1151,1059,12),(1151,1060,13),(1151,1061,14),(1151,1062,15),(1144,861,10),(1144,702,11),(1144,146,12),(1144,862,13),(1144,73,14),(1144,850,15),(1144,851,16),(1137,150,113),(1137,997,114),(1137,1031,115),(1137,199,108),(1137,498,109),(1137,623,110),(1137,1030,111),(1137,90,112),(1151,1064,20),(1144,871,33),(1144,388,34),(1144,872,35),(1144,50,36),(1144,873,37),(1144,874,38),(1144,875,39),(1144,876,40),(1144,877,41),(1144,90,42),(1144,878,43),(1144,348,44),(1144,879,45),(1144,880,46),(1144,518,47),(1144,150,48),(1144,881,49),(1144,882,50),(1144,106,51),(1144,883,52),(1144,884,53),(1144,885,54),(1144,886,55),(1144,7,56),(1144,564,57),(1144,887,58),(1144,865,59),(1144,866,60),(1144,388,61),(1144,888,62),(1144,865,63),(1144,889,64),(1144,853,65),(1144,890,66),(1144,891,67),(1144,892,68),(1144,759,69),(1144,651,70),(1144,893,71),(1144,261,72),(1144,894,73),(1144,851,74),(1144,895,75),(1144,896,76),(1144,897,77),(1144,898,78),(1144,899,79),(1144,150,80),(1144,900,81),(1144,886,82),(1144,34,83),(1144,901,84),(1144,583,85),(1144,237,86),(1144,621,87),(1144,902,88),(1144,860,89),(1144,90,90),(1144,903,91),(1144,63,92),(1144,875,93),(1144,904,94),(1144,905,95),(1144,906,96),(1144,580,97),(1144,687,98),(1144,323,99),(1144,850,100),(1144,142,101),(1144,853,102),(1144,907,103),(1144,188,104),(1144,908,105),(1145,2007,0),(1149,1044,0),(1149,1045,1),(1149,1046,2),(1149,1047,3),(1149,1048,4),(1149,1049,5),(1150,1050,0),(1150,1051,1),(1151,1050,0),(1151,1051,1),(1151,492,2),(1151,1052,3),(1151,1053,4),(1151,613,5),(1151,1054,6),(1151,1055,7),(1144,860,9),(1641,444,135),(1611,3,3),(1611,4,4),(1611,129,5),(1611,12,6),(1611,465,7),(1611,457,8),(1634,323,123),(1634,324,124),(1641,409,75),(1641,411,76),(1641,298,77),(1641,75,78),(1641,412,79),(1641,34,80),(1641,362,81),(1641,363,82),(1641,413,83),(1641,414,84),(1641,415,85),(1641,202,86),(1641,416,87),(1641,75,88),(1641,365,89),(1641,417,90),(1641,418,91),(1641,419,92),(1641,90,93),(1641,150,94),(1641,420,95),(1641,421,96),(1135,736,0),(1137,992,107),(1137,991,106),(1137,1002,103),(1137,989,104),(1137,990,105),(1144,863,17),(1137,557,116),(1137,624,117),(1137,1032,118),(1137,34,119),(1137,1029,101),(1137,420,102),(1135,456,1),(1136,839,0),(1136,985,1),(1136,986,2),(1136,348,3),(1136,985,4),(1137,255,0),(1130,1183,86),(1130,598,87),(1130,188,88),(1130,1184,89),(1130,671,90),(1137,1014,100),(1137,388,99),(1137,1028,98),(1137,199,97),(1137,802,96),(1137,1011,95),(1137,1027,94),(1137,199,93),(1137,630,92),(1137,442,91),(1137,1026,90),(1137,199,89),(1137,706,88),(1137,231,87),(1137,1025,86),(1137,199,85),(1137,706,84),(1137,231,83),(1137,1007,82),(1137,442,81),(1137,1024,80),(1137,199,79),(1137,985,78),(1137,348,77),(1137,1023,76),(1137,1022,75),(1137,802,74),(1137,997,73),(1137,188,72),(1137,1004,71),(1137,1021,70),(1137,1020,69),(1137,1019,68),(1137,985,67),(1137,348,66),(1137,106,65),(1137,576,64),(1137,96,63),(1137,79,62),(1137,1018,61),(1137,1017,60),(1137,1016,59),(1137,75,58),(1137,1015,57),(1137,975,56),(1137,1014,55),(1137,1013,54),(1137,883,53),(1137,1012,52),(1137,998,51),(1137,1011,50),(1137,1010,49),(1137,1009,48),(1137,1008,47),(1137,999,46),(1137,998,45),(1137,1007,44),(1137,1006,43),(1137,999,42),(1137,997,41),(1137,188,40),(1137,1005,39),(1137,1004,38),(1137,618,37),(1137,999,36),(1137,998,35),(1137,106,34),(1137,1003,33),(1137,1002,32),(1137,1001,31),(1137,1000,30),(1137,164,29),(1137,999,28),(1137,998,27),(1137,106,26),(1137,997,25),(1137,996,24),(1137,96,23),(1144,106,6),(1144,859,5),(1144,68,4),(1144,150,3),(1144,858,2),(1144,63,8),(1144,220,7),(1137,992,8),(1137,991,7),(1137,990,6),(1137,989,5),(1137,985,4),(1137,988,3),(1137,949,2),(1137,987,1),(1123,1206,82),(1123,1232,81),(1123,1233,87),(1123,420,86),(1123,203,85),(1123,146,84),(1123,107,83),(1130,1182,84),(1130,31,83),(1130,1181,82),(1130,38,81),(1130,1180,80),(1130,1179,79),(1130,143,78),(1130,1178,77),(1130,73,76),(1130,727,75),(1130,613,74),(1130,1071,73),(1130,73,72),(1130,665,71),(1130,199,70),(1130,838,69),(1130,1154,68),(1130,442,67),(1130,1177,66),(1130,43,65),(1130,598,64),(1130,747,63),(1130,1176,62),(1130,1099,61),(1130,1125,60),(1130,962,59),(1130,232,58),(1130,1175,57),(1130,1174,56),(1130,1173,55),(1130,1172,54),(1130,1171,53),(1130,1143,52),(1130,1170,51),(1130,1169,50),(1130,706,49),(1130,1143,48),(1130,1168,47),(1130,1167,46),(1130,388,45),(1130,883,44),(1130,613,43),(1130,598,42),(1130,1166,41),(1130,928,40),(1130,1071,39),(1130,199,38),(1130,1143,37),(1130,1165,36),(1130,151,35),(1130,26,34),(1130,1164,33),(1130,90,32),(1130,885,31),(1130,1163,30),(1130,1162,29),(1130,143,28),(1130,627,27),(1130,494,26),(1130,1161,25),(1130,50,24),(1130,1160,23),(1130,1159,22),(1130,208,21),(1130,866,20),(1130,81,19),(1130,1158,18),(1130,1157,17),(1130,38,16),(1130,1156,15),(1130,1155,14),(1130,1150,13),(1130,1154,12),(1130,1153,11),(1130,1152,10),(1130,1151,9),(1130,1150,8),(1130,1149,7),(1130,761,6),(1130,63,5),(1130,1148,4),(1130,1147,3),(1130,150,2),(1130,141,1),(1130,255,0),(1129,761,6),(1129,1146,5),(1137,994,15),(1137,985,14),(1137,348,13),(1137,993,12),(1137,623,11),(1137,498,10),(1137,986,9),(1137,388,21),(1137,68,20),(1137,82,19),(1137,34,18),(1137,221,17),(1137,90,16),(1129,1145,4),(1129,706,3),(1129,598,2),(1129,1144,1),(1129,1143,0),(1172,977,54),(1172,34,55),(1172,984,56),(1172,348,57),(1172,968,58),(1173,2007,0),(1177,844,0),(1177,845,1),(1177,846,2),(1178,847,0),(1179,847,0),(1618,3,19),(1618,18,18),(1618,17,17),(1618,16,16),(1618,4,15),(1618,15,14),(1618,14,13),(1618,13,12),(1618,12,11),(1618,11,10),(1618,10,9),(1618,9,8),(1618,8,7),(1618,7,6),(1618,6,5),(1618,5,4),(1618,4,3),(1165,1122,46),(1165,237,47),(1165,150,48),(1165,457,49),(1165,1123,50),(1165,1124,51),(1165,962,52),(1165,1125,53),(1165,1106,14),(1165,1107,15),(1165,304,16),(1165,1108,17),(1165,1109,18),(1165,1110,19),(1165,1111,20),(1165,479,21),(1165,1112,22),(1165,431,23),(1165,943,24),(1165,151,25),(1165,1113,26),(1165,220,27),(1165,1114,28),(1165,1115,29),(1165,1108,30),(1165,433,31),(1165,466,32),(1165,1116,33),(1165,307,34),(1165,1075,35),(1165,348,36),(1165,1117,37),(1165,106,40),(1165,1118,39),(1165,348,38),(1165,1121,45),(1165,1120,44),(1165,1119,43),(1165,388,42),(1165,618,41),(1165,73,8),(1165,457,9),(1165,561,10),(1165,34,11),(1165,367,12),(1156,4,3),(1156,129,4),(1151,34,137),(1151,424,138),(1152,2007,0),(1156,910,0),(1156,911,1),(1156,3,2),(1618,3,2),(1165,50,54),(1165,227,55),(1165,1126,56),(1165,1127,57),(1165,457,58),(1165,1128,59),(1165,1129,60),(1165,457,61),(1165,1130,62),(1165,1131,63),(1165,34,64),(1165,1132,65),(1165,603,66),(1165,1104,67),(1165,50,68),(1165,188,69),(1165,1133,70),(1165,1122,71),(1165,727,72),(1165,283,73),(1165,68,74),(1165,237,75),(1165,1134,76),(1165,73,77),(1165,367,78),(1165,1075,79),(1165,1106,80),(1165,1107,81),(1165,1135,82),(1165,1136,83),(1165,1137,84),(1165,1138,85),(1165,150,86),(1165,598,87),(1165,1139,88),(1165,1140,89),(1165,561,90),(1165,70,91),(1165,367,92),(1165,99,93),(1165,59,94),(1166,2007,0),(1170,686,0),(1170,456,1),(1170,740,2),(1170,741,3),(1170,742,4),(1171,960,0),(1171,961,1),(1171,598,2),(1172,255,0),(1172,962,1),(1172,599,2),(1172,601,3),(1172,598,4),(1172,963,5),(1172,964,6),(1172,420,7),(1172,965,8),(1172,966,9),(1172,328,10),(1172,960,11),(1172,967,12),(1172,348,13),(1172,968,14),(1172,369,15),(1172,969,16),(1172,145,17),(1172,970,18),(1172,403,19),(1172,365,20),(1172,971,21),(1172,623,22),(1172,972,23),(1172,420,24),(1172,973,25),(1172,50,26),(1172,375,27),(1172,974,28),(1172,424,29),(1172,598,30),(1172,50,31),(1172,975,32),(1172,976,33),(1172,142,34),(1172,90,35),(1172,442,36),(1172,977,37),(1172,978,38),(1172,613,45),(1172,369,44),(1172,347,43),(1172,980,42),(1172,199,41),(1172,706,40),(1172,979,39),(1172,58,53),(1172,983,52),(1172,636,51),(1172,659,50),(1172,982,49),(1172,981,48),(1172,102,47),(1172,142,46),(1158,945,44),(1158,944,43),(1158,943,42),(1158,942,41),(1158,939,40),(1158,423,39),(1158,557,38),(1158,813,37),(1158,282,36),(1158,941,35),(1158,50,34),(1158,940,33),(1158,939,32),(1158,423,31),(1158,557,30),(1158,279,29),(1158,671,28),(1158,58,27),(1158,476,26),(1158,938,25),(1158,151,24),(1158,391,23),(1158,557,22),(1158,937,21),(1158,654,20),(1158,928,19),(1158,936,18),(1158,673,17),(1158,935,16),(1158,564,15),(1158,934,14),(1158,282,13),(1158,843,12),(1158,933,11),(1158,932,10),(1158,929,9),(1158,928,8),(1158,927,7),(1158,34,6),(1158,561,5),(1158,475,4),(1158,931,3),(1158,141,2),(1158,99,1),(1158,143,0),(1157,930,7),(1157,423,6),(1157,929,5),(1157,928,4),(1157,927,3),(1157,34,2),(1157,561,1),(1157,475,0),(1156,4,38),(1156,3,37),(1156,457,36),(1156,12,35),(1156,11,34),(1156,922,33),(1156,926,32),(1156,925,31),(1156,918,30),(1156,924,29),(1156,398,28),(1156,923,27),(1156,922,26),(1156,921,25),(1156,920,24),(1156,919,23),(1158,431,52),(1158,950,51),(1158,497,50),(1158,949,49),(1158,948,48),(1158,195,47),(1158,947,46),(1158,946,45),(1165,476,7),(1165,151,6),(1165,477,5),(1165,68,4),(1165,150,3),(1165,279,2),(1165,141,1),(1165,255,0),(1164,367,6),(1164,561,5),(1164,457,4),(1164,150,3),(1164,1105,2),(1164,1104,1),(1164,1075,0),(1163,456,7),(1163,455,6),(1163,454,5),(1163,453,4),(1163,529,3),(1163,1103,2),(1163,1102,1),(1163,1101,0),(1158,423,68),(1158,222,67),(1158,959,66),(1158,958,65),(1158,935,64),(1158,957,63),(1158,624,62),(1158,956,61),(1158,955,60),(1158,954,59),(1158,947,58),(1158,953,57),(1158,675,56),(1158,952,55),(1158,951,54),(1158,943,53),(1144,868,28),(1144,869,29),(1144,73,30),(1144,850,31),(1144,870,32),(1144,540,18),(1144,853,19),(1144,864,20),(1144,417,21),(1144,865,22),(1144,866,23),(1144,860,24),(1144,867,25),(1151,1080,68),(1151,558,69),(1151,1081,70),(1151,1082,71),(1151,1061,72),(1151,6,73),(1151,348,74),(1151,556,75),(1151,50,76),(1151,1083,77),(1151,1084,78),(1151,90,79),(1151,706,80),(1151,1085,81),(1151,1086,82),(1151,1062,83),(1151,63,84),(1151,558,85),(1151,571,86),(1151,556,87),(1151,222,88),(1151,255,89),(1151,1087,90),(1151,558,91),(1151,142,92),(1151,1088,93),(1151,1089,94),(1151,1090,95),(1151,1091,96),(1151,70,97),(1151,214,98),(1151,388,99),(1151,323,100),(1151,1092,101),(1151,571,102),(1151,420,103),(1151,90,104),(1151,1093,105),(1151,1094,106),(1151,188,107),(1151,1058,108),(1151,90,109),(1151,875,110),(1151,1029,111),(1151,420,112),(1151,598,113),(1151,654,114),(1151,646,115),(1151,1095,116),(1151,70,117),(1151,627,118),(1151,90,119),(1151,1096,120),(1151,726,121),(1151,604,122),(1151,519,123),(1151,558,124),(1151,73,125),(1151,1069,126),(1151,1097,127),(1151,78,128),(1151,598,129),(1151,663,130),(1151,673,131),(1151,1098,132),(1151,571,133),(1151,75,134),(1151,536,135),(1151,1099,136),(1151,572,60),(1151,388,61),(1151,1078,62),(1151,761,63),(1151,73,64),(1151,873,65),(1151,727,66),(1151,1079,67),(1151,63,21),(1151,556,22),(1151,1065,23),(1151,954,24),(1151,878,25),(1151,1066,26),(1151,1067,27),(1151,217,28),(1151,571,29),(1151,255,30),(1151,141,31),(1151,142,32),(1151,50,33),(1151,143,34),(1151,931,35),(1151,600,36),(1151,345,37),(1151,63,38),(1151,1050,39),(1151,1051,40),(1151,117,41),(1151,255,42),(1151,1068,43),(1151,1069,44),(1151,1070,45),(1151,1071,46),(1151,424,47),(1151,1072,48),(1151,1073,49),(1151,1074,50),(1151,34,51),(1151,732,52),(1151,1075,53),(1151,1076,54),(1151,542,55),(1151,1077,56),(1151,1051,57),(1151,477,58),(1151,521,59),(1165,1075,13),(1156,912,5),(1156,465,6),(1156,457,7),(1156,3,8),(1156,4,9),(1156,913,10),(1156,914,11),(1156,915,12),(1156,3,13),(1156,4,14),(1156,457,16),(1156,461,15),(1156,918,22),(1156,917,21),(1156,916,20),(1156,4,19),(1156,3,18),(1156,7,17),(1123,199,80),(1128,915,5),(1128,914,4),(1128,913,3),(1128,529,2),(1128,1142,1),(1128,1141,0),(1124,2007,0),(1123,393,131),(1123,1248,130),(1123,727,129),(1123,1247,128),(1130,34,85),(1121,240,5),(1121,1192,4),(1121,1191,3),(1121,1190,2),(1121,1189,1),(1121,1188,0),(1121,1347,13),(1121,1346,12),(1121,1345,11),(1121,1344,10),(1121,2010,9),(1121,63,8),(1121,2009,7),(1121,2008,6),(1123,1231,79),(1123,94,78),(1123,388,77),(1123,1230,76),(1123,1220,75),(1123,1229,74),(1123,1228,73),(1123,624,72),(1123,1227,71),(1123,428,70),(1123,1226,69),(1123,1225,68),(1123,34,67),(1123,1224,66),(1123,1223,65),(1123,1222,64),(1123,40,63),(1123,1221,62),(1123,1093,61),(1123,1220,60),(1123,1219,59),(1123,34,58),(1123,1193,57),(1123,669,56),(1123,150,55),(1123,1199,54),(1123,107,53),(1123,1194,52),(1123,135,51),(1123,727,50),(1123,1218,49),(1123,89,48),(1123,1217,47),(1123,1216,46),(1123,34,45),(1123,1215,44),(1123,1214,43),(1123,863,42),(1123,1213,41),(1123,1212,40),(1123,1211,39),(1123,440,38),(1123,1210,37),(1123,166,36),(1123,50,35),(1123,57,34),(1123,665,33),(1123,1209,32),(1123,1208,31),(1123,89,30),(1123,1207,29),(1123,442,28),(1123,232,27),(1123,206,26),(1123,1206,25),(1123,907,24),(1123,1205,23),(1123,779,22),(1123,150,21),(1123,1204,20),(1123,388,19),(1123,57,18),(1123,55,17),(1123,1203,16),(1123,1202,15),(1123,1201,14),(1123,1200,13),(1123,323,12),(1123,1199,11),(1123,107,10),(1123,1198,9),(1123,1197,8),(1123,1195,7),(1123,107,6),(1123,57,5),(1123,1196,4),(1123,761,3),(1123,279,2),(1123,141,1),(1123,26,0),(1122,1195,7),(1122,107,6),(1122,57,5),(1122,1194,4),(1122,34,3),(1122,1193,2),(1122,669,1),(1122,150,0),(1121,1347,31),(1121,1346,30),(1121,1345,29),(1121,1344,28),(1121,2015,27),(1121,34,26),(1121,11,25),(1121,250,24),(1121,89,23),(1121,2014,22),(1121,20,21),(1121,178,20),(1121,1251,19),(1121,2013,18),(1121,2012,17),(1121,2011,16),(1121,14,15),(1121,354,14),(1123,420,127),(1123,1246,126),(1123,986,125),(1123,1245,124),(1123,40,123),(1123,1244,122),(1123,1243,121),(1123,57,120),(1123,1242,119),(1123,1156,118),(1123,34,117),(1123,1241,116),(1123,1240,115),(1123,1239,114),(1123,150,113),(1123,122,112),(1123,199,111),(1123,203,110),(1123,146,109),(1123,107,108),(1123,1238,107),(1123,500,106),(1123,90,105),(1123,1237,104),(1123,57,103),(1123,107,102),(1123,34,101),(1123,237,100),(1123,669,99),(1123,1236,98),(1123,203,97),(1123,188,96),(1123,1235,95),(1123,1197,94),(1123,1234,93),(1123,346,92),(1123,142,91),(1123,174,90),(1123,217,89),(1123,47,88),(2264,2855,71),(2264,1929,70),(2264,3108,69),(2264,390,68),(2264,3117,67),(2264,188,66),(2264,714,65),(2264,3116,64),(2264,1125,63),(2264,907,62),(2264,442,61),(2264,3115,60),(2264,3114,59),(2264,3104,58),(2264,3097,57),(2264,595,56),(2264,1079,55),(2264,50,54),(2264,3113,53),(2264,3112,52),(2264,3111,51),(2264,3110,50),(2264,34,49),(2264,496,48),(2264,3109,47),(2264,388,46),(2264,3099,45),(2264,3098,44),(2264,3099,11),(2264,3098,10),(2264,3103,9),(2264,1738,8),(2264,188,7),(2264,365,6),(2264,403,5),(2264,50,4),(2264,3102,3),(2264,10,2),(2264,2114,27),(2264,3107,26),(2264,3106,25),(2264,618,24),(2264,1660,23),(2264,1276,22),(2264,1740,21),(2264,723,20),(2264,50,19),(2264,3097,18),(2264,595,17),(2264,3105,16),(2264,721,15),(2264,769,14),(2264,3104,13),(2264,220,12),(2292,404,20),(2292,1147,21),(2292,150,22),(2292,366,23),(2292,1349,24),(2292,505,25),(2292,2754,26),(2292,17,27),(2292,3352,28),(2292,296,29),(2292,744,30),(2292,388,31),(2292,2272,32),(2292,2462,33),(2292,3353,34),(2292,14,35),(2292,3354,36),(2292,3355,37),(2292,146,38),(2292,1350,39),(2292,571,40),(2292,752,41),(2292,184,42),(2292,2539,43),(2292,6,44),(2292,774,45),(2292,250,46),(2292,174,47),(2292,1349,48),(2292,6,49),(2292,3356,50),(2292,1940,51),(2292,3357,52),(2292,3358,53),(2292,73,54),(2292,595,55),(2292,3097,56),(2292,1105,57),(2292,2748,58),(2292,1395,59),(2292,1396,60),(2292,738,61),(2292,577,62),(2292,66,63),(2292,2379,64),(2292,75,65),(2292,3359,66),(2292,571,67),(2292,709,68),(2292,73,69),(2292,407,70),(2292,3360,71),(2292,3359,72),(2292,384,73),(2292,3361,74),(2292,46,75),(2292,206,76),(2292,1395,77),(2292,1396,78),(2292,73,79),(2292,747,80),(2292,3362,81),(2292,3363,82),(2292,457,83),(2292,3364,84),(2292,873,85),(2292,90,86),(2292,1492,87),(2292,145,88),(2292,598,89),(2292,117,90),(2292,1979,91),(2292,614,92),(2292,115,93),(2292,424,94),(2292,73,95),(2292,1041,96),(2292,1736,97),(2292,614,98),(2292,50,99),(2292,3365,100),(2292,598,101),(2292,73,102),(2292,3136,103),(2292,1514,104),(2292,793,105),(2292,1929,106),(2292,3101,107),(2292,154,108),(2292,155,109),(2292,73,110),(2292,499,111),(2292,644,112),(2292,90,113),(2292,598,114),(2292,1085,115),(2292,67,116),(2292,3366,117),(2292,3367,118),(2292,3030,119),(2297,1101,0),(2297,1046,1),(2297,3368,2),(2297,3,3),(2297,4,4),(2297,453,5),(2297,454,6),(2297,455,7),(2297,456,8),(2297,3,9),(2304,742,7),(2304,3,8),(2304,4,9),(2305,1514,0),(2305,939,1),(2305,247,2),(2305,3412,3),(2305,3413,4),(2305,3414,5),(2305,793,6),(2306,143,0),(2304,1488,0),(2304,1489,1),(2304,3096,2),(2304,3,3),(2304,4,4),(2304,740,5),(2304,741,6),(2298,1109,6),(2299,3370,0),(2299,3371,1),(2299,3347,2),(2299,3372,3),(2299,3373,4),(2299,3030,5),(2299,3347,6),(2299,3374,7),(2299,2879,8),(2299,3375,9),(2299,3376,10),(2299,26,11),(2299,27,12),(2299,70,13),(2299,63,14),(2299,1877,15),(2299,34,16),(2299,3377,17),(2299,866,18),(2299,3365,19),(2299,304,20),(2299,1108,21),(2299,1109,22),(2299,496,23),(2299,3378,24),(2299,260,25),(2299,51,26),(2299,1108,27),(2299,3379,28),(2299,50,29),(2299,199,30),(2299,3380,31),(2299,1023,32),(2299,1877,33),(2299,34,34),(2299,3381,35),(2299,348,36),(2299,605,37),(2299,143,38),(2299,759,39),(2299,1029,40),(2299,151,41),(2299,476,42),(2299,560,43),(2299,931,44),(2299,1877,45),(2299,34,46),(2299,646,47),(2299,800,48),(2292,4,13),(2292,3350,14),(2292,950,15),(2292,1093,16),(2292,3351,17),(2292,2087,18),(2292,145,19),(2297,4,10),(2298,1877,0),(2298,866,1),(2298,3369,2),(2298,605,3),(2298,34,4),(2298,1108,5),(2292,2512,10),(2292,3346,11),(2292,3,12),(2299,757,68),(2299,2423,69),(2299,479,70),(2299,3384,71),(2299,459,72),(2299,1770,73),(2299,601,74),(2299,782,75),(2299,3385,76),(2299,3365,77),(2299,151,78),(2299,1113,79),(2299,702,80),(2299,279,81),(2299,1877,82),(2299,2271,83),(2299,623,84),(2299,993,85),(2299,673,86),(2299,3386,87),(2299,68,88),(2299,34,89),(2299,448,90),(2299,75,91),(2299,3387,92),(2299,3365,93),(2299,3388,94),(2299,550,95),(2299,1496,96),(2299,3389,97),(2299,117,98),(2299,85,99),(2299,2112,100),(2299,163,101),(2299,50,102),(2299,706,103),(2299,1897,104),(2299,2350,105),(2299,1085,106),(2299,3390,107),(2299,3391,108),(2299,3392,109),(2299,34,110),(2299,598,111),(2299,90,112),(2299,232,113),(2299,1641,114),(2299,3393,115),(2299,3394,116),(2299,199,117),(2299,3395,118),(2299,3396,119),(2299,800,120),(2299,419,121),(2299,1122,122),(2299,408,123),(2299,3397,124),(2299,3398,125),(2299,1122,126),(2299,3399,127),(2299,3400,128),(2299,699,129),(2299,3401,130),(2299,1318,131),(2299,721,132),(2299,188,133),(2299,2423,134),(2299,700,135),(2299,1085,136),(2299,3402,137),(2299,3403,138),(2299,3190,139),(2299,3392,140),(2299,442,141),(2299,459,142),(2299,905,143),(2299,885,144),(2299,3404,145),(2299,188,146),(2299,932,147),(2299,3405,148),(2299,475,149),(2299,1044,150),(2299,334,151),(2299,60,152),(2299,3406,153),(2299,3407,154),(2299,3408,155),(2299,3378,156),(2299,754,157),(2299,3409,158),(2299,31,159),(2299,644,160),(2299,442,161),(2299,459,162),(2299,754,163),(2299,3410,164),(2299,3411,165),(2299,3030,166),(2306,3436,175),(2306,63,176),(2306,3437,177),(2306,257,51),(2306,106,52),(2306,1579,53),(2306,3201,54),(2306,3428,55),(2306,3429,56),(2306,3430,57),(2306,3449,168),(2306,3450,169),(2306,3451,170),(2306,3452,171),(2306,3453,172),(2306,199,173),(2306,63,174),(2306,1029,1),(2306,151,2),(2306,414,3),(2306,617,4),(2306,106,5),(2306,749,6),(2306,1720,7),(2306,3415,8),(2306,73,9),(2306,757,10),(2306,233,11),(2306,247,12),(2306,939,13),(2306,348,14),(2306,3416,15),(2306,3417,16),(2306,3418,17),(2306,3419,18),(2306,3420,19),(2306,1942,20),(2306,3421,21),(2306,567,22),(2306,247,23),(2306,90,24),(2306,3422,25),(2306,939,26),(2306,188,27),(2306,3119,28),(2306,247,29),(2306,3423,30),(2306,952,31),(2306,568,32),(2306,3424,33),(2306,199,34),(2306,56,35),(2306,151,36),(2306,476,37),(2306,68,38),(2306,3425,39),(2306,247,40),(2306,3426,41),(2306,762,42),(2306,1496,43),(2306,3427,44),(2306,2754,45),(2306,457,46),(2306,1269,47),(2306,3416,48),(2306,1539,49),(2306,427,50),(2299,1634,61),(2291,3,3),(2291,4,4),(2291,145,5),(2291,404,6),(2292,3030,0),(2292,3347,1),(2292,3348,2),(2299,199,49),(2292,278,3),(2292,3349,4),(2292,63,5),(2292,3345,6),(2292,63,7),(2292,3350,8),(2292,1411,9),(2291,3345,0),(2291,2512,1),(2291,3346,2),(2306,7,151),(2306,598,152),(2306,347,153),(2306,217,154),(2306,330,155),(2306,3439,156),(2306,3445,157),(2306,1953,158),(2306,384,159),(2306,3446,160),(2306,3447,161),(2306,1563,162),(2306,3424,163),(2306,3448,164),(2306,2856,165),(2306,1843,166),(2306,1365,167),(2264,793,43),(2264,571,42),(2264,971,41),(2264,333,40),(2306,3440,144),(2306,3441,145),(2306,608,146),(2306,3442,147),(2306,757,148),(2306,3443,149),(2306,3444,150),(2299,1058,62),(2299,90,63),(2299,840,64),(2299,2836,65),(2299,204,66),(2299,291,67),(2299,665,50),(2299,605,51),(2299,613,52),(2299,648,53),(2299,3382,54),(2299,3383,55),(2299,488,56),(2299,647,57),(2299,598,58),(2299,3125,59),(2299,188,60),(2306,1942,58),(2306,730,59),(2306,2711,60),(2306,85,61),(2306,1579,62),(2306,451,63),(2306,247,64),(2306,420,65),(2306,233,66),(2306,800,67),(2306,90,68),(2306,1479,69),(2306,3414,70),(2306,2037,71),(2306,3047,72),(2306,500,73),(2306,3297,74),(2306,1568,75),(2306,50,76),(2306,1720,77),(2306,3415,78),(2306,3431,79),(2306,247,80),(2306,939,81),(2306,247,82),(2306,90,83),(2306,757,84),(2306,199,85),(2306,2311,86),(2306,233,87),(2306,199,88),(2306,2311,89),(2306,247,90),(2306,90,91),(2306,757,92),(2306,199,93),(2306,2311,94),(2306,233,95),(2306,2311,96),(2306,247,97),(2306,90,98),(2306,757,99),(2306,199,100),(2306,2311,101),(2306,233,102),(2306,2311,103),(2306,247,104),(2306,90,105),(2306,757,106),(2306,2311,107),(2306,233,108),(2306,2311,109),(2306,2714,110),(2306,3432,111),(2306,3433,112),(2306,106,113),(2306,247,114),(2306,3424,115),(2306,247,116),(2306,1986,117),(2306,50,118),(2306,166,119),(2306,119,120),(2306,2282,121),(2306,50,122),(2306,3434,123),(2306,3435,124),(2306,809,125),(2306,3436,126),(2306,3437,127),(2306,2333,128),(2306,1913,129),(2306,136,130),(2306,3414,131),(2306,3424,132),(2306,3438,133),(2306,142,134),(2306,785,135),(2306,3439,136),(2306,757,137),(2306,1942,138),(2306,563,139),(2306,1262,140),(2306,757,141),(2306,1427,142),(2306,198,143);

--
-- Table structure for table `submission_search_objects`
--

CREATE TABLE `submission_search_objects` (
  `object_id` bigint NOT NULL AUTO_INCREMENT,
  `submission_id` bigint NOT NULL,
  `type` int NOT NULL,
  `assoc_id` bigint DEFAULT NULL,
  PRIMARY KEY (`object_id`)
) ENGINE=MyISAM AUTO_INCREMENT=2311 DEFAULT CHARSET=latin1;

--
-- Dumping data for table `submission_search_objects`
--

INSERT INTO `submission_search_objects` VALUES (1778,31,64,0),(1777,31,32,0),(1776,31,8,0),(1775,31,16,0),(1774,31,4,0),(1773,31,2,0),(1772,31,1,0),(2030,49,64,0),(2029,49,32,0),(2028,49,8,0),(2027,49,16,0),(2026,49,4,0),(2025,49,2,0),(2024,49,1,0),(2037,40,64,0),(2036,40,32,0),(2035,40,8,0),(2034,40,16,0),(2033,40,4,0),(2032,40,2,0),(2031,40,1,0),(2044,33,64,0),(2043,33,32,0),(2042,33,8,0),(2041,33,16,0),(2040,33,4,0),(2039,33,2,0),(2038,33,1,0),(1995,55,64,0),(1994,55,32,0),(1993,55,8,0),(1992,55,16,0),(1991,55,4,0),(1990,55,2,0),(1989,55,1,0),(2009,52,64,0),(2008,52,32,0),(2007,52,8,0),(2006,52,16,0),(2005,52,4,0),(2004,52,2,0),(2003,52,1,0),(2023,50,64,0),(2022,50,32,0),(2021,50,8,0),(2020,50,16,0),(2019,50,4,0),(2018,50,2,0),(2017,50,1,0),(1988,56,64,0),(1987,56,32,0),(1986,56,8,0),(1985,56,16,0),(1984,56,4,0),(1983,56,2,0),(1982,56,1,0),(2002,53,64,0),(2001,53,32,0),(2000,53,8,0),(1999,53,16,0),(1998,53,4,0),(1997,53,2,0),(1996,53,1,0),(2016,51,64,0),(2015,51,32,0),(2014,51,8,0),(2013,51,16,0),(2012,51,4,0),(2011,51,2,0),(2010,51,1,0),(1981,57,64,0),(1980,57,32,0),(1979,57,8,0),(1978,57,16,0),(1977,57,4,0),(1976,57,2,0),(1975,57,1,0),(2093,62,64,0),(2092,62,32,0),(2091,62,8,0),(2090,62,16,0),(2089,62,4,0),(2088,62,2,0),(2087,62,1,0),(2058,72,64,0),(2057,72,32,0),(2056,72,8,0),(2055,72,16,0),(2054,72,4,0),(2053,72,2,0),(2052,72,1,0),(2072,66,64,0),(2071,66,32,0),(2070,66,8,0),(2069,66,16,0),(2068,66,4,0),(2067,66,2,0),(2066,66,1,0),(2086,64,64,0),(2085,64,32,0),(2084,64,8,0),(2083,64,16,0),(2082,64,4,0),(2081,64,2,0),(2080,64,1,0),(2051,73,64,0),(2050,73,32,0),(2049,73,8,0),(2048,73,16,0),(2047,73,4,0),(2046,73,2,0),(2045,73,1,0),(2065,70,64,0),(2064,70,32,0),(2063,70,8,0),(2062,70,16,0),(2061,70,4,0),(2060,70,2,0),(2059,70,1,0),(2079,65,64,0),(2078,65,32,0),(2077,65,8,0),(2076,65,16,0),(2075,65,4,0),(2074,65,2,0),(2073,65,1,0),(1967,60,64,0),(1966,60,32,0),(1965,60,8,0),(1964,60,16,0),(1963,60,4,0),(1962,60,2,0),(1961,60,1,0),(1974,58,64,0),(1973,58,32,0),(1972,58,8,0),(1971,58,16,0),(1970,58,4,0),(1969,58,2,0),(1968,58,1,0),(1771,32,64,0),(1770,32,32,0),(1769,32,8,0),(1768,32,16,0),(1767,32,4,0),(1766,32,2,0),(1765,32,1,0),(1764,34,64,0),(1763,34,32,0),(1762,34,8,0),(1761,34,16,0),(1760,34,4,0),(1759,34,2,0),(1758,34,1,0),(1757,35,64,0),(1756,35,32,0),(1755,35,8,0),(1754,35,16,0),(1753,35,4,0),(1752,35,2,0),(1751,35,1,0),(1750,36,64,0),(1749,36,32,0),(1748,36,8,0),(1747,36,16,0),(1746,36,4,0),(1745,36,2,0),(1744,36,1,0),(1743,37,64,0),(1742,37,32,0),(1741,37,8,0),(1740,37,16,0),(1739,37,4,0),(1738,37,2,0),(1737,37,1,0),(1736,38,64,0),(1735,38,32,0),(1734,38,8,0),(1733,38,16,0),(1732,38,4,0),(1731,38,2,0),(1730,38,1,0),(1729,39,64,0),(1728,39,32,0),(1727,39,8,0),(1726,39,16,0),(1725,39,4,0),(1724,39,2,0),(1723,39,1,0),(1722,43,64,0),(1721,43,32,0),(1720,43,8,0),(1719,43,16,0),(1718,43,4,0),(1717,43,2,0),(1716,43,1,0),(1715,21,64,0),(1714,21,32,0),(1713,21,8,0),(1712,21,16,0),(1711,21,4,0),(1710,21,2,0),(1709,21,1,0),(1708,22,64,0),(1707,22,32,0),(1706,22,8,0),(1705,22,16,0),(1704,22,4,0),(1703,22,2,0),(1702,22,1,0),(1652,30,64,0),(1651,30,32,0),(1650,30,8,0),(1649,30,16,0),(1648,30,4,0),(1647,30,2,0),(1646,30,1,0),(1659,28,64,0),(1658,28,32,0),(1657,28,8,0),(1656,28,16,0),(1655,28,4,0),(1654,28,2,0),(1653,28,1,0),(1666,29,64,0),(1665,29,32,0),(1664,29,8,0),(1663,29,16,0),(1662,29,4,0),(1661,29,2,0),(1660,29,1,0),(1673,27,64,0),(1672,27,32,0),(1671,27,8,0),(1670,27,16,0),(1669,27,4,0),(1668,27,2,0),(1667,27,1,0),(1680,26,64,0),(1679,26,32,0),(1678,26,8,0),(1677,26,16,0),(1676,26,4,0),(1675,26,2,0),(1674,26,1,0),(1645,4,64,0),(1644,4,32,0),(1643,4,8,0),(1642,4,16,0),(1641,4,4,0),(1640,4,2,0),(1639,4,1,0),(1687,25,64,0),(1686,25,32,0),(1685,25,8,0),(1684,25,16,0),(1683,25,4,0),(1682,25,2,0),(1681,25,1,0),(1694,24,64,0),(1693,24,32,0),(1692,24,8,0),(1691,24,16,0),(1690,24,4,0),(1689,24,2,0),(1688,24,1,0),(1701,23,64,0),(1700,23,32,0),(1699,23,8,0),(1698,23,16,0),(1697,23,4,0),(1696,23,2,0),(1695,23,1,0),(1575,11,64,0),(1574,11,32,0),(1573,11,8,0),(1572,11,16,0),(1571,11,4,0),(1570,11,2,0),(1569,11,1,0),(1624,1,64,0),(1623,1,32,0),(1622,1,8,0),(1621,1,16,0),(1620,1,4,0),(1619,1,2,0),(1618,1,1,0),(1638,3,64,0),(1637,3,32,0),(1636,3,8,0),(1635,3,16,0),(1634,3,4,0),(1633,3,2,0),(1632,3,1,0),(1603,6,64,0),(1602,6,32,0),(1601,6,8,0),(1600,6,16,0),(1599,6,4,0),(1598,6,2,0),(1597,6,1,0),(1589,5,64,0),(1588,5,32,0),(1587,5,8,0),(1586,5,16,0),(1585,5,4,0),(1584,5,2,0),(1583,5,1,0),(1617,7,64,0),(1616,7,32,0),(1615,7,8,0),(1614,7,16,0),(1613,7,4,0),(1612,7,2,0),(1611,7,1,0),(1596,9,64,0),(1595,9,32,0),(1594,9,8,0),(1593,9,16,0),(1592,9,4,0),(1591,9,2,0),(1590,9,1,0),(1582,8,64,0),(1581,8,32,0),(1580,8,8,0),(1579,8,16,0),(1578,8,4,0),(1577,8,2,0),(1576,8,1,0),(1631,2,64,0),(1630,2,32,0),(1629,2,8,0),(1628,2,16,0),(1627,2,4,0),(1626,2,2,0),(1625,2,1,0),(1610,10,64,0),(1609,10,32,0),(1608,10,8,0),(1607,10,16,0),(1606,10,4,0),(1605,10,2,0),(1604,10,1,0),(1155,17,64,0),(1154,17,32,0),(1153,17,8,0),(1152,17,16,0),(1151,17,4,0),(1150,17,2,0),(1149,17,1,0),(1148,13,64,0),(1147,13,32,0),(1146,13,8,0),(1145,13,16,0),(1144,13,4,0),(1143,13,2,0),(1142,13,1,0),(1141,16,64,0),(1140,16,32,0),(1139,16,8,0),(1138,16,16,0),(1137,16,4,0),(1136,16,2,0),(1135,16,1,0),(1134,19,64,0),(1133,19,32,0),(1132,19,8,0),(1131,19,16,0),(1130,19,4,0),(1129,19,2,0),(1128,19,1,0),(1183,12,64,0),(1182,12,32,0),(1181,12,8,0),(1180,12,16,0),(1179,12,4,0),(1178,12,2,0),(1177,12,1,0),(1176,15,64,0),(1175,15,32,0),(1174,15,8,0),(1173,15,16,0),(1172,15,4,0),(1171,15,2,0),(1170,15,1,0),(1169,18,64,0),(1168,18,32,0),(1167,18,8,0),(1166,18,16,0),(1165,18,4,0),(1164,18,2,0),(1163,18,1,0),(1162,14,64,0),(1161,14,32,0),(1160,14,8,0),(1159,14,16,0),(1158,14,4,0),(1157,14,2,0),(1156,14,1,0),(1127,20,64,0),(1126,20,32,0),(1125,20,8,0),(1124,20,16,0),(1123,20,4,0),(1122,20,2,0),(1121,20,1,0),(2289,67,64,0),(2288,67,32,0),(2287,67,8,0),(2286,67,16,0),(2285,67,4,0),(2284,67,2,0),(2283,67,1,0),(2282,68,64,0),(2281,68,32,0),(2280,68,8,0),(2279,68,16,0),(2278,68,4,0),(2277,68,2,0),(2276,68,1,0),(2275,71,64,0),(2274,71,32,0),(2273,71,8,0),(2272,71,16,0),(2271,71,4,0),(2270,71,2,0),(2269,71,1,0),(2268,74,64,0),(2267,74,32,0),(2266,74,8,0),(2265,74,16,0),(2264,74,4,0),(2263,74,2,0),(2262,74,1,0),(2296,79,64,0),(2295,79,32,0),(2294,79,8,0),(2293,79,16,0),(2292,79,4,0),(2291,79,2,0),(2290,79,1,0),(2303,77,64,0),(2302,77,32,0),(2301,77,8,0),(2300,77,16,0),(2299,77,4,0),(2298,77,2,0),(2297,77,1,0),(2310,75,64,0),(2309,75,32,0),(2308,75,8,0),(2307,75,16,0),(2306,75,4,0),(2305,75,2,0),(2304,75,1,0);

--
-- Table structure for table `submission_settings`
--

CREATE TABLE `submission_settings` (
  `submission_id` bigint NOT NULL,
  `locale` varchar(14) NOT NULL DEFAULT '',
  `setting_name` varchar(255) NOT NULL,
  `setting_value` mediumtext,
  UNIQUE KEY `submission_settings_pkey` (`submission_id`,`locale`,`setting_name`),
  KEY `submission_settings_submission_id` (`submission_id`)
) ENGINE=MyISAM DEFAULT CHARSET=latin1;

--
-- Dumping data for table `submission_settings`
--

INSERT INTO `submission_settings` VALUES (62,'','crossref::batchId','_1703251553'),(79,'','crossref::status','registered'),(79,'','crossref::registeredDoi','10.53546/2674-5593.cog.2022.79'),(79,'','crossref::batchId','_1703881762'),(77,'','crossref::status','registered'),(77,'','crossref::registeredDoi','10.53546/2674-5593.cog.2022.77'),(77,'','crossref::batchId','_1703881766'),(75,'','crossref::status','registered'),(75,'','crossref::registeredDoi','10.53546/2674-5593.cog.2022.75'),(75,'','crossref::batchId','_1703881767'),(12,'','crossref::status','registered'),(12,'','crossref::registeredDoi','10.53546/2674-5593.rc.2019.12'),(12,'','crossref::batchId','_1715409011'),(62,'','crossref::registeredDoi','10.53546/2674-5593.cog.2021.62'),(62,'','crossref::status','registered'),(64,'','crossref::batchId','_1703251551'),(67,'','crossref::batchId','_1703251540'),(73,'','crossref::status','registered'),(73,'','crossref::registeredDoi','10.53546/2674-5593.cog.2021.73'),(73,'','crossref::batchId','_1703251542'),(72,'','crossref::status','registered'),(72,'','crossref::registeredDoi','10.53546/2674-5593.cog.2021.72'),(72,'','crossref::batchId','_1703251543'),(70,'','crossref::status','registered'),(70,'','crossref::registeredDoi','10.53546/2674-5593.cog.2021.70'),(70,'','crossref::batchId','_1703251546'),(66,'','crossref::status','registered'),(66,'','crossref::registeredDoi','10.53546/2674-5593.cog.2021.66'),(66,'','crossref::batchId','_1703251548'),(65,'','crossref::status','registered'),(65,'','crossref::registeredDoi','10.53546/2674-5593.cog.2021.65'),(65,'','crossref::batchId','_1703251550'),(64,'','crossref::status','registered'),(64,'','crossref::registeredDoi','10.53546/2674-5593.cog.2021.64'),(67,'','crossref::registeredDoi','10.53546/2674-5593.cog.2022.67'),(67,'','crossref::status','registered'),(68,'','crossref::batchId','_1703251537'),(68,'','crossref::registeredDoi','10.53546/2674-5593.cog.2022.68'),(74,'','crossref::batchId','_1703251534'),(68,'','crossref::status','registered'),(19,'','crossref::status','registered'),(19,'','crossref::registeredDoi','10.53546/2674-5593.rc.2019.19'),(19,'','crossref::batchId','_1639083922'),(18,'','crossref::status','registered'),(18,'','crossref::registeredDoi','10.53546/2674-5593.rc.2019.18'),(18,'','crossref::batchId','_1639083923'),(17,'','crossref::status','registered'),(17,'','crossref::registeredDoi','10.53546/2674-5593.rc.2019.17'),(17,'','crossref::batchId','_1639083925'),(16,'','crossref::status','registered'),(16,'','crossref::registeredDoi','10.53546/2674-5593.rc.2019.16'),(16,'','crossref::batchId','_1639083927'),(71,'','crossref::status','registered'),(71,'','crossref::registeredDoi','10.53546/2674-5593.cog.2022.71'),(71,'','crossref::batchId','_1701566782'),(74,'','crossref::status','registered'),(74,'','crossref::registeredDoi','10.53546/2674-5593.cog.2022.74'),(20,'','crossref::batchId','_1639083920'),(20,'','crossref::registeredDoi','10.53546/2674-5593.rc.2019.20'),(21,'','crossref::batchId','_1639083918'),(20,'','crossref::status','registered'),(25,'','crossref::batchId','_1639083910'),(24,'','crossref::status','registered'),(24,'','crossref::registeredDoi','10.53546/2674-5593.rc.2020.24'),(24,'','crossref::batchId','_1639083912'),(23,'','crossref::status','registered'),(23,'','crossref::registeredDoi','10.53546/2674-5593.rc.2020.23'),(23,'','crossref::batchId','_1639083914'),(22,'','crossref::status','registered'),(22,'','crossref::registeredDoi','10.53546/2674-5593.rc.2020.22'),(22,'','crossref::batchId','_1639083916'),(21,'','crossref::status','registered'),(21,'','crossref::registeredDoi','10.53546/2674-5593.rc.2020.21'),(25,'','crossref::registeredDoi','10.53546/2674-5593.rc.2020.25'),(25,'','crossref::status','registered'),(26,'','crossref::batchId','_1639083908'),(29,'','crossref::batchId','_1639083693'),(28,'','crossref::status','registered'),(28,'','crossref::registeredDoi','10.53546/2674-5593.rc.2020.28'),(28,'','crossref::batchId','_1639083695'),(27,'','crossref::status','registered'),(27,'','crossref::registeredDoi','10.53546/2674-5593.rc.2020.27'),(27,'','crossref::batchId','_1639083905'),(26,'','crossref::status','registered'),(26,'','crossref::registeredDoi','10.53546/2674-5593.rc.2020.26'),(29,'','crossref::registeredDoi','10.53546/2674-5593.rc.2020.29'),(29,'','crossref::status','registered'),(30,'','crossref::batchId','_1639083691'),(37,'','crossref::status','registered'),(37,'','crossref::registeredDoi','10.53546/2674-5593.rc.2020.37'),(37,'','crossref::batchId','_1639083680'),(36,'','crossref::status','registered'),(36,'','crossref::registeredDoi','10.53546/2674-5593.rc.2020.36'),(36,'','crossref::batchId','_1639083681'),(35,'','crossref::status','registered'),(35,'','crossref::registeredDoi','10.53546/2674-5593.rc.2020.35'),(35,'','crossref::batchId','_1639083683'),(34,'','crossref::status','registered'),(34,'','crossref::registeredDoi','10.53546/2674-5593.rc.2020.34'),(34,'','crossref::batchId','_1639083685'),(32,'','crossref::status','registered'),(32,'','crossref::registeredDoi','10.53546/2674-5593.rc.2020.32'),(32,'','crossref::batchId','_1639083687'),(31,'','crossref::status','registered'),(31,'','crossref::registeredDoi','10.53546/2674-5593.rc.2020.31'),(31,'','crossref::batchId','_1639083689'),(30,'','crossref::status','registered'),(30,'','crossref::registeredDoi','10.53546/2674-5593.rc.2020.30'),(38,'','crossref::batchId','_1639083677'),(38,'','crossref::registeredDoi','10.53546/2674-5593.rc.2020.38'),(50,'','crossref::batchId','_1630071803'),(49,'','crossref::status','registered'),(49,'','crossref::registeredDoi','10.53546/2674-5593.cog.2021.49'),(49,'','crossref::batchId','_1630071805'),(40,'','crossref::status','registered'),(40,'','crossref::registeredDoi','10.53546/2674-5593.cog.2021.40'),(40,'','crossref::batchId','_1630071806'),(33,'','crossref::status','registered'),(33,'','crossref::registeredDoi','10.53546/2674-5593.cog.2021.33'),(33,'','crossref::batchId','_1630071807'),(3,'','crossref::status','registered'),(3,'','crossref::registeredDoi','10.53546/2674-5593.rc.2019.3'),(3,'','crossref::batchId','_1639083671'),(43,'','crossref::status','registered'),(43,'','crossref::registeredDoi','10.53546/2674-5593.rc.2020.43'),(43,'','crossref::batchId','_1639083673'),(39,'','crossref::status','registered'),(39,'','crossref::registeredDoi','10.53546/2674-5593.rc.2020.39'),(39,'','crossref::batchId','_1639083676'),(38,'','crossref::status','registered'),(50,'','crossref::registeredDoi','10.53546/2674-5593.cog.2021.50'),(51,'','crossref::batchId','_1630071802'),(50,'','crossref::status','registered'),(51,'','crossref::registeredDoi','10.53546/2674-5593.cog.2021.51'),(57,'','crossref::status','registered'),(57,'','crossref::registeredDoi','10.53546/2674-5593.cog.2021.57'),(57,'','crossref::batchId','_1630071794'),(56,'','crossref::status','registered'),(56,'','crossref::registeredDoi','10.53546/2674-5593.cog.2021.56'),(56,'','crossref::batchId','_1630071796'),(55,'','crossref::status','registered'),(55,'','crossref::registeredDoi','10.53546/2674-5593.cog.2021.55'),(55,'','crossref::batchId','_1630071797'),(53,'','crossref::status','registered'),(53,'','crossref::registeredDoi','10.53546/2674-5593.cog.2021.53'),(53,'','crossref::batchId','_1630071799'),(52,'','crossref::status','registered'),(52,'','crossref::registeredDoi','10.53546/2674-5593.cog.2021.52'),(52,'','crossref::batchId','_1630071800'),(51,'','crossref::status','registered'),(58,'','crossref::batchId','_1630071791'),(58,'','crossref::registeredDoi','10.53546/2674-5593.cog.2021.58'),(60,'','crossref::batchId','_1630071788'),(58,'','crossref::status','registered'),(6,'','crossref::batchId','_1629483227'),(5,'','crossref::status','registered'),(5,'','crossref::registeredDoi','10.53546/2674-5593.rc.2019.5'),(5,'','crossref::batchId','_1629483228'),(4,'','crossref::status','registered'),(4,'','crossref::registeredDoi','10.53546/2674-5593.rc.2019.4'),(4,'','crossref::batchId','_1629483230'),(2,'','crossref::status','registered'),(2,'','crossref::registeredDoi','10.53546/2674-5593.rc.2019.2'),(2,'','crossref::batchId','_1629483231'),(1,'','crossref::status','registered'),(1,'','crossref::registeredDoi','10.53546/2674-5593.rc.2019.1'),(1,'','crossref::batchId','_1629483232'),(60,'','crossref::status','registered'),(60,'','crossref::registeredDoi','10.53546/2674-5593.cog.2021.60'),(6,'','crossref::registeredDoi','10.53546/2674-5593.rc.2019.6'),(6,'','crossref::status','registered'),(7,'','crossref::registeredDoi','10.53546/2674-5593.rc.2019.7'),(7,'','crossref::batchId','_1629483226'),(15,'','crossref::registeredDoi','10.53546/2674-5593.rc.2019.15'),(15,'','crossref::batchId','_1629483215'),(14,'','crossref::status','registered'),(14,'','crossref::registeredDoi','10.53546/2674-5593.rc.2019.14'),(14,'','crossref::batchId','_1629483216'),(13,'','crossref::status','registered'),(13,'','crossref::registeredDoi','10.53546/2674-5593.rc.2019.13'),(13,'','crossref::batchId','_1629483218'),(11,'','crossref::status','registered'),(11,'','crossref::registeredDoi','10.53546/2674-5593.rc.2019.11'),(11,'','crossref::batchId','_1629483219'),(10,'','crossref::status','registered'),(10,'','crossref::registeredDoi','10.53546/2674-5593.rc.2019.10'),(10,'','crossref::batchId','_1629483221'),(9,'','crossref::status','registered'),(9,'','crossref::registeredDoi','10.53546/2674-5593.rc.2019.9'),(9,'','crossref::batchId','_1629483223'),(8,'','crossref::status','registered'),(8,'','crossref::registeredDoi','10.53546/2674-5593.rc.2019.8'),(8,'','crossref::batchId','_1629483225'),(7,'','crossref::status','registered'),(15,'','crossref::status','registered');

--
-- Table structure for table `submission_supplementary_files`
--

CREATE TABLE `submission_supplementary_files` (
  `file_id` bigint NOT NULL,
  `revision` bigint NOT NULL,
  PRIMARY KEY (`file_id`,`revision`)
) ENGINE=MyISAM DEFAULT CHARSET=latin1;

--
-- Dumping data for table `submission_supplementary_files`
--

INSERT INTO `submission_supplementary_files` VALUES (181,1),(184,1),(214,1),(254,1),(256,1);

--
-- Table structure for table `submission_tombstones`
--

CREATE TABLE `submission_tombstones` (
  `tombstone_id` bigint NOT NULL AUTO_INCREMENT,
  `submission_id` bigint NOT NULL,
  `date_deleted` datetime NOT NULL,
  `journal_id` bigint NOT NULL,
  `section_id` bigint NOT NULL,
  `set_spec` varchar(255) NOT NULL,
  `set_name` varchar(255) NOT NULL,
  `oai_identifier` varchar(255) NOT NULL,
  PRIMARY KEY (`tombstone_id`),
  KEY `submission_tombstones_journal_id` (`journal_id`),
  KEY `submission_tombstones_submission_id` (`submission_id`)
) ENGINE=MyISAM DEFAULT CHARSET=latin1;

--
-- Dumping data for table `submission_tombstones`
--


--
-- Table structure for table `submission_xml_galleys`
--

CREATE TABLE `submission_xml_galleys` (
  `xml_galley_id` bigint NOT NULL AUTO_INCREMENT,
  `galley_id` bigint NOT NULL,
  `submission_id` bigint NOT NULL,
  `label` varchar(32) NOT NULL,
  `galley_type` varchar(255) NOT NULL,
  `views` int NOT NULL DEFAULT '0',
  PRIMARY KEY (`xml_galley_id`)
) ENGINE=MyISAM DEFAULT CHARSET=latin1;

--
-- Dumping data for table `submission_xml_galleys`
--


--
-- Table structure for table `submissions`
--

CREATE TABLE `submissions` (
  `submission_id` bigint NOT NULL AUTO_INCREMENT,
  `locale` varchar(14) DEFAULT NULL,
  `context_id` bigint NOT NULL,
  `section_id` bigint DEFAULT NULL,
  `date_submitted` datetime DEFAULT NULL,
  `last_modified` datetime DEFAULT NULL,
  `status` tinyint NOT NULL DEFAULT '1',
  `submission_progress` tinyint NOT NULL DEFAULT '1',
  `current_publication_id` bigint DEFAULT NULL,
  `date_last_activity` datetime DEFAULT NULL,
  `stage_id` bigint NOT NULL DEFAULT '1',
  `work_type` tinyint DEFAULT '0',
  PRIMARY KEY (`submission_id`),
  KEY `submissions_context_id` (`context_id`)
) ENGINE=MyISAM AUTO_INCREMENT=86 DEFAULT CHARSET=latin1;

--
-- Dumping data for table `submissions`
--

INSERT INTO `submissions` VALUES (1,'pt_BR',1,1,'2020-12-10 16:44:47','2020-12-10 16:44:47',3,0,1,'2022-10-11 10:31:38',1,0),(2,'pt_BR',1,1,'2020-12-10 16:44:47','2020-12-10 16:44:47',3,0,2,'2022-10-11 10:31:38',1,0),(3,'pt_BR',1,1,'2020-12-10 16:44:47','2020-12-10 16:44:47',3,0,63,'2022-10-11 10:31:39',5,0),(4,'pt_BR',1,1,'2020-12-10 16:44:47','2020-12-10 16:44:47',3,0,4,'2022-10-11 10:31:39',1,0),(5,'pt_BR',1,1,'2020-12-10 16:44:48','2020-12-10 16:44:48',3,0,5,'2022-10-11 10:31:38',1,0),(6,'pt_BR',1,1,'2020-12-10 16:44:48','2020-12-10 16:44:48',3,0,6,'2022-10-11 10:31:38',1,0),(7,'pt_BR',1,1,'2020-12-10 16:44:48','2020-12-10 16:44:48',3,0,7,'2022-10-11 10:31:38',1,0),(8,'pt_BR',1,1,'2020-12-10 16:44:48','2020-12-10 16:44:48',3,0,8,'2022-10-11 10:31:38',1,0),(9,'pt_BR',1,1,'2020-12-10 16:44:48','2020-12-10 16:44:48',3,0,9,'2022-10-11 10:31:38',1,0),(10,'pt_BR',1,1,'2020-12-10 16:44:48','2020-12-10 16:44:48',3,0,10,'2022-10-11 10:31:38',1,0),(11,'pt_BR',1,1,'2020-12-10 16:44:48','2020-12-10 16:44:48',3,0,11,'2022-10-11 10:31:38',1,0),(12,'pt_BR',1,1,'2020-12-10 16:44:48','2020-12-10 16:44:48',3,0,12,'2022-10-11 08:20:02',1,0),(13,'pt_BR',1,1,'2020-12-10 16:44:48','2020-12-10 16:44:48',3,0,13,'2022-10-11 08:20:01',1,0),(14,'pt_BR',1,1,'2020-12-10 16:44:48','2020-12-10 16:44:48',3,0,14,'2022-10-11 08:20:02',1,0),(15,'pt_BR',1,1,'2020-12-10 16:44:48','2020-12-10 16:44:48',3,0,15,'2022-10-11 08:20:02',1,0),(16,'pt_BR',1,1,'2020-12-10 16:44:48','2020-12-10 16:44:48',3,0,16,'2022-10-11 08:20:01',1,0),(17,'pt_BR',1,1,'2020-12-10 16:44:48','2020-12-10 16:44:48',3,0,17,'2022-10-11 08:20:01',1,0),(18,'pt_BR',1,1,'2020-12-10 16:44:48','2020-12-10 16:44:48',3,0,18,'2022-10-11 08:20:02',1,0),(19,'pt_BR',1,1,'2020-12-10 16:44:48','2020-12-10 16:44:48',3,0,19,'2022-10-11 08:20:01',1,0),(20,'pt_BR',1,1,'2020-12-10 16:44:49','2020-12-10 16:44:49',3,0,20,'2022-10-11 08:20:01',1,0),(21,NULL,1,NULL,'2021-01-26 17:27:41','2021-01-26 17:27:41',3,0,21,'2022-10-11 11:32:43',5,0),(22,NULL,1,NULL,'2021-01-26 17:55:26','2021-01-26 17:55:26',3,0,22,'2022-10-11 11:32:43',5,0),(23,NULL,1,NULL,'2021-01-26 19:40:22','2021-01-26 19:40:22',3,0,23,'2022-10-11 11:32:43',5,0),(24,NULL,1,NULL,'2021-01-27 10:45:48','2021-01-27 10:45:48',3,0,24,'2022-10-11 11:32:43',5,0),(25,NULL,1,NULL,'2021-01-27 11:16:33','2021-01-27 11:16:33',3,0,25,'2022-10-11 11:32:43',5,0),(26,NULL,1,NULL,'2021-01-27 16:41:36','2021-01-27 16:41:36',3,0,26,'2022-10-11 11:32:43',5,0),(27,NULL,1,NULL,'2021-01-27 16:53:53','2021-01-27 16:53:53',3,0,27,'2022-10-11 11:32:43',5,0),(28,NULL,1,NULL,'2021-01-27 20:21:36','2021-01-27 20:21:36',3,0,28,'2022-10-11 11:32:43',5,0),(29,NULL,1,NULL,'2021-01-27 17:25:58','2021-01-27 17:25:58',3,0,29,'2022-10-11 11:32:43',5,0),(30,NULL,1,NULL,'2021-01-28 10:05:17','2021-01-28 10:05:17',3,0,30,'2022-10-11 11:32:43',5,0),(31,NULL,1,NULL,'2021-01-28 15:41:45','2021-01-28 15:41:45',3,0,31,'2022-10-11 12:12:16',4,0),(32,NULL,1,NULL,'2021-01-28 15:47:16','2021-01-28 15:47:16',3,0,32,'2022-10-11 12:12:16',4,0),(33,NULL,1,NULL,'2021-01-28 15:53:32','2021-01-28 15:53:32',3,0,33,'2022-10-18 16:56:27',4,0),(34,NULL,1,NULL,'2021-01-28 16:05:06','2021-01-28 16:05:06',3,0,34,'2022-10-11 12:12:16',4,0),(35,NULL,1,NULL,'2021-01-28 16:12:49','2021-01-28 16:12:49',3,0,35,'2022-10-11 12:12:16',4,0),(36,NULL,1,NULL,'2021-01-28 16:20:17','2021-01-28 16:20:17',3,0,36,'2022-10-11 12:12:16',4,0),(37,NULL,1,NULL,'2021-01-28 16:27:25','2021-01-28 16:27:25',3,0,37,'2022-10-11 12:12:16',4,0),(38,NULL,1,NULL,'2021-01-28 16:33:41','2021-01-28 16:33:41',3,0,38,'2022-10-11 12:12:16',4,0),(39,NULL,1,NULL,'2021-01-28 16:39:37','2021-01-28 16:39:37',3,0,39,'2022-10-11 12:12:16',4,0),(40,NULL,1,NULL,'2021-01-31 11:38:10','2021-01-31 11:38:10',3,0,40,'2022-10-18 16:56:27',5,0),(43,NULL,1,NULL,'2021-02-02 14:59:58','2021-02-02 14:59:58',3,0,43,'2022-10-11 12:12:16',4,0),(50,NULL,1,NULL,'2021-04-15 10:36:32','2021-04-15 10:36:32',3,0,50,'2022-10-18 16:56:27',5,0),(49,NULL,1,NULL,'2021-03-20 09:08:31','2021-03-20 09:08:31',3,0,49,'2022-10-18 16:56:27',5,0),(51,NULL,1,NULL,'2021-04-26 21:11:31','2021-04-26 21:11:31',3,0,51,'2022-10-18 16:56:27',5,0),(52,NULL,1,NULL,'2021-05-31 12:51:53','2021-05-31 12:51:53',3,0,52,'2022-10-18 16:56:27',5,0),(53,NULL,1,NULL,'2021-06-15 16:49:53','2021-07-27 19:23:27',3,0,53,'2022-10-18 16:56:27',5,0),(62,NULL,1,NULL,'2022-01-07 22:05:59','2022-01-07 22:05:59',3,0,64,'2022-11-03 19:17:55',4,0),(55,NULL,1,NULL,'2021-07-09 17:37:45','2021-07-09 17:37:45',3,0,55,'2022-10-18 16:56:27',5,0),(56,NULL,1,NULL,'2021-07-11 18:49:54','2021-07-19 19:58:05',3,0,56,'2022-10-18 16:56:27',5,0),(57,NULL,1,NULL,'2021-07-11 19:02:57','2021-07-11 19:02:57',3,0,57,'2022-10-18 16:56:27',5,0),(58,NULL,1,NULL,'2021-07-11 22:07:56','2021-07-11 22:07:56',3,0,58,'2022-10-18 16:56:27',5,0),(75,NULL,1,NULL,'2022-12-13 15:20:21','2023-10-26 21:17:03',3,0,77,'2024-01-27 20:44:31',5,0),(60,NULL,1,NULL,'2021-07-26 22:31:48','2021-08-05 17:49:02',3,0,60,'2022-10-18 16:56:26',5,0),(79,NULL,1,NULL,'2023-12-29 16:55:55','2023-12-29 16:55:55',3,0,81,'2024-01-27 20:44:31',5,0),(74,NULL,1,NULL,'2022-09-28 14:59:51','2022-09-28 14:59:51',3,0,76,'2024-01-27 20:42:25',4,0),(64,NULL,1,NULL,'2022-02-26 17:35:52','2022-02-26 17:35:52',3,0,66,'2022-11-03 19:17:55',4,0),(65,NULL,1,NULL,'2022-02-26 20:12:30','2022-02-26 20:12:30',3,0,67,'2022-11-03 19:17:55',4,0),(66,NULL,1,NULL,'2022-03-15 17:31:45','2022-03-15 17:31:45',3,0,68,'2022-11-03 19:17:55',4,0),(67,NULL,1,NULL,'2022-03-23 13:20:59','2022-04-04 21:36:49',3,0,69,'2024-01-27 20:42:26',4,0),(68,NULL,1,NULL,'2022-04-23 14:28:43','2022-05-11 22:49:24',3,0,70,'2024-01-27 20:42:25',4,0),(76,NULL,1,NULL,NULL,'2023-11-26 16:11:17',1,2,78,'2023-11-26 16:11:17',1,0),(70,NULL,1,NULL,'2022-05-17 09:46:20','2022-05-17 09:46:20',3,0,72,'2022-11-03 19:17:55',4,0),(71,NULL,1,NULL,'2022-07-06 19:47:24','2022-07-06 19:47:24',3,0,73,'2024-01-27 20:42:25',4,0),(72,NULL,1,NULL,'2022-07-10 19:35:40','2022-07-10 19:35:40',3,0,74,'2022-11-03 19:17:55',5,0),(73,NULL,1,NULL,'2022-07-10 19:45:12','2022-07-10 19:45:12',3,0,75,'2022-11-03 19:17:55',4,0),(77,NULL,1,NULL,'2023-11-29 16:10:58','2023-11-29 16:10:58',3,0,79,'2024-01-27 20:44:31',5,0),(78,NULL,1,NULL,'2023-12-05 16:14:50','2024-01-09 16:21:19',5,0,80,'2024-07-09 17:32:07',4,0),(80,NULL,1,NULL,'2024-01-02 11:37:34','2024-01-02 11:37:34',5,0,82,'2024-07-09 17:38:54',5,0),(81,NULL,1,NULL,'2024-01-20 09:26:32','2024-01-20 09:26:32',5,0,83,'2024-07-09 17:35:57',5,0),(82,NULL,1,NULL,'2024-03-25 13:01:46','2024-05-16 12:44:47',1,0,84,'2024-07-09 13:59:22',3,0),(83,NULL,1,NULL,NULL,'2024-07-09 16:53:55',1,3,85,'2024-07-09 16:53:55',1,0),(84,NULL,1,NULL,'2024-05-16 18:26:22','2024-05-16 18:26:22',4,0,86,'2024-05-24 09:45:55',1,0),(85,NULL,1,NULL,'2024-07-12 16:59:35','2024-07-12 16:59:35',1,0,87,'2024-07-12 16:59:40',1,0);

--
-- Table structure for table `subscription_type_settings`
--

CREATE TABLE `subscription_type_settings` (
  `type_id` bigint NOT NULL,
  `locale` varchar(14) NOT NULL DEFAULT '',
  `setting_name` varchar(255) NOT NULL,
  `setting_value` mediumtext,
  `setting_type` varchar(6) NOT NULL,
  UNIQUE KEY `subscription_type_settings_pkey` (`type_id`,`locale`,`setting_name`),
  KEY `subscription_type_settings_type_id` (`type_id`)
) ENGINE=MyISAM DEFAULT CHARSET=latin1;

--
-- Dumping data for table `subscription_type_settings`
--


--
-- Table structure for table `subscription_types`
--

CREATE TABLE `subscription_types` (
  `type_id` bigint NOT NULL AUTO_INCREMENT,
  `journal_id` bigint NOT NULL,
  `cost` double NOT NULL,
  `currency_code_alpha` varchar(3) NOT NULL,
  `non_expiring` tinyint NOT NULL DEFAULT '0',
  `duration` smallint DEFAULT NULL,
  `format` smallint NOT NULL,
  `institutional` tinyint NOT NULL DEFAULT '0',
  `membership` tinyint NOT NULL DEFAULT '0',
  `disable_public_display` tinyint NOT NULL,
  `seq` double NOT NULL,
  PRIMARY KEY (`type_id`)
) ENGINE=MyISAM DEFAULT CHARSET=latin1;

--
-- Dumping data for table `subscription_types`
--


--
-- Table structure for table `subscriptions`
--

CREATE TABLE `subscriptions` (
  `subscription_id` bigint NOT NULL AUTO_INCREMENT,
  `journal_id` bigint NOT NULL,
  `user_id` bigint NOT NULL,
  `type_id` bigint NOT NULL,
  `date_start` date DEFAULT NULL,
  `date_end` datetime DEFAULT NULL,
  `status` tinyint NOT NULL DEFAULT '1',
  `membership` varchar(40) DEFAULT NULL,
  `reference_number` varchar(40) DEFAULT NULL,
  `notes` mediumtext,
  PRIMARY KEY (`subscription_id`)
) ENGINE=MyISAM DEFAULT CHARSET=latin1;

--
-- Dumping data for table `subscriptions`
--


--
-- Table structure for table `temporary_files`
--

CREATE TABLE `temporary_files` (
  `file_id` bigint NOT NULL AUTO_INCREMENT,
  `user_id` bigint NOT NULL,
  `file_name` varchar(90) NOT NULL,
  `file_type` varchar(255) DEFAULT NULL,
  `file_size` bigint NOT NULL,
  `original_file_name` varchar(127) DEFAULT NULL,
  `date_uploaded` datetime NOT NULL,
  PRIMARY KEY (`file_id`),
  KEY `temporary_files_user_id` (`user_id`)
) ENGINE=MyISAM AUTO_INCREMENT=33 DEFAULT CHARSET=latin1;

--
-- Dumping data for table `temporary_files`
--


--
-- Table structure for table `theses`
--

CREATE TABLE `theses` (
  `thesis_id` bigint NOT NULL AUTO_INCREMENT,
  `journal_id` bigint NOT NULL,
  `status` smallint NOT NULL,
  `degree` smallint NOT NULL,
  `degree_name` varchar(255) DEFAULT NULL,
  `department` varchar(255) NOT NULL,
  `university` varchar(255) NOT NULL,
  `date_approved` datetime NOT NULL,
  `title` varchar(255) NOT NULL,
  `url` mediumtext,
  `abstract` mediumtext,
  `comment` mediumtext,
  `student_first_name` varchar(40) NOT NULL,
  `student_middle_name` varchar(40) DEFAULT NULL,
  `student_last_name` varchar(90) NOT NULL,
  `student_email` varchar(90) NOT NULL,
  `student_email_publish` tinyint DEFAULT '0',
  `student_bio` mediumtext,
  `supervisor_first_name` varchar(40) NOT NULL,
  `supervisor_middle_name` varchar(40) DEFAULT NULL,
  `supervisor_last_name` varchar(90) NOT NULL,
  `supervisor_email` varchar(90) NOT NULL,
  `discipline` varchar(255) DEFAULT NULL,
  `subject_class` varchar(255) DEFAULT NULL,
  `subject` varchar(255) DEFAULT NULL,
  `coverage_geo` varchar(255) DEFAULT NULL,
  `coverage_chron` varchar(255) DEFAULT NULL,
  `coverage_sample` varchar(255) DEFAULT NULL,
  `method` varchar(255) DEFAULT NULL,
  `language` varchar(10) DEFAULT 'en',
  `date_submitted` datetime NOT NULL,
  PRIMARY KEY (`thesis_id`),
  KEY `theses_journal_id` (`journal_id`)
) ENGINE=MyISAM DEFAULT CHARSET=latin1;

--
-- Dumping data for table `theses`
--


--
-- Table structure for table `usage_stats_temporary_records`
--

CREATE TABLE `usage_stats_temporary_records` (
  `assoc_id` bigint NOT NULL,
  `assoc_type` bigint NOT NULL,
  `day` bigint NOT NULL,
  `metric` bigint NOT NULL DEFAULT '1',
  `country_id` varchar(2) DEFAULT NULL,
  `region` varchar(2) DEFAULT NULL,
  `city` varchar(255) DEFAULT NULL,
  `load_id` varchar(255) NOT NULL,
  `file_type` tinyint DEFAULT NULL,
  `entry_time` bigint NOT NULL
) ENGINE=MyISAM DEFAULT CHARSET=latin1;

--
-- Dumping data for table `usage_stats_temporary_records`
--

INSERT INTO `usage_stats_temporary_records` VALUES (39,1048585,20210321,1,NULL,NULL,NULL,'usage_events_20210321.log',0,1616360470),(3,515,20210321,1,NULL,NULL,NULL,'usage_events_20210321.log',2,1616356895),(3,1048585,20210321,1,NULL,NULL,NULL,'usage_events_20210321.log',0,1616356793),(96,515,20210321,1,NULL,NULL,NULL,'usage_events_20210321.log',2,1616353851),(23,1048585,20210321,1,NULL,NULL,NULL,'usage_events_20210321.log',0,1616353846),(93,515,20210321,1,NULL,NULL,NULL,'usage_events_20210321.log',2,1616348831),(2,1048585,20210321,1,NULL,NULL,NULL,'usage_events_20210321.log',0,1616331483),(2,515,20210321,1,NULL,NULL,NULL,'usage_events_20210321.log',2,1616331030),(1,259,20210321,1,NULL,NULL,NULL,'usage_events_20210321.log',0,1616331017),(2,1048585,20210321,1,NULL,NULL,NULL,'usage_events_20210321.log',0,1616330922),(1,256,20221011,1,NULL,NULL,NULL,'usage_events_20221011.log',0,1665528353),(1,256,20221011,1,NULL,NULL,NULL,'usage_events_20221011.log',0,1665527326),(62,1048585,20221011,1,NULL,NULL,NULL,'usage_events_20221011.log',0,1665524314),(66,1048585,20221011,1,NULL,NULL,NULL,'usage_events_20221011.log',0,1665524311),(6,259,20221011,1,NULL,NULL,NULL,'usage_events_20221011.log',0,1665524296),(31,1048585,20221011,1,NULL,NULL,NULL,'usage_events_20221011.log',0,1665524268),(31,1048585,20221011,1,NULL,NULL,NULL,'usage_events_20221011.log',0,1665524256),(43,1048585,20221011,1,NULL,NULL,NULL,'usage_events_20221011.log',0,1665524217),(39,1048585,20221011,1,NULL,NULL,NULL,'usage_events_20221011.log',0,1665524213),(4,259,20221011,1,NULL,NULL,NULL,'usage_events_20221011.log',0,1665524184),(33,1048585,20221011,1,NULL,NULL,NULL,'usage_events_20221011.log',0,1665523309),(5,259,20221011,1,NULL,NULL,NULL,'usage_events_20221011.log',0,1665523304),(56,1048585,20221011,1,NULL,NULL,NULL,'usage_events_20221011.log',0,1665523295),(5,259,20221011,1,NULL,NULL,NULL,'usage_events_20221011.log',0,1665523292),(62,1048585,20221011,1,NULL,NULL,NULL,'usage_events_20221011.log',0,1665523282),(6,259,20221011,1,NULL,NULL,NULL,'usage_events_20221011.log',0,1665523279),(1,256,20221011,1,NULL,NULL,NULL,'usage_events_20221011.log',0,1665522771),(6,259,20221011,1,NULL,NULL,NULL,'usage_events_20221011.log',0,1665519367),(6,259,20221011,1,NULL,NULL,NULL,'usage_events_20221011.log',0,1665519323),(1,256,20221011,1,NULL,NULL,NULL,'usage_events_20221011.log',0,1665519291),(1,256,20221011,1,NULL,NULL,NULL,'usage_events_20221011.log',0,1665519259),(1,256,20221011,1,NULL,NULL,NULL,'usage_events_20221011.log',0,1665518185),(73,1048585,20221011,1,NULL,NULL,NULL,'usage_events_20221011.log',0,1665511901),(6,259,20221011,1,NULL,NULL,NULL,'usage_events_20221011.log',0,1665511896),(62,1048585,20221011,1,NULL,NULL,NULL,'usage_events_20221011.log',0,1665511882),(6,259,20221011,1,NULL,NULL,NULL,'usage_events_20221011.log',0,1665511879),(64,1048585,20221011,1,NULL,NULL,NULL,'usage_events_20221011.log',0,1665511819),(231,515,20221011,1,NULL,NULL,NULL,'usage_events_20221011.log',2,1665511815),(6,259,20221011,1,NULL,NULL,NULL,'usage_events_20221011.log',0,1665511798),(19,1048585,20221011,1,NULL,NULL,NULL,'usage_events_20221011.log',0,1665509300),(2,259,20221011,1,NULL,NULL,NULL,'usage_events_20221011.log',0,1665509292),(16,1048585,20221011,1,NULL,NULL,NULL,'usage_events_20221011.log',0,1665508619),(2,259,20221011,1,NULL,NULL,NULL,'usage_events_20221011.log',0,1665508616),(13,1048585,20221011,1,NULL,NULL,NULL,'usage_events_20221011.log',0,1665508596),(2,259,20221011,1,NULL,NULL,NULL,'usage_events_20221011.log',0,1665508590),(5,259,20221011,1,NULL,NULL,NULL,'usage_events_20221011.log',0,1665504492),(12,261,20221011,1,NULL,NULL,NULL,'usage_events_20221011.log',2,1665504457),(5,259,20221011,1,NULL,NULL,NULL,'usage_events_20221011.log',0,1665504442),(1,256,20221011,1,NULL,NULL,NULL,'usage_events_20221011.log',0,1665504409),(225,515,20221011,1,NULL,NULL,NULL,'usage_events_20221011.log',2,1665503078),(40,1048585,20221011,1,NULL,NULL,NULL,'usage_events_20221011.log',0,1665503059),(60,1048585,20221011,1,NULL,NULL,NULL,'usage_events_20221011.log',0,1665503054),(56,1048585,20221011,1,NULL,NULL,NULL,'usage_events_20221011.log',0,1665503050),(5,259,20221011,1,NULL,NULL,NULL,'usage_events_20221011.log',0,1665503039),(1,256,20221011,1,NULL,NULL,NULL,'usage_events_20221011.log',0,1665501511),(1,256,20221011,1,NULL,NULL,NULL,'usage_events_20221011.log',0,1665501495),(86,515,20221011,1,NULL,NULL,NULL,'usage_events_20221011.log',2,1665501218),(37,1048585,20221011,1,NULL,NULL,NULL,'usage_events_20221011.log',0,1665501209),(36,1048585,20221011,1,NULL,NULL,NULL,'usage_events_20221011.log',0,1665501200),(32,1048585,20221011,1,NULL,NULL,NULL,'usage_events_20221011.log',0,1665501185),(4,259,20221011,1,NULL,NULL,NULL,'usage_events_20221011.log',0,1665501176),(1,256,20221011,1,NULL,NULL,NULL,'usage_events_20221011.log',0,1665498973),(1,256,20221011,1,NULL,NULL,NULL,'usage_events_20221011.log',0,1665498961),(21,1048585,20221011,1,NULL,NULL,NULL,'usage_events_20221011.log',0,1665498839),(222,515,20221011,1,NULL,NULL,NULL,'usage_events_20221011.log',2,1665498809),(3,259,20221011,1,NULL,NULL,NULL,'usage_events_20221011.log',0,1665498792),(1,256,20221011,1,NULL,NULL,NULL,'usage_events_20221011.log',0,1665497071),(1,259,20221011,1,NULL,NULL,NULL,'usage_events_20221011.log',0,1665497053),(1,259,20221011,1,NULL,NULL,NULL,'usage_events_20221011.log',0,1665496963),(1,256,20221011,1,NULL,NULL,NULL,'usage_events_20221011.log',0,1665496860),(1,256,20221011,1,NULL,NULL,NULL,'usage_events_20221011.log',0,1665496814),(1,256,20221011,1,NULL,NULL,NULL,'usage_events_20221011.log',0,1665496537),(1,256,20221011,1,NULL,NULL,NULL,'usage_events_20221011.log',0,1665496524),(18,1048585,20221011,1,NULL,NULL,NULL,'usage_events_20221011.log',0,1665495206),(2,259,20221011,1,NULL,NULL,NULL,'usage_events_20221011.log',0,1665495198),(9,1048585,20221011,1,NULL,NULL,NULL,'usage_events_20221011.log',0,1665495188),(7,1048585,20221011,1,NULL,NULL,NULL,'usage_events_20221011.log',0,1665495180),(1,259,20221011,1,NULL,NULL,NULL,'usage_events_20221011.log',0,1665495152),(220,515,20221011,1,NULL,NULL,NULL,'usage_events_20221011.log',2,1665495141),(9,1048585,20221011,1,NULL,NULL,NULL,'usage_events_20221011.log',0,1665495137),(1,259,20221011,1,NULL,NULL,NULL,'usage_events_20221011.log',0,1665495130),(9,1048585,20221011,1,NULL,NULL,NULL,'usage_events_20221011.log',0,1665494441),(1,259,20221011,1,NULL,NULL,NULL,'usage_events_20221011.log',0,1665494435),(1,1048585,20221011,1,NULL,NULL,NULL,'usage_events_20221011.log',0,1665493538),(9,1048585,20221011,1,NULL,NULL,NULL,'usage_events_20221011.log',0,1665493521),(1,259,20221011,1,NULL,NULL,NULL,'usage_events_20221011.log',0,1665493460),(9,1048585,20221011,1,NULL,NULL,NULL,'usage_events_20221011.log',0,1665493272),(1,259,20221011,1,NULL,NULL,NULL,'usage_events_20221011.log',0,1665493263),(1,259,20221011,1,NULL,NULL,NULL,'usage_events_20221011.log',0,1665493055),(1,259,20221011,1,NULL,NULL,NULL,'usage_events_20221011.log',0,1665493003),(1,256,20221011,1,NULL,NULL,NULL,'usage_events_20221011.log',0,1665492945),(1,256,20221011,1,NULL,NULL,NULL,'usage_events_20221011.log',0,1665492924),(1,256,20221011,1,NULL,NULL,NULL,'usage_events_20221011.log',0,1665492913),(1,256,20221011,1,NULL,NULL,NULL,'usage_events_20221011.log',0,1665492893),(1,256,20221011,1,NULL,NULL,NULL,'usage_events_20221011.log',0,1665492880),(1,259,20221011,1,NULL,NULL,NULL,'usage_events_20221011.log',0,1665492862),(1,256,20221011,1,NULL,NULL,NULL,'usage_events_20221011.log',0,1665492855),(1,259,20221011,1,NULL,NULL,NULL,'usage_events_20221011.log',0,1665492807),(1,256,20221011,1,NULL,NULL,NULL,'usage_events_20221011.log',0,1665492785),(1,256,20221011,1,NULL,NULL,NULL,'usage_events_20221011.log',0,1665492755),(1,256,20221011,1,NULL,NULL,NULL,'usage_events_20221011.log',0,1665492730),(1,256,20221011,1,NULL,NULL,NULL,'usage_events_20221011.log',0,1665492704),(1,256,20221011,1,NULL,NULL,NULL,'usage_events_20221011.log',0,1665492677),(1,256,20221011,1,NULL,NULL,NULL,'usage_events_20221011.log',0,1665492657),(1,256,20221011,1,NULL,NULL,NULL,'usage_events_20221011.log',0,1665492627),(1,256,20221011,1,NULL,NULL,NULL,'usage_events_20221011.log',0,1665492616),(1,256,20221011,1,NULL,NULL,NULL,'usage_events_20221011.log',0,1665492583),(1,256,20221011,1,NULL,NULL,NULL,'usage_events_20221011.log',0,1665492562),(1,256,20221011,1,NULL,NULL,NULL,'usage_events_20221011.log',0,1665492548),(1,256,20221011,1,NULL,NULL,NULL,'usage_events_20221011.log',0,1665492527),(1,256,20221011,1,NULL,NULL,NULL,'usage_events_20221011.log',0,1665492500),(1,256,20221011,1,NULL,NULL,NULL,'usage_events_20221011.log',0,1665492488),(1,256,20221011,1,NULL,NULL,NULL,'usage_events_20221011.log',0,1665492474),(1,256,20221011,1,NULL,NULL,NULL,'usage_events_20221011.log',0,1665492394),(1,256,20221011,1,NULL,NULL,NULL,'usage_events_20221011.log',0,1665492366),(1,256,20221011,1,NULL,NULL,NULL,'usage_events_20221011.log',0,1665492343),(1,256,20221011,1,NULL,NULL,NULL,'usage_events_20221011.log',0,1665492318),(2,259,20221011,1,NULL,NULL,NULL,'usage_events_20221011.log',0,1665491044),(1,256,20221011,1,NULL,NULL,NULL,'usage_events_20221011.log',0,1665488087),(16,1048585,20221011,1,NULL,NULL,NULL,'usage_events_20221011.log',0,1665487280),(19,1048585,20221011,1,NULL,NULL,NULL,'usage_events_20221011.log',0,1665487272),(12,1048585,20221011,1,NULL,NULL,NULL,'usage_events_20221011.log',0,1665487264),(2,259,20221011,1,NULL,NULL,NULL,'usage_events_20221011.log',0,1665487245),(2,259,20221011,1,NULL,NULL,NULL,'usage_events_20221011.log',0,1665487210),(20,1048585,20221011,1,NULL,NULL,NULL,'usage_events_20221011.log',0,1665486225),(19,1048585,20221011,1,NULL,NULL,NULL,'usage_events_20221011.log',0,1665486223),(18,1048585,20221011,1,NULL,NULL,NULL,'usage_events_20221011.log',0,1665486221),(17,1048585,20221011,1,NULL,NULL,NULL,'usage_events_20221011.log',0,1665486219),(16,1048585,20221011,1,NULL,NULL,NULL,'usage_events_20221011.log',0,1665486217),(15,1048585,20221011,1,NULL,NULL,NULL,'usage_events_20221011.log',0,1665486216),(14,1048585,20221011,1,NULL,NULL,NULL,'usage_events_20221011.log',0,1665486212),(2,259,20221011,1,NULL,NULL,NULL,'usage_events_20221011.log',0,1665486207),(13,1048585,20221011,1,NULL,NULL,NULL,'usage_events_20221011.log',0,1665486196),(2,259,20221011,1,NULL,NULL,NULL,'usage_events_20221011.log',0,1665486192),(11,515,20221011,1,NULL,NULL,NULL,'usage_events_20221011.log',2,1665486160),(10,515,20221011,1,NULL,NULL,NULL,'usage_events_20221011.log',2,1665486156),(9,515,20221011,1,NULL,NULL,NULL,'usage_events_20221011.log',2,1665486151),(8,515,20221011,1,NULL,NULL,NULL,'usage_events_20221011.log',2,1665486144),(7,515,20221011,1,NULL,NULL,NULL,'usage_events_20221011.log',2,1665486139),(1,259,20221011,1,NULL,NULL,NULL,'usage_events_20221011.log',0,1665486128),(6,515,20221011,1,NULL,NULL,NULL,'usage_events_20221011.log',2,1665486123),(6,1048585,20221011,1,NULL,NULL,NULL,'usage_events_20221011.log',0,1665486121),(1,259,20221011,1,NULL,NULL,NULL,'usage_events_20221011.log',0,1665486111),(5,515,20221011,1,NULL,NULL,NULL,'usage_events_20221011.log',2,1665486106),(5,1048585,20221011,1,NULL,NULL,NULL,'usage_events_20221011.log',0,1665486103),(4,515,20221011,1,NULL,NULL,NULL,'usage_events_20221011.log',2,1665486095),(171,515,20221011,1,NULL,NULL,NULL,'usage_events_20221011.log',2,1665486088),(4,1048585,20221011,1,NULL,NULL,NULL,'usage_events_20221011.log',0,1665486086),(2,1048585,20221011,1,NULL,NULL,NULL,'usage_events_20221011.log',0,1665486075),(2,515,20221011,1,NULL,NULL,NULL,'usage_events_20221011.log',2,1665486062),(1,515,20221011,1,NULL,NULL,NULL,'usage_events_20221011.log',2,1665486015),(1,259,20221011,1,NULL,NULL,NULL,'usage_events_20221011.log',0,1665486007),(2,259,20221011,1,NULL,NULL,NULL,'usage_events_20221011.log',0,1665485979),(2,259,20221011,1,NULL,NULL,NULL,'usage_events_20221011.log',0,1665485862),(12,1048585,20221011,1,NULL,NULL,NULL,'usage_events_20221011.log',0,1665485854),(2,259,20221011,1,NULL,NULL,NULL,'usage_events_20221011.log',0,1665485848),(95,515,20220406,1,NULL,NULL,NULL,'usage_events_20220406.log',2,1649274810),(157,515,20220406,1,NULL,NULL,NULL,'usage_events_20220406.log',2,1649274726),(18,515,20220406,1,NULL,NULL,NULL,'usage_events_20220406.log',2,1649274627),(18,1048585,20220406,1,NULL,NULL,NULL,'usage_events_20220406.log',0,1649274619),(160,515,20220406,1,NULL,NULL,NULL,'usage_events_20220406.log',2,1649270886),(93,515,20220406,1,NULL,NULL,NULL,'usage_events_20220406.log',2,1649270589),(16,515,20220406,1,NULL,NULL,NULL,'usage_events_20220406.log',2,1649268933),(157,515,20220406,1,NULL,NULL,NULL,'usage_events_20220406.log',2,1649266627),(94,515,20220406,1,NULL,NULL,NULL,'usage_events_20220406.log',2,1649265926),(85,515,20220406,1,NULL,NULL,NULL,'usage_events_20220406.log',2,1649265770),(16,515,20220406,1,NULL,NULL,NULL,'usage_events_20220406.log',2,1649265312),(16,515,20220406,1,NULL,NULL,NULL,'usage_events_20220406.log',2,1649264550),(58,1048585,20220406,1,NULL,NULL,NULL,'usage_events_20220406.log',0,1649263645),(16,515,20220406,1,NULL,NULL,NULL,'usage_events_20220406.log',2,1649263468),(21,1048585,20220406,1,NULL,NULL,NULL,'usage_events_20220406.log',0,1649263332),(10,1048585,20220406,1,NULL,NULL,NULL,'usage_events_20220406.log',0,1649261189),(58,1048585,20220406,1,NULL,NULL,NULL,'usage_events_20220406.log',0,1649261026),(5,259,20220406,1,NULL,NULL,NULL,'usage_events_20220406.log',0,1649260818),(164,515,20220406,1,NULL,NULL,NULL,'usage_events_20220406.log',2,1649257592),(17,1048585,20220406,1,NULL,NULL,NULL,'usage_events_20220406.log',0,1649256164),(2,259,20220406,1,NULL,NULL,NULL,'usage_events_20220406.log',0,1649256163),(17,1048585,20220406,1,NULL,NULL,NULL,'usage_events_20220406.log',0,1649256152),(158,515,20220406,1,NULL,NULL,NULL,'usage_events_20220406.log',2,1649251899),(17,1048585,20220406,1,NULL,NULL,NULL,'usage_events_20220406.log',0,1649251872),(92,515,20220406,1,NULL,NULL,NULL,'usage_events_20220406.log',2,1649251554),(94,515,20220406,1,NULL,NULL,NULL,'usage_events_20220406.log',2,1649251282),(94,515,20220406,1,NULL,NULL,NULL,'usage_events_20220406.log',2,1649251182),(94,515,20220406,1,NULL,NULL,NULL,'usage_events_20220406.log',2,1649251039),(94,515,20220406,1,NULL,NULL,NULL,'usage_events_20220406.log',2,1649250898),(17,1048585,20220406,1,NULL,NULL,NULL,'usage_events_20220406.log',0,1649250876),(16,515,20220406,1,NULL,NULL,NULL,'usage_events_20220406.log',2,1649250846),(94,515,20220406,1,NULL,NULL,NULL,'usage_events_20220406.log',2,1649250815),(17,1048585,20220406,1,NULL,NULL,NULL,'usage_events_20220406.log',0,1649250791),(94,515,20220406,1,NULL,NULL,NULL,'usage_events_20220406.log',2,1649250736),(94,515,20220406,1,NULL,NULL,NULL,'usage_events_20220406.log',2,1649250641),(94,515,20220406,1,NULL,NULL,NULL,'usage_events_20220406.log',2,1649250543),(158,515,20220406,1,NULL,NULL,NULL,'usage_events_20220406.log',2,1649250530),(17,1048585,20220406,1,NULL,NULL,NULL,'usage_events_20220406.log',0,1649250527),(17,1048585,20220406,1,NULL,NULL,NULL,'usage_events_20220406.log',0,1649250511),(94,515,20220406,1,NULL,NULL,NULL,'usage_events_20220406.log',2,1649250464),(21,1048585,20220406,1,NULL,NULL,NULL,'usage_events_20220406.log',0,1649249825),(16,515,20220406,1,NULL,NULL,NULL,'usage_events_20220406.log',2,1649248998),(92,515,20220406,1,NULL,NULL,NULL,'usage_events_20220406.log',2,1649248390),(10,515,20220406,1,NULL,NULL,NULL,'usage_events_20220406.log',2,1649248128),(10,1048585,20220406,1,NULL,NULL,NULL,'usage_events_20220406.log',0,1649248106),(58,1048585,20220406,1,NULL,NULL,NULL,'usage_events_20220406.log',0,1649248105),(58,1048585,20220406,1,NULL,NULL,NULL,'usage_events_20220406.log',0,1649242062),(92,515,20220406,1,NULL,NULL,NULL,'usage_events_20220406.log',2,1649240837),(92,515,20220406,1,NULL,NULL,NULL,'usage_events_20220406.log',2,1649240825),(17,1048585,20220406,1,NULL,NULL,NULL,'usage_events_20220406.log',0,1649240042),(1,256,20220406,1,NULL,NULL,NULL,'usage_events_20220406.log',0,1649239660),(1,256,20220406,1,NULL,NULL,NULL,'usage_events_20220406.log',0,1649236538),(1,256,20220406,1,NULL,NULL,NULL,'usage_events_20220406.log',0,1649235545),(164,515,20220406,1,NULL,NULL,NULL,'usage_events_20220406.log',2,1649234602),(50,1048585,20220406,1,NULL,NULL,NULL,'usage_events_20220406.log',0,1649234571),(92,515,20220406,1,NULL,NULL,NULL,'usage_events_20220406.log',2,1649234278),(58,1048585,20220406,1,NULL,NULL,NULL,'usage_events_20220406.log',0,1649231688),(1,256,20220406,1,NULL,NULL,NULL,'usage_events_20220406.log',0,1649230690),(1,256,20220406,1,NULL,NULL,NULL,'usage_events_20220406.log',0,1649223689),(38,1048585,20220406,1,NULL,NULL,NULL,'usage_events_20220406.log',0,1649222486),(94,515,20220406,1,NULL,NULL,NULL,'usage_events_20220406.log',2,1649219385),(4,259,20220406,1,NULL,NULL,NULL,'usage_events_20220406.log',0,1649219198),(89,515,20220406,1,NULL,NULL,NULL,'usage_events_20220406.log',2,1649219176),(38,1048585,20220406,1,NULL,NULL,NULL,'usage_events_20220406.log',0,1649219005),(38,1048585,20220406,1,NULL,NULL,NULL,'usage_events_20220406.log',0,1649218995),(1,256,20220406,1,NULL,NULL,NULL,'usage_events_20220406.log',0,1649218893),(91,515,20220406,1,NULL,NULL,NULL,'usage_events_20220406.log',2,1649218712),(58,1048585,20220406,1,NULL,NULL,NULL,'usage_events_20220406.log',0,1649215844),(12,1048585,20221011,1,NULL,NULL,NULL,'usage_events_20221011.log',0,1665485823),(2,259,20221011,1,NULL,NULL,NULL,'usage_events_20221011.log',0,1665485817),(2,259,20221011,1,NULL,NULL,NULL,'usage_events_20221011.log',0,1665485793),(109,515,20221011,1,NULL,NULL,NULL,'usage_events_20221011.log',2,1665484821),(19,515,20221011,1,NULL,NULL,NULL,'usage_events_20221011.log',2,1665484808),(18,515,20221011,1,NULL,NULL,NULL,'usage_events_20221011.log',2,1665484790),(17,515,20221011,1,NULL,NULL,NULL,'usage_events_20221011.log',2,1665484779),(16,515,20221011,1,NULL,NULL,NULL,'usage_events_20221011.log',2,1665484762),(15,515,20221011,1,NULL,NULL,NULL,'usage_events_20221011.log',2,1665484749),(14,515,20221011,1,NULL,NULL,NULL,'usage_events_20221011.log',2,1665484736),(13,515,20221011,1,NULL,NULL,NULL,'usage_events_20221011.log',2,1665484712),(12,515,20221011,1,NULL,NULL,NULL,'usage_events_20221011.log',2,1665484662),(2,259,20221011,1,NULL,NULL,NULL,'usage_events_20221011.log',0,1665484656),(2,259,20221011,1,NULL,NULL,NULL,'usage_events_20221011.log',0,1665484607),(1,256,20221011,1,NULL,NULL,NULL,'usage_events_20221011.log',0,1665481134),(1,256,20221011,1,NULL,NULL,NULL,'usage_events_20221011.log',0,1665476922),(1,256,20221011,1,NULL,NULL,NULL,'usage_events_20221011.log',0,1665467319),(1,256,20221011,1,NULL,NULL,NULL,'usage_events_20221011.log',0,1665463882),(1,256,20221011,1,NULL,NULL,NULL,'usage_events_20221011.log',0,1665459733);

--
-- Table structure for table `user_group_settings`
--

CREATE TABLE `user_group_settings` (
  `user_group_id` bigint NOT NULL,
  `locale` varchar(14) NOT NULL DEFAULT '',
  `setting_name` varchar(255) NOT NULL,
  `setting_value` mediumtext,
  `setting_type` varchar(6) NOT NULL,
  UNIQUE KEY `user_group_settings_pkey` (`user_group_id`,`locale`,`setting_name`)
) ENGINE=MyISAM DEFAULT CHARSET=latin1;

--
-- Dumping data for table `user_group_settings`
--

INSERT INTO `user_group_settings` VALUES (2,'','nameLocaleKey','default.groups.name.manager','string'),(2,'','abbrevLocaleKey','default.groups.abbrev.manager','string'),(2,'pt_BR','name','Gerente da revista','string'),(2,'pt_BR','abbrev','GR','string'),(3,'','nameLocaleKey','default.groups.name.editor','string'),(3,'','abbrevLocaleKey','default.groups.abbrev.editor','string'),(3,'pt_BR','name','Editor da revista','string'),(3,'pt_BR','abbrev','ER','string'),(4,'','nameLocaleKey','default.groups.name.productionEditor','string'),(4,'','abbrevLocaleKey','default.groups.abbrev.productionEditor','string'),(4,'pt_BR','name','Editor de Leiaute','string'),(4,'pt_BR','abbrev','EP','string'),(5,'','nameLocaleKey','default.groups.name.sectionEditor','string'),(5,'','abbrevLocaleKey','default.groups.abbrev.sectionEditor','string'),(5,'pt_BR','name','Editor de seção','string'),(5,'pt_BR','abbrev','ESeç','string'),(6,'','nameLocaleKey','default.groups.name.guestEditor','string'),(6,'','abbrevLocaleKey','default.groups.abbrev.guestEditor','string'),(6,'pt_BR','name','Editor convidado','string'),(6,'pt_BR','abbrev','EConv','string'),(7,'','nameLocaleKey','default.groups.name.copyeditor','string'),(7,'','abbrevLocaleKey','default.groups.abbrev.copyeditor','string'),(7,'pt_BR','name','Editor de texto','string'),(7,'pt_BR','abbrev','ET','string'),(8,'','nameLocaleKey','default.groups.name.designer','string'),(8,'','abbrevLocaleKey','default.groups.abbrev.designer','string'),(8,'pt_BR','name','Designer','string'),(8,'pt_BR','abbrev','DE','string'),(9,'','nameLocaleKey','default.groups.name.funding','string'),(9,'','abbrevLocaleKey','default.groups.abbrev.funding','string'),(9,'pt_BR','name','Coordenador de Financiamento','string'),(9,'pt_BR','abbrev','CF','string'),(10,'','nameLocaleKey','default.groups.name.indexer','string'),(10,'','abbrevLocaleKey','default.groups.abbrev.indexer','string'),(10,'pt_BR','name','Indexador','string'),(10,'pt_BR','abbrev','IND','string'),(11,'','nameLocaleKey','default.groups.name.layoutEditor','string'),(11,'','abbrevLocaleKey','default.groups.abbrev.layoutEditor','string'),(11,'pt_BR','name','Editor de Leiaute','string'),(11,'pt_BR','abbrev','EL','string'),(12,'','nameLocaleKey','default.groups.name.marketing','string'),(12,'','abbrevLocaleKey','default.groups.abbrev.marketing','string'),(12,'pt_BR','name','Coordenador de Vendas e Marketing','string'),(12,'pt_BR','abbrev','CVM','string'),(13,'','nameLocaleKey','default.groups.name.proofreader','string'),(13,'','abbrevLocaleKey','default.groups.abbrev.proofreader','string'),(13,'pt_BR','name','Leitor de Prova','string'),(13,'pt_BR','abbrev','LP','string'),(14,'','nameLocaleKey','default.groups.name.author','string'),(14,'','abbrevLocaleKey','default.groups.abbrev.author','string'),(14,'pt_BR','name','Autor','string'),(14,'pt_BR','abbrev','AU','string'),(15,'','nameLocaleKey','default.groups.name.translator','string'),(15,'','abbrevLocaleKey','default.groups.abbrev.translator','string'),(15,'pt_BR','name','Tradutor','string'),(15,'pt_BR','abbrev','TR','string'),(16,'','nameLocaleKey','default.groups.name.externalReviewer','string'),(16,'','abbrevLocaleKey','default.groups.abbrev.externalReviewer','string'),(16,'pt_BR','name','Avaliador','string'),(16,'pt_BR','abbrev','A','string'),(17,'','nameLocaleKey','default.groups.name.reader','string'),(17,'','abbrevLocaleKey','default.groups.abbrev.reader','string'),(17,'pt_BR','name','Leitor','string'),(17,'pt_BR','abbrev','LE','string'),(18,'','nameLocaleKey','default.groups.name.subscriptionManager','string'),(18,'','abbrevLocaleKey','default.groups.abbrev.subscriptionManager','string'),(18,'pt_BR','name','Gerente de assinatura','string'),(18,'pt_BR','abbrev','GAssin','string'),(5,'','recommendOnly','0','bool');

--
-- Table structure for table `user_group_stage`
--

CREATE TABLE `user_group_stage` (
  `context_id` bigint NOT NULL,
  `user_group_id` bigint NOT NULL,
  `stage_id` bigint NOT NULL,
  UNIQUE KEY `user_group_stage_pkey` (`context_id`,`user_group_id`,`stage_id`),
  KEY `user_group_stage_context_id` (`context_id`),
  KEY `user_group_stage_user_group_id` (`user_group_id`),
  KEY `user_group_stage_stage_id` (`stage_id`)
) ENGINE=MyISAM DEFAULT CHARSET=latin1;

--
-- Dumping data for table `user_group_stage`
--

INSERT INTO `user_group_stage` VALUES (1,3,1),(1,3,3),(1,3,4),(1,3,5),(1,4,4),(1,4,5),(1,5,3),(1,5,4),(1,5,5),(1,6,1),(1,6,3),(1,6,4),(1,6,5),(1,7,4),(1,8,5),(1,9,1),(1,9,3),(1,10,5),(1,11,5),(1,12,4),(1,13,5),(1,14,1),(1,14,3),(1,14,4),(1,15,1),(1,15,3),(1,15,4),(1,16,3);

--
-- Table structure for table `user_groups`
--

CREATE TABLE `user_groups` (
  `user_group_id` bigint NOT NULL AUTO_INCREMENT,
  `context_id` bigint NOT NULL,
  `role_id` bigint NOT NULL,
  `is_default` tinyint NOT NULL DEFAULT '0',
  `show_title` tinyint NOT NULL DEFAULT '1',
  `permit_self_registration` tinyint NOT NULL DEFAULT '0',
  `permit_metadata_edit` tinyint NOT NULL DEFAULT '0',
  PRIMARY KEY (`user_group_id`),
  KEY `user_groups_user_group_id` (`user_group_id`),
  KEY `user_groups_context_id` (`context_id`),
  KEY `user_groups_role_id` (`role_id`)
) ENGINE=MyISAM AUTO_INCREMENT=19 DEFAULT CHARSET=latin1;

--
-- Dumping data for table `user_groups`
--

INSERT INTO `user_groups` VALUES (1,0,1,1,1,0,0),(2,1,16,1,0,0,1),(3,1,16,1,0,0,1),(4,1,16,1,0,0,1),(5,1,17,1,0,0,1),(6,1,17,1,0,0,0),(7,1,4097,1,0,0,0),(8,1,4097,1,0,0,0),(9,1,4097,1,0,0,0),(10,1,4097,1,0,0,0),(11,1,4097,1,0,0,0),(12,1,4097,1,0,0,0),(13,1,4097,1,0,0,0),(14,1,65536,1,0,1,0),(15,1,65536,1,0,0,0),(16,1,4096,1,0,1,0),(17,1,1048576,1,0,1,0),(18,1,2097152,1,0,0,0);

--
-- Table structure for table `user_interests`
--

CREATE TABLE `user_interests` (
  `user_id` bigint NOT NULL,
  `controlled_vocab_entry_id` bigint NOT NULL,
  UNIQUE KEY `u_e_pkey` (`user_id`,`controlled_vocab_entry_id`)
) ENGINE=MyISAM DEFAULT CHARSET=latin1;

--
-- Dumping data for table `user_interests`
--

INSERT INTO `user_interests` VALUES (3,318),(5,317),(6,317),(7,317),(8,319),(9,320),(10,321),(10,322),(11,323),(12,322),(12,324),(13,325),(14,326),(15,322),(15,327),(16,328),(17,329),(18,330),(18,331),(19,332),(19,333),(20,334),(21,335),(21,336),(22,337),(23,317),(24,319),(25,338),(25,339),(26,340),(27,341),(27,342),(28,317),(29,317),(30,317),(31,317),(32,343),(32,344),(33,325),(33,345),(34,346),(35,331),(36,347),(36,348),(37,317),(38,322),(38,349),(39,350),(39,351),(40,335),(40,352),(41,353),(41,354),(42,335),(42,355),(43,356),(43,357),(44,328),(44,332),(45,351),(45,358),(46,359),(47,360),(48,361),(49,317),(50,317),(51,504),(51,505),(51,506),(52,507),(52,508),(52,509),(55,504),(56,504),(62,1637),(63,1643),(66,1664),(67,318),(67,1677),(69,1678),(69,1679),(69,1680),(73,504),(76,2344),(76,2345),(76,2346),(76,2347),(76,2348),(82,504),(85,318),(86,318),(87,318),(88,1678),(88,1679),(90,6853),(94,1678),(94,6992),(94,6993),(94,6994),(95,6995),(95,6996),(95,6997),(95,6998),(97,7002),(98,7294),(99,504),(99,7310),(99,7311),(99,7312),(99,7313),(99,7314),(99,7315),(99,7316),(99,7317),(99,7318),(108,7415);

--
-- Table structure for table `user_settings`
--

CREATE TABLE `user_settings` (
  `user_id` bigint NOT NULL,
  `locale` varchar(14) NOT NULL DEFAULT '',
  `setting_name` varchar(255) NOT NULL,
  `assoc_type` bigint DEFAULT '0',
  `assoc_id` bigint DEFAULT '0',
  `setting_value` mediumtext,
  `setting_type` varchar(6) NOT NULL,
  UNIQUE KEY `user_settings_pkey` (`user_id`,`locale`,`setting_name`,`assoc_type`,`assoc_id`),
  KEY `user_settings_user_id` (`user_id`),
  KEY `user_settings_locale_setting_name_index` (`setting_name`,`locale`)
) ENGINE=MyISAM DEFAULT CHARSET=latin1;

--
-- Dumping data for table `user_settings`
--



--
-- Table structure for table `user_user_groups`
--

CREATE TABLE `user_user_groups` (
  `user_group_id` bigint NOT NULL,
  `user_id` bigint NOT NULL,
  UNIQUE KEY `user_user_groups_pkey` (`user_group_id`,`user_id`),
  KEY `user_user_groups_user_group_id` (`user_group_id`),
  KEY `user_user_groups_user_id` (`user_id`)
) ENGINE=MyISAM DEFAULT CHARSET=latin1;

--
-- Dumping data for table `user_user_groups`
--

INSERT INTO `user_user_groups` VALUES (1,1),(2,1),(2,2),(2,54),(3,2),(4,2),(5,2),(5,3),(5,4),(6,2),(7,2),(8,2),(9,2),(10,2),(11,2),(12,2),(13,2),(14,2),(14,23),(14,37),(14,51),(14,52),(14,53),(14,56),(14,57),(14,58),(14,59),(14,62),(14,64),(14,65),(14,70),(14,71),(14,72),(14,73),(14,74),(14,75),(14,76),(14,78),(14,87),(14,90),(14,91),(14,96),(14,98),(14,101),(14,103),(15,2),(16,1),(16,2),(16,3),(16,28),(16,29),(16,30),(16,31),(16,51),(16,52),(16,56),(16,59),(16,62),(16,63),(16,66),(16,67),(16,69),(16,71),(16,73),(16,76),(16,80),(16,82),(16,84),(16,85),(16,86),(16,87),(16,88),(16,90),(16,93),(16,94),(16,95),(16,97),(16,98),(16,99),(16,102),(16,105),(16,107),(16,108),(17,2),(17,5),(17,6),(17,7),(17,8),(17,9),(17,10),(17,11),(17,12),(17,13),(17,14),(17,15),(17,16),(17,17),(17,18),(17,19),(17,20),(17,21),(17,22),(17,23),(17,24),(17,25),(17,26),(17,27),(17,32),(17,33),(17,34),(17,35),(17,36),(17,37),(17,38),(17,39),(17,40),(17,41),(17,42),(17,43),(17,44),(17,45),(17,46),(17,47),(17,48),(17,49),(17,53),(17,57),(17,58),(17,60),(17,61),(17,64),(17,65),(17,68),(17,70),(17,72),(17,74),(17,75),(17,76),(17,77),(17,78),(17,79),(17,81),(17,83),(17,87),(17,89),(17,91),(17,92),(17,95),(17,96),(17,100),(17,101),(17,103),(17,104),(17,106),(18,2);

--
-- Table structure for table `versions`
--

CREATE TABLE `versions` (
  `major` int NOT NULL DEFAULT '0',
  `minor` int NOT NULL DEFAULT '0',
  `revision` int NOT NULL DEFAULT '0',
  `build` int NOT NULL DEFAULT '0',
  `date_installed` datetime NOT NULL,
  `current` tinyint NOT NULL DEFAULT '0',
  `product_type` varchar(30) DEFAULT NULL,
  `product` varchar(30) DEFAULT NULL,
  `product_class_name` varchar(80) DEFAULT NULL,
  `lazy_load` tinyint NOT NULL DEFAULT '0',
  `sitewide` tinyint NOT NULL DEFAULT '0',
  UNIQUE KEY `versions_pkey` (`product_type`,`product`,`major`,`minor`,`revision`,`build`)
) ENGINE=MyISAM DEFAULT CHARSET=latin1;

--
-- Dumping data for table `versions`
--

INSERT INTO `versions` VALUES (1,0,0,0,'2020-12-10 16:43:35',1,'plugins.metadata','nlm30','',0,0),(1,0,0,0,'2020-12-10 16:43:35',1,'plugins.metadata','openurl10','',0,0),(1,0,0,0,'2020-12-10 16:43:35',1,'plugins.metadata','mods34','',0,0),(1,0,0,0,'2020-12-10 16:43:35',1,'plugins.metadata','dc11','',0,0),(1,0,0,0,'2020-12-10 16:43:35',1,'plugins.auth','ldap','',0,0),(1,0,0,0,'2020-12-10 16:43:35',1,'plugins.blocks','user','UserBlockPlugin',1,0),(1,0,0,0,'2020-12-10 16:43:35',0,'plugins.blocks','subscription','SubscriptionBlockPlugin',1,0),(1,0,0,0,'2020-12-10 16:43:35',1,'plugins.blocks','keywordCloud','KeywordCloudBlockPlugin',1,0),(1,0,0,0,'2020-12-10 16:43:35',1,'plugins.blocks','notification','NotificationBlockPlugin',1,0),(1,0,0,0,'2020-12-10 16:43:35',1,'plugins.blocks','readingTools','ReadingToolsBlockPlugin',1,0),(1,0,0,0,'2020-12-10 16:43:35',1,'plugins.blocks','information','InformationBlockPlugin',1,0),(1,0,0,0,'2020-12-10 16:43:35',1,'plugins.blocks','navigation','NavigationBlockPlugin',1,0),(1,0,0,0,'2020-12-10 16:43:35',1,'plugins.blocks','relatedItems','RelatedItemsBlockPlugin',1,0),(1,0,0,0,'2020-12-10 16:43:35',1,'plugins.blocks','role','RoleBlockPlugin',1,0),(1,0,0,0,'2020-12-10 16:43:35',1,'plugins.blocks','authorBios','AuthorBiosBlockPlugin',1,0),(1,0,0,0,'2020-12-10 16:43:35',1,'plugins.blocks','help','HelpBlockPlugin',1,0),(1,0,0,0,'2020-12-10 16:43:35',1,'plugins.blocks','donation','DonationBlockPlugin',1,0),(1,0,0,0,'2020-12-10 16:43:35',1,'plugins.blocks','developedBy','DevelopedByBlockPlugin',1,0),(1,0,0,0,'2020-12-10 16:43:35',1,'plugins.blocks','languageToggle','LanguageToggleBlockPlugin',1,0),(1,0,0,0,'2020-12-10 16:43:35',1,'plugins.blocks','fontSize','FontSizeBlockPlugin',1,0),(1,0,1,0,'2020-12-10 14:52:28',1,'plugins.blocks','browse','BrowseBlockPlugin',1,0),(1,0,0,0,'2020-12-10 14:52:28',1,'plugins.generic','recommendByAuthor','RecommendByAuthorPlugin',1,1),(1,0,0,0,'2020-12-10 14:52:28',1,'plugins.generic','dublinCoreMeta','DublinCoreMetaPlugin',1,0),(1,0,0,0,'2020-12-10 14:52:28',1,'plugins.generic','htmlArticleGalley','HtmlArticleGalleyPlugin',1,0),(1,0,0,0,'2020-12-10 14:52:28',1,'plugins.blocks','makeSubmission','MakeSubmissionBlockPlugin',1,0),(1,0,0,0,'2020-12-10 16:43:35',1,'plugins.citationLookup','crossref','',0,0),(1,0,0,0,'2020-12-10 16:43:35',1,'plugins.citationLookup','isbndb','',0,0),(1,0,0,0,'2020-12-10 16:43:35',1,'plugins.citationLookup','pubmed','',0,0),(1,0,0,0,'2020-12-10 16:43:35',1,'plugins.citationLookup','worldcat','',0,0),(1,1,0,0,'2020-12-10 14:52:28',1,'plugins.blocks','subscription','SubscriptionBlockPlugin',1,0),(1,0,0,0,'2020-12-10 16:43:35',1,'plugins.citationParser','parscit','',0,0),(1,0,0,0,'2020-12-10 16:43:35',1,'plugins.citationParser','freecite','',0,0),(1,0,0,0,'2020-12-10 16:43:35',1,'plugins.citationParser','regex','',0,0),(1,0,0,0,'2020-12-10 16:43:35',1,'plugins.citationParser','paracite','',0,0),(1,0,0,0,'2020-12-10 16:43:35',1,'plugins.gateways','resolver','',0,0),(1,0,0,0,'2020-12-10 16:43:35',1,'plugins.gateways','metsGateway','',0,0),(1,0,0,0,'2020-12-10 16:43:35',1,'plugins.generic','thesis','ThesisPlugin',1,0),(1,0,0,0,'2020-12-10 16:43:35',1,'plugins.generic','thesisFeed','ThesisFeedPlugin',1,0),(1,0,0,0,'2020-12-10 16:43:35',1,'plugins.generic','usageStats','UsageStatsPlugin',0,1),(1,0,0,0,'2020-12-10 16:43:35',1,'plugins.generic','backup','BackupPlugin',1,0),(1,1,1,0,'2020-12-10 16:43:35',1,'plugins.generic','dataverse','DataversePlugin',1,0),(1,0,0,0,'2020-12-10 16:43:35',1,'plugins.generic','sehl','SehlPlugin',1,0),(1,0,0,0,'2020-12-10 16:43:35',1,'plugins.generic','referral','ReferralPlugin',1,0),(1,0,0,0,'2020-12-10 16:43:35',1,'plugins.generic','browse','BrowsePlugin',1,0),(1,0,0,0,'2020-12-10 16:43:35',1,'plugins.generic','piwik','PiwikPlugin',1,0),(1,2,0,0,'2020-12-10 16:43:35',1,'plugins.generic','staticPages','StaticPagesPlugin',1,0),(1,0,0,0,'2020-12-10 16:43:35',1,'plugins.generic','googleAnalytics','GoogleAnalyticsPlugin',1,0),(1,1,0,0,'2020-12-10 16:43:35',1,'plugins.generic','openAIRE','OpenAIREPlugin',1,0),(1,0,0,0,'2020-12-10 16:43:35',1,'plugins.generic','driver','DRIVERPlugin',1,0),(1,0,0,0,'2020-12-10 16:43:35',1,'plugins.generic','xmlGalley','XmlGalleyPlugin',1,0),(1,0,0,0,'2020-12-10 16:43:35',1,'plugins.generic','sword','SwordPlugin',1,0),(1,0,0,0,'2020-12-10 16:43:35',1,'plugins.generic','tinymce','TinyMCEPlugin',1,0),(1,0,0,0,'2020-12-10 16:43:35',0,'plugins.generic','pdfJsViewer','PdfJsViewerPlugin',1,0),(1,0,0,0,'2020-12-10 16:43:35',1,'plugins.generic','stopForumSpam','StopForumSpamPlugin',1,0),(1,0,0,0,'2020-12-10 16:43:35',1,'plugins.generic','objectsForReview','ObjectsForReviewPlugin',1,1),(1,0,0,0,'2020-12-10 16:43:35',1,'plugins.generic','googleViewer','GoogleViewerPlugin',1,0),(1,2,0,0,'2020-12-10 16:43:35',1,'plugins.generic','pln','PLNPlugin',1,0),(1,0,0,0,'2020-12-10 16:43:35',1,'plugins.generic','usageEvent','',0,0),(1,0,0,0,'2020-12-10 16:43:35',1,'plugins.generic','roundedCorners','RoundedCornersPlugin',1,0),(1,1,0,0,'2020-12-10 16:43:35',0,'plugins.generic','customBlockManager','CustomBlockManagerPlugin',1,0),(1,0,0,0,'2020-12-10 16:43:35',1,'plugins.generic','externalFeed','ExternalFeedPlugin',1,0),(1,0,0,0,'2020-12-10 16:43:35',1,'plugins.generic','booksForReview','BooksForReviewPlugin',1,0),(1,0,0,0,'2020-12-10 16:43:35',1,'plugins.generic','translator','TranslatorPlugin',1,1),(1,0,0,0,'2020-12-10 16:43:35',1,'plugins.generic','webFeed','WebFeedPlugin',1,0),(1,0,0,0,'2020-12-10 16:43:35',1,'plugins.generic','customLocale','CustomLocalePlugin',1,0),(1,0,0,0,'2020-12-10 16:43:35',1,'plugins.generic','lucene','LucenePlugin',1,1),(1,0,0,0,'2020-12-10 16:43:35',1,'plugins.generic','announcementFeed','AnnouncementFeedPlugin',1,0),(1,0,0,0,'2020-12-10 16:43:35',1,'plugins.generic','phpMyVisites','PhpMyVisitesPlugin',1,0),(1,0,0,0,'2020-12-10 16:43:35',1,'plugins.generic','coins','CoinsPlugin',1,0),(1,1,0,0,'2020-12-10 16:43:35',0,'plugins.generic','acron','AcronPlugin',1,1),(1,0,0,0,'2020-12-10 16:43:35',1,'plugins.implicitAuth','shibboleth','',0,1),(1,0,0,0,'2020-12-10 16:43:35',1,'plugins.importexport','native','',0,0),(1,0,0,0,'2020-12-10 16:43:35',1,'plugins.importexport','users','',0,0),(1,0,0,0,'2020-12-10 16:43:35',1,'plugins.importexport','erudit','',0,0),(1,0,0,0,'2020-12-10 16:43:35',0,'plugins.importexport','doaj','',0,0),(1,0,0,0,'2020-12-10 16:43:35',1,'plugins.importexport','duracloud','',0,0),(1,0,0,0,'2020-12-10 16:43:35',1,'plugins.importexport','pubIds','',0,0),(1,0,0,0,'2020-12-10 16:43:35',0,'plugins.importexport','datacite','',0,0),(1,0,0,0,'2020-12-10 16:43:35',1,'plugins.importexport','quickSubmit','',0,0),(1,0,0,0,'2020-12-10 16:43:35',1,'plugins.importexport','mets','',0,0),(1,0,0,0,'2020-12-10 16:43:35',1,'plugins.importexport','pubmed','',0,0),(1,0,0,0,'2020-12-10 16:43:35',0,'plugins.importexport','medra','',0,0),(1,0,0,0,'2020-12-10 16:43:35',1,'plugins.oaiMetadataFormats','dc','',0,0),(1,0,0,0,'2020-12-10 16:43:35',1,'plugins.oaiMetadataFormats','rfc1807','',0,0),(1,0,0,0,'2020-12-10 16:43:35',1,'plugins.oaiMetadataFormats','nlm','',0,0),(1,0,0,0,'2020-12-10 16:43:35',1,'plugins.oaiMetadataFormats','marc','',0,0),(1,0,0,0,'2020-12-10 16:43:35',1,'plugins.oaiMetadataFormats','marcxml','',0,0),(1,0,0,0,'2020-12-10 16:43:35',1,'plugins.paymethod','paypal','',0,0),(1,0,0,0,'2020-12-10 16:43:35',1,'plugins.paymethod','manual','',0,0),(1,0,0,0,'2020-12-10 16:43:35',1,'plugins.pubIds','urn','URNPubIdPlugin',1,0),(1,0,0,0,'2020-12-10 16:43:35',1,'plugins.pubIds','doi','DOIPubIdPlugin',1,0),(1,0,0,0,'2020-12-10 16:43:35',1,'plugins.reports','reviews','',0,0),(1,0,0,0,'2020-12-10 16:43:35',1,'plugins.reports','articles','',0,0),(1,0,0,0,'2020-12-10 16:43:35',1,'plugins.reports','views','',0,0),(1,0,0,0,'2020-12-10 16:43:35',1,'plugins.reports','subscriptions','',0,0),(1,1,0,0,'2020-12-10 16:43:35',1,'plugins.reports','counterReport','',0,0),(1,0,0,0,'2020-12-10 16:43:35',1,'plugins.reports','timedViewReport','',0,0),(1,0,0,0,'2020-12-10 16:43:35',1,'plugins.themes','uncommon','',1,0),(1,0,0,0,'2020-12-10 16:43:35',1,'plugins.themes','night','',1,0),(1,0,0,0,'2020-12-10 16:43:35',1,'plugins.themes','redbar','',1,0),(1,0,0,0,'2020-12-10 16:43:35',1,'plugins.themes','classicNavy','',1,0),(1,0,0,0,'2020-12-10 16:43:35',1,'plugins.themes','classicBrown','',1,0),(1,0,0,0,'2020-12-10 16:43:35',1,'plugins.themes','custom','',1,0),(1,0,0,0,'2020-12-10 16:43:35',1,'plugins.themes','steel','',1,0),(1,0,0,0,'2020-12-10 16:43:35',1,'plugins.themes','blueSteel','',1,0),(1,0,0,0,'2020-12-10 16:43:35',1,'plugins.themes','classicBlue','',1,0),(1,0,0,0,'2020-12-10 16:43:35',1,'plugins.themes','classicGreen','',1,0),(1,0,0,0,'2020-12-10 16:43:35',1,'plugins.themes','vanilla','',1,0),(1,0,0,0,'2020-12-10 16:43:35',1,'plugins.themes','lilac','',1,0),(1,0,0,0,'2020-12-10 16:43:35',1,'plugins.themes','classicRed','',1,0),(1,0,0,0,'2020-12-10 16:43:35',1,'plugins.themes','desert','',1,0),(2,4,8,3,'2020-12-10 16:43:26',0,'core','ojs2','',0,1),(1,0,1,0,'2020-12-10 14:52:28',1,'plugins.generic','pdfJsViewer','PdfJsViewerPlugin',1,0),(1,2,0,0,'2020-12-10 14:52:28',1,'plugins.generic','customBlockManager','CustomBlockManagerPlugin',1,0),(1,1,2,4,'2020-12-10 14:52:28',1,'plugins.generic','orcidProfile','OrcidProfilePlugin',1,0),(1,1,0,0,'2020-12-10 14:52:28',1,'plugins.generic','googleScholar','GoogleScholarPlugin',1,0),(1,2,0,0,'2020-12-10 14:52:28',1,'plugins.generic','acron','AcronPlugin',1,1),(1,0,0,0,'2020-12-10 14:52:28',1,'plugins.generic','recommendBySimilarity','RecommendBySimilarityPlugin',1,1),(0,1,0,0,'2020-12-10 14:52:28',1,'plugins.generic','citationStyleLanguage','CitationStyleLanguagePlugin',1,0),(1,0,0,0,'2020-12-10 14:52:28',1,'plugins.generic','lensGalley','LensGalleyPlugin',1,0),(2,1,0,0,'2020-12-10 14:52:28',1,'plugins.importexport','crossref','',0,0),(1,1,0,0,'2020-12-10 14:52:28',1,'plugins.importexport','doaj','',0,0),(2,0,0,0,'2020-12-10 14:52:28',1,'plugins.importexport','datacite','',0,0),(2,0,0,0,'2020-12-10 14:52:28',1,'plugins.importexport','medra','',0,0),(2,0,0,0,'2020-12-10 14:52:28',1,'plugins.reports','reviewReport','',0,0),(1,0,0,0,'2020-12-10 14:52:28',1,'plugins.themes','default','DefaultThemePlugin',1,0),(3,2,1,1,'2020-12-10 14:51:48',1,'core','ojs2','',0,1);


